{"id":227277,"date":"2026-03-04T06:33:18","date_gmt":"2026-03-04T05:33:18","guid":{"rendered":"https:\/\/grupotextil.es\/producto\/3508-pantalon-termico\/"},"modified":"2026-04-26T04:05:35","modified_gmt":"2026-04-26T02:05:35","slug":"3508-pantalon-termico","status":"publish","type":"product","link":"https:\/\/grupotextil.es\/en\/product\/3508-pantalon-termico\/","title":{"rendered":"3508 PANTAL\u00d3N T\u00c9RMICO"},"content":{"rendered":"<p>Pantal\u00f3n t\u00e9rmico en lana Merino que mantiene el cuerpo c\u00e1lido y seco en condiciones clim\u00e1ticas fr\u00edas. Tejido suave y el\u00e1stico para una mayor libertad de movimientos.<\/p>\n<p><strong>Composici\u00f3n:<\/strong> Tejido 1: 100% Lana Merino  Tejido 2: 94% poli\u00e9ster, 6% poliamida | <strong>Peso:<\/strong> 200 g\/m\u00b2 | <strong>Tallas:<\/strong> XS-4XL<\/p>","protected":false},"excerpt":{"rendered":"<p>Pantal\u00f3n t\u00e9rmico en lana Merino que mantiene el cuerpo c\u00e1lido y seco en condiciones clim\u00e1ticas fr\u00edas. Tejido suave y el\u00e1stico para una mayor libertad de movimientos.<\/p>","protected":false},"featured_media":235081,"comment_status":"open","ping_status":"closed","template":"","meta":{"_acf_changed":false},"product_brand":[10531],"product_cat":[13983],"product_tag":[],"class_list":{"0":"post-227277","1":"product","2":"type-product","3":"status-publish","4":"has-post-thumbnail","6":"product_brand-projob","7":"product_cat-h-pantalones","8":"tm-no-options","10":"first","11":"instock","12":"taxable","13":"shipping-taxable","14":"product-type-variable"},"acf":[],"_links":{"self":[{"href":"https:\/\/grupotextil.es\/en\/wp-json\/wp\/v2\/product\/227277","targetHints":{"allow":["GET"]}}],"collection":[{"href":"https:\/\/grupotextil.es\/en\/wp-json\/wp\/v2\/product"}],"about":[{"href":"https:\/\/grupotextil.es\/en\/wp-json\/wp\/v2\/types\/product"}],"replies":[{"embeddable":true,"href":"https:\/\/grupotextil.es\/en\/wp-json\/wp\/v2\/comments?post=227277"}],"wp:featuredmedia":[{"embeddable":true,"href":"https:\/\/grupotextil.es\/en\/wp-json\/wp\/v2\/media\/235081"}],"wp:attachment":[{"href":"https:\/\/grupotextil.es\/en\/wp-json\/wp\/v2\/media?parent=227277"}],"wp:term":[{"taxonomy":"product_brand","embeddable":true,"href":"https:\/\/grupotextil.es\/en\/wp-json\/wp\/v2\/product_brand?post=227277"},{"taxonomy":"product_cat","embeddable":true,"href":"https:\/\/grupotextil.es\/en\/wp-json\/wp\/v2\/product_cat?post=227277"},{"taxonomy":"product_tag","embeddable":true,"href":"https:\/\/grupotextil.es\/en\/wp-json\/wp\/v2\/product_tag?post=227277"}],"curies":[{"name":"wp","href":"https:\/\/api.w.org\/{rel}","templated":true}]}}

3508 PANTALÓN TÉRMICO

<p>Pantalón térmico en lana Merino que mantiene el cuerpo cálido y seco en condiciones climáticas frías. Tejido suave y elástico para una mayor libertad de movimientos.</p>
<p><strong>Composición:</strong> Tejido 1: 100% Lana Merino  Tejido 2: 94% poliéster, 6% poliamida | <strong>Peso:</strong> 200 g/m² | <strong>Tallas:</strong> XS-4XL</p>

<p>Pantalón térmico en lana Merino que mantiene el cuerpo cálido y seco en condiciones climáticas frías. Tejido suave y elástico para una mayor libertad de movimientos.</p>
