{"id":227452,"date":"2026-03-04T06:34:59","date_gmt":"2026-03-04T05:34:59","guid":{"rendered":"https:\/\/grupotextil.es\/producto\/prime-polo-lady\/"},"modified":"2026-04-26T04:05:36","modified_gmt":"2026-04-26T02:05:36","slug":"prime-polo-lady","status":"publish","type":"product","link":"https:\/\/grupotextil.es\/en\/product\/prime-polo-lady\/","title":{"rendered":"Prime Polo Lady"},"content":{"rendered":"<p>Piqu\u00e9 bicolor con 3 botones y ribetes a contraste en el cuello. Cinta a contraste en el cuello y en las aberturas laterales. Etiqueta en el cuello f\u00e1cil de quitar y etiqueta con talla por separado. Certificado Oeko-Tex 100. Este art\u00edculo se presenta en una bolsa de polietileno biodegradable y compostable.<\/p>\n<p><strong>Composici\u00f3n:<\/strong> 60% algod\u00f3n org\u00e1nico, 40% poli\u00e9ster reciclado, 200 g\/m\u00b2 | <strong>Peso:<\/strong> 200 g\/m\u00b2 | <strong>Tallas:<\/strong> XS-XXL<\/p>","protected":false},"excerpt":{"rendered":"<p>Piqu\u00e9 bicolor con 3 botones y ribetes a contraste en el cuello. Cinta a contraste en el cuello y en las aberturas laterales. Etiqueta en el cuello f\u00e1cil de quitar y etiqueta con talla por separado. Certificado Oeko-Tex 100. Este art\u00edculo se presenta<\/p>","protected":false},"featured_media":235184,"comment_status":"open","ping_status":"closed","template":"","meta":{"_acf_changed":false},"product_brand":[10586],"product_cat":[13979],"product_tag":[],"class_list":{"0":"post-227452","1":"product","2":"type-product","3":"status-publish","4":"has-post-thumbnail","6":"product_brand-printer-prime","7":"product_cat-h-polos","8":"tm-no-options","10":"first","11":"instock","12":"taxable","13":"shipping-taxable","14":"product-type-variable"},"acf":[],"_links":{"self":[{"href":"https:\/\/grupotextil.es\/en\/wp-json\/wp\/v2\/product\/227452","targetHints":{"allow":["GET"]}}],"collection":[{"href":"https:\/\/grupotextil.es\/en\/wp-json\/wp\/v2\/product"}],"about":[{"href":"https:\/\/grupotextil.es\/en\/wp-json\/wp\/v2\/types\/product"}],"replies":[{"embeddable":true,"href":"https:\/\/grupotextil.es\/en\/wp-json\/wp\/v2\/comments?post=227452"}],"wp:featuredmedia":[{"embeddable":true,"href":"https:\/\/grupotextil.es\/en\/wp-json\/wp\/v2\/media\/235184"}],"wp:attachment":[{"href":"https:\/\/grupotextil.es\/en\/wp-json\/wp\/v2\/media?parent=227452"}],"wp:term":[{"taxonomy":"product_brand","embeddable":true,"href":"https:\/\/grupotextil.es\/en\/wp-json\/wp\/v2\/product_brand?post=227452"},{"taxonomy":"product_cat","embeddable":true,"href":"https:\/\/grupotextil.es\/en\/wp-json\/wp\/v2\/product_cat?post=227452"},{"taxonomy":"product_tag","embeddable":true,"href":"https:\/\/grupotextil.es\/en\/wp-json\/wp\/v2\/product_tag?post=227452"}],"curies":[{"name":"wp","href":"https:\/\/api.w.org\/{rel}","templated":true}]}}

<p>Piqué bicolor con 3 botones y ribetes a contraste en el cuello. Cinta a contraste en el cuello y en las aberturas laterales. Etiqueta en el cuello fácil de quitar y etiqueta con talla por separado. Certificado Oeko-Tex 100. Este artículo se presenta en una bolsa de polietileno biodegradable y compostable.</p>
<p><strong>Composición:</strong> 60% algodón orgánico, 40% poliéster reciclado, 200 g/m² | <strong>Peso:</strong> 200 g/m² | <strong>Tallas:</strong> XS-XXL</p>

<p>Piqué bicolor con 3 botones y ribetes a contraste en el cuello. Cinta a contraste en el cuello y en las aberturas laterales. Etiqueta en el cuello fácil de quitar y etiqueta con talla por separado. Certificado Oeko-Tex 100. Este artículo se presenta</p>
