{"id":227563,"date":"2026-03-04T06:36:09","date_gmt":"2026-03-04T05:36:09","guid":{"rendered":"https:\/\/grupotextil.es\/producto\/premium-oc-hoody\/"},"modified":"2026-04-26T04:05:37","modified_gmt":"2026-04-26T02:05:37","slug":"premium-oc-hoody","status":"publish","type":"product","link":"https:\/\/grupotextil.es\/en\/product\/premium-oc-hoody\/","title":{"rendered":"Premium OC Hoody"},"content":{"rendered":"<p>Sudadera con capucha en algod\u00f3n org\u00e1nico y poli\u00e9ster reciclado. Dos bolsillos frontales con cremalleras YKK. Cord\u00f3n en capucha con detalle en metal para un look contempor\u00e1neo. CVC French Terry, cuello herringbone y canal\u00e9 en cintura y pu\u00f1os. Canal\u00e9 el\u00e1stico 1&#215;1. Bolsillos con soluci\u00f3n para auriculares.<\/p>\n<p><strong>Composici\u00f3n:<\/strong> 85% Algod\u00f3n org\u00e1nico \/ 15% Poli\u00e9ster reciclado | <strong>Peso:<\/strong> 300 g\/m2 | <strong>Tallas:<\/strong> XS-4XL (925, 955: XS-3XL)<\/p>","protected":false},"excerpt":{"rendered":"<p>Sudadera con capucha en algod\u00f3n org\u00e1nico y poli\u00e9ster reciclado. Dos bolsillos frontales con cremalleras YKK. Cord\u00f3n en capucha con detalle en metal para un look contempor\u00e1neo. CVC French Terry, cuello herringbone y canal\u00e9 en cintura y pu\u00f1os. Canal\u00e9 e<\/p>","protected":false},"featured_media":235246,"comment_status":"open","ping_status":"closed","template":"","meta":{"_acf_changed":false},"product_brand":[10446],"product_cat":[13980],"product_tag":[],"class_list":{"0":"post-227563","1":"product","2":"type-product","3":"status-publish","4":"has-post-thumbnail","6":"product_brand-clique","7":"product_cat-h-sudaderas","8":"tm-no-options","10":"first","11":"instock","12":"taxable","13":"shipping-taxable","14":"product-type-variable"},"acf":[],"_links":{"self":[{"href":"https:\/\/grupotextil.es\/en\/wp-json\/wp\/v2\/product\/227563","targetHints":{"allow":["GET"]}}],"collection":[{"href":"https:\/\/grupotextil.es\/en\/wp-json\/wp\/v2\/product"}],"about":[{"href":"https:\/\/grupotextil.es\/en\/wp-json\/wp\/v2\/types\/product"}],"replies":[{"embeddable":true,"href":"https:\/\/grupotextil.es\/en\/wp-json\/wp\/v2\/comments?post=227563"}],"wp:featuredmedia":[{"embeddable":true,"href":"https:\/\/grupotextil.es\/en\/wp-json\/wp\/v2\/media\/235246"}],"wp:attachment":[{"href":"https:\/\/grupotextil.es\/en\/wp-json\/wp\/v2\/media?parent=227563"}],"wp:term":[{"taxonomy":"product_brand","embeddable":true,"href":"https:\/\/grupotextil.es\/en\/wp-json\/wp\/v2\/product_brand?post=227563"},{"taxonomy":"product_cat","embeddable":true,"href":"https:\/\/grupotextil.es\/en\/wp-json\/wp\/v2\/product_cat?post=227563"},{"taxonomy":"product_tag","embeddable":true,"href":"https:\/\/grupotextil.es\/en\/wp-json\/wp\/v2\/product_tag?post=227563"}],"curies":[{"name":"wp","href":"https:\/\/api.w.org\/{rel}","templated":true}]}}

<p>Sudadera con capucha en algodón orgánico y poliéster reciclado. Dos bolsillos frontales con cremalleras YKK. Cordón en capucha con detalle en metal para un look contemporáneo. CVC French Terry, cuello herringbone y canalé en cintura y puños. Canalé elástico 1&#215;1. Bolsillos con solución para auriculares.</p>
<p><strong>Composición:</strong> 85% Algodón orgánico / 15% Poliéster reciclado | <strong>Peso:</strong> 300 g/m2 | <strong>Tallas:</strong> XS-4XL (925, 955: XS-3XL)</p>

<p>Sudadera con capucha en algodón orgánico y poliéster reciclado. Dos bolsillos frontales con cremalleras YKK. Cordón en capucha con detalle en metal para un look contemporáneo. CVC French Terry, cuello herringbone y canalé en cintura y puños. Canalé e</p>
