{"id":227643,"date":"2026-03-04T06:36:54","date_gmt":"2026-03-04T05:36:54","guid":{"rendered":"https:\/\/grupotextil.es\/producto\/danville\/"},"modified":"2026-04-26T04:05:37","modified_gmt":"2026-04-26T02:05:37","slug":"danville","status":"publish","type":"product","link":"https:\/\/grupotextil.es\/en\/product\/danville\/","title":{"rendered":"Danville"},"content":{"rendered":"<p>Sudadera t\u00e9cnica transpirable con capucha ajustable y bolsillo frontal. Dobladillo el\u00e1stico en cintura y pu\u00f1os. Costuras remalladas y forro interior en capucha.<\/p>\n<p><strong>Composici\u00f3n:<\/strong> 100% Poli\u00e9ster perchado en el interior | <strong>Peso:<\/strong> 230 g\/m2 | <strong>Tallas:<\/strong> XS (35: XS-XL) (55: XS-XXL)<\/p>","protected":false},"excerpt":{"rendered":"<p>Sudadera t\u00e9cnica transpirable con capucha ajustable y bolsillo frontal. Dobladillo el\u00e1stico en cintura y pu\u00f1os. Costuras remalladas y forro interior en capucha.<\/p>","protected":false},"featured_media":235293,"comment_status":"open","ping_status":"closed","template":"","meta":{"_acf_changed":false},"product_brand":[10446],"product_cat":[13980],"product_tag":[],"class_list":{"0":"post-227643","1":"product","2":"type-product","3":"status-publish","4":"has-post-thumbnail","6":"product_brand-clique","7":"product_cat-h-sudaderas","8":"tm-no-options","10":"first","11":"instock","12":"taxable","13":"shipping-taxable","14":"product-type-variable"},"acf":[],"_links":{"self":[{"href":"https:\/\/grupotextil.es\/en\/wp-json\/wp\/v2\/product\/227643","targetHints":{"allow":["GET"]}}],"collection":[{"href":"https:\/\/grupotextil.es\/en\/wp-json\/wp\/v2\/product"}],"about":[{"href":"https:\/\/grupotextil.es\/en\/wp-json\/wp\/v2\/types\/product"}],"replies":[{"embeddable":true,"href":"https:\/\/grupotextil.es\/en\/wp-json\/wp\/v2\/comments?post=227643"}],"wp:featuredmedia":[{"embeddable":true,"href":"https:\/\/grupotextil.es\/en\/wp-json\/wp\/v2\/media\/235293"}],"wp:attachment":[{"href":"https:\/\/grupotextil.es\/en\/wp-json\/wp\/v2\/media?parent=227643"}],"wp:term":[{"taxonomy":"product_brand","embeddable":true,"href":"https:\/\/grupotextil.es\/en\/wp-json\/wp\/v2\/product_brand?post=227643"},{"taxonomy":"product_cat","embeddable":true,"href":"https:\/\/grupotextil.es\/en\/wp-json\/wp\/v2\/product_cat?post=227643"},{"taxonomy":"product_tag","embeddable":true,"href":"https:\/\/grupotextil.es\/en\/wp-json\/wp\/v2\/product_tag?post=227643"}],"curies":[{"name":"wp","href":"https:\/\/api.w.org\/{rel}","templated":true}]}}

<p>Sudadera técnica transpirable con capucha ajustable y bolsillo frontal. Dobladillo elástico en cintura y puños. Costuras remalladas y forro interior en capucha.</p>
<p><strong>Composición:</strong> 100% Poliéster perchado en el interior | <strong>Peso:</strong> 230 g/m2 | <strong>Tallas:</strong> XS (35: XS-XL) (55: XS-XXL)</p>

<p>Sudadera técnica transpirable con capucha ajustable y bolsillo frontal. Dobladillo elástico en cintura y puños. Costuras remalladas y forro interior en capucha.</p>
