{"id":228023,"date":"2026-03-04T06:40:34","date_gmt":"2026-03-04T05:40:34","guid":{"rendered":"https:\/\/grupotextil.es\/producto\/lindy\/"},"modified":"2026-04-26T04:05:39","modified_gmt":"2026-04-26T02:05:39","slug":"lindy","status":"publish","type":"product","link":"https:\/\/grupotextil.es\/en\/product\/lindy\/","title":{"rendered":"Lindy"},"content":{"rendered":"<p>Parka acolchada para mujer. Capucha extra\u00edble y ajustable forrada con tejido suave. Bolsillo en el pecho con cremallera y dos bolsillos frontales con imanes. Dos bolsillos interiores con cremallera y dos bolsillos interiores de malla. Interior acolchado y cord\u00f3n en cintura y bajo. Pu\u00f1os ajustables con velcro con pu\u00f1o interior de canal\u00e9 2&#215;2 en manga. Incluye una soluci\u00f3n para auriculares y una cremallera bordada. Este modelo queda perfecto junto con la parka Creston o Eskie.<\/p>\n<p><strong>Composici\u00f3n:<\/strong> 100% Nylon; full dull taslon; 70D*320D + PU revestimiento transparente. WP 5000\/MVP 3000 | <strong>Tallas:<\/strong> XS-XXL<\/p>","protected":false},"excerpt":{"rendered":"<p>Parka acolchada para mujer. Capucha extra\u00edble y ajustable forrada con tejido suave. Bolsillo en el pecho con cremallera y dos bolsillos frontales con imanes. Dos bolsillos interiores con cremallera y dos bolsillos interiores de malla. Interior acolch<\/p>","protected":false},"featured_media":235498,"comment_status":"open","ping_status":"closed","template":"","meta":{"_acf_changed":false},"product_brand":[10446],"product_cat":[13998],"product_tag":[],"class_list":{"0":"post-228023","1":"product","2":"type-product","3":"status-publish","4":"has-post-thumbnail","6":"product_brand-clique","7":"product_cat-n-chaquetas","8":"tm-no-options","10":"first","11":"instock","12":"taxable","13":"shipping-taxable","14":"product-type-variable"},"acf":[],"_links":{"self":[{"href":"https:\/\/grupotextil.es\/en\/wp-json\/wp\/v2\/product\/228023","targetHints":{"allow":["GET"]}}],"collection":[{"href":"https:\/\/grupotextil.es\/en\/wp-json\/wp\/v2\/product"}],"about":[{"href":"https:\/\/grupotextil.es\/en\/wp-json\/wp\/v2\/types\/product"}],"replies":[{"embeddable":true,"href":"https:\/\/grupotextil.es\/en\/wp-json\/wp\/v2\/comments?post=228023"}],"wp:featuredmedia":[{"embeddable":true,"href":"https:\/\/grupotextil.es\/en\/wp-json\/wp\/v2\/media\/235498"}],"wp:attachment":[{"href":"https:\/\/grupotextil.es\/en\/wp-json\/wp\/v2\/media?parent=228023"}],"wp:term":[{"taxonomy":"product_brand","embeddable":true,"href":"https:\/\/grupotextil.es\/en\/wp-json\/wp\/v2\/product_brand?post=228023"},{"taxonomy":"product_cat","embeddable":true,"href":"https:\/\/grupotextil.es\/en\/wp-json\/wp\/v2\/product_cat?post=228023"},{"taxonomy":"product_tag","embeddable":true,"href":"https:\/\/grupotextil.es\/en\/wp-json\/wp\/v2\/product_tag?post=228023"}],"curies":[{"name":"wp","href":"https:\/\/api.w.org\/{rel}","templated":true}]}}

<p>Parka acolchada para mujer. Capucha extraíble y ajustable forrada con tejido suave. Bolsillo en el pecho con cremallera y dos bolsillos frontales con imanes. Dos bolsillos interiores con cremallera y dos bolsillos interiores de malla. Interior acolchado y cordón en cintura y bajo. Puños ajustables con velcro con puño interior de canalé 2&#215;2 en manga. Incluye una solución para auriculares y una cremallera bordada. Este modelo queda perfecto junto con la parka Creston o Eskie.</p>
<p><strong>Composición:</strong> 100% Nylon; full dull taslon; 70D*320D + PU revestimiento transparente. WP 5000/MVP 3000 | <strong>Tallas:</strong> XS-XXL</p>

<p>Parka acolchada para mujer. Capucha extraíble y ajustable forrada con tejido suave. Bolsillo en el pecho con cremallera y dos bolsillos frontales con imanes. Dos bolsillos interiores con cremallera y dos bolsillos interiores de malla. Interior acolch</p>
