{"id":228268,"date":"2026-03-04T06:43:03","date_gmt":"2026-03-04T05:43:03","guid":{"rendered":"https:\/\/grupotextil.es\/producto\/city-backpack\/"},"modified":"2026-04-26T04:05:41","modified_gmt":"2026-04-26T02:05:41","slug":"city-backpack","status":"publish","type":"product","link":"https:\/\/grupotextil.es\/en\/product\/city-backpack\/","title":{"rendered":"City Backpack"},"content":{"rendered":"<p>Mochila con un sinf\u00edn de posibilidades. Gran espacio de almacenaje con compartimento para ordenador de 15&#8243; o tablet. Compartimento frontal con organizador. Bolsillo trasero con cremallera para mayor seguridad. Cremalleras TPU con tiradores reflectantes. Dimensiones y volumen: 34,5x47x15,5cm \u2248 25 l<\/p>\n<p><strong>Composici\u00f3n:<\/strong> Exterior: 300D poli\u00e9ster, Forro: 210D poli\u00e9ster PU, Fondo: 1680D poli\u00e9ster. | <strong>Tallas:<\/strong> UD<\/p>","protected":false},"excerpt":{"rendered":"<p>Mochila con un sinf\u00edn de posibilidades. Gran espacio de almacenaje con compartimento para ordenador de 15&#8243; o tablet. Compartimento frontal con organizador. Bolsillo trasero con cremallera para mayor seguridad. Cremalleras TPU con tiradores reflectant<\/p>","protected":false},"featured_media":235630,"comment_status":"open","ping_status":"closed","template":"","meta":{"_acf_changed":false},"product_brand":[10446],"product_cat":[15146],"product_tag":[],"class_list":{"0":"post-228268","1":"product","2":"type-product","3":"status-publish","4":"has-post-thumbnail","6":"product_brand-clique","7":"product_cat-bolsas","8":"tm-no-options","10":"first","11":"instock","12":"taxable","13":"shipping-taxable","14":"product-type-variable"},"acf":[],"_links":{"self":[{"href":"https:\/\/grupotextil.es\/en\/wp-json\/wp\/v2\/product\/228268","targetHints":{"allow":["GET"]}}],"collection":[{"href":"https:\/\/grupotextil.es\/en\/wp-json\/wp\/v2\/product"}],"about":[{"href":"https:\/\/grupotextil.es\/en\/wp-json\/wp\/v2\/types\/product"}],"replies":[{"embeddable":true,"href":"https:\/\/grupotextil.es\/en\/wp-json\/wp\/v2\/comments?post=228268"}],"wp:featuredmedia":[{"embeddable":true,"href":"https:\/\/grupotextil.es\/en\/wp-json\/wp\/v2\/media\/235630"}],"wp:attachment":[{"href":"https:\/\/grupotextil.es\/en\/wp-json\/wp\/v2\/media?parent=228268"}],"wp:term":[{"taxonomy":"product_brand","embeddable":true,"href":"https:\/\/grupotextil.es\/en\/wp-json\/wp\/v2\/product_brand?post=228268"},{"taxonomy":"product_cat","embeddable":true,"href":"https:\/\/grupotextil.es\/en\/wp-json\/wp\/v2\/product_cat?post=228268"},{"taxonomy":"product_tag","embeddable":true,"href":"https:\/\/grupotextil.es\/en\/wp-json\/wp\/v2\/product_tag?post=228268"}],"curies":[{"name":"wp","href":"https:\/\/api.w.org\/{rel}","templated":true}]}}

<p>Mochila con un sinfín de posibilidades. Gran espacio de almacenaje con compartimento para ordenador de 15&#8243; o tablet. Compartimento frontal con organizador. Bolsillo trasero con cremallera para mayor seguridad. Cremalleras TPU con tiradores reflectantes. Dimensiones y volumen: 34,5x47x15,5cm ≈ 25 l</p>
<p><strong>Composición:</strong> Exterior: 300D poliéster, Forro: 210D poliéster PU, Fondo: 1680D poliéster. | <strong>Tallas:</strong> UD</p>

<p>Mochila con un sinfín de posibilidades. Gran espacio de almacenaje con compartimento para ordenador de 15&#8243; o tablet. Compartimento frontal con organizador. Bolsillo trasero con cremallera para mayor seguridad. Cremalleras TPU con tiradores reflectant</p>
