{"id":228721,"date":"2026-03-04T06:48:26","date_gmt":"2026-03-04T05:48:26","guid":{"rendered":"https:\/\/grupotextil.es\/producto\/harper\/"},"modified":"2026-04-26T04:05:43","modified_gmt":"2026-04-26T02:05:43","slug":"harper","status":"publish","type":"product","link":"https:\/\/grupotextil.es\/en\/product\/harper\/","title":{"rendered":"Harper"},"content":{"rendered":"<p>Sudadera con capucha afelpada. Bolsillo tipo canguro con soluci\u00f3n para auriculares y bolsillo escondido en costura lateral, Mangas raglan y canal\u00e9 en elastano 2&#215;2 en los costados, pu\u00f1os y cintura. Ojal met\u00e1lico en cord\u00f3n plano, cuello de sarga.<\/p>\n<p><strong>Composici\u00f3n:<\/strong> 80% Algod\u00f3n 20% Poli\u00e9ster. (Gris marengo [95] 85% algod\u00f3n 15%<br \/>\nviscosa). | <strong>Peso:<\/strong> 335 g\/m2 | <strong>Tallas:<\/strong> XS-3XL<\/p>","protected":false},"excerpt":{"rendered":"<p>Sudadera con capucha afelpada. Bolsillo tipo canguro con soluci\u00f3n para auriculares y bolsillo escondido en costura lateral, Mangas raglan y canal\u00e9 en elastano 2&#215;2 en los costados, pu\u00f1os y cintura. Ojal met\u00e1lico en cord\u00f3n plano, cuello de sarga.<\/p>","protected":false},"featured_media":235860,"comment_status":"open","ping_status":"closed","template":"","meta":{"_acf_changed":false},"product_brand":[10446],"product_cat":[15137,13980],"product_tag":[],"class_list":{"0":"post-228721","1":"product","2":"type-product","3":"status-publish","4":"has-post-thumbnail","6":"product_brand-clique","7":"product_cat-hombre-unisex-mujer","8":"product_cat-h-sudaderas","9":"tm-no-options","11":"first","12":"instock","13":"taxable","14":"shipping-taxable","15":"product-type-variable"},"acf":[],"_links":{"self":[{"href":"https:\/\/grupotextil.es\/en\/wp-json\/wp\/v2\/product\/228721","targetHints":{"allow":["GET"]}}],"collection":[{"href":"https:\/\/grupotextil.es\/en\/wp-json\/wp\/v2\/product"}],"about":[{"href":"https:\/\/grupotextil.es\/en\/wp-json\/wp\/v2\/types\/product"}],"replies":[{"embeddable":true,"href":"https:\/\/grupotextil.es\/en\/wp-json\/wp\/v2\/comments?post=228721"}],"wp:featuredmedia":[{"embeddable":true,"href":"https:\/\/grupotextil.es\/en\/wp-json\/wp\/v2\/media\/235860"}],"wp:attachment":[{"href":"https:\/\/grupotextil.es\/en\/wp-json\/wp\/v2\/media?parent=228721"}],"wp:term":[{"taxonomy":"product_brand","embeddable":true,"href":"https:\/\/grupotextil.es\/en\/wp-json\/wp\/v2\/product_brand?post=228721"},{"taxonomy":"product_cat","embeddable":true,"href":"https:\/\/grupotextil.es\/en\/wp-json\/wp\/v2\/product_cat?post=228721"},{"taxonomy":"product_tag","embeddable":true,"href":"https:\/\/grupotextil.es\/en\/wp-json\/wp\/v2\/product_tag?post=228721"}],"curies":[{"name":"wp","href":"https:\/\/api.w.org\/{rel}","templated":true}]}}

<p>Sudadera con capucha afelpada. Bolsillo tipo canguro con solución para auriculares y bolsillo escondido en costura lateral, Mangas raglan y canalé en elastano 2&#215;2 en los costados, puños y cintura. Ojal metálico en cordón plano, cuello de sarga.</p>
<p><strong>Composición:</strong> 80% Algodón 20% Poliéster. (Gris marengo [95] 85% algodón 15%<br />
viscosa). | <strong>Peso:</strong> 335 g/m2 | <strong>Tallas:</strong> XS-3XL</p>

<p>Sudadera con capucha afelpada. Bolsillo tipo canguro con solución para auriculares y bolsillo escondido en costura lateral, Mangas raglan y canalé en elastano 2&#215;2 en los costados, puños y cintura. Ojal metálico en cordón plano, cuello de sarga.</p>
