{"id":228880,"date":"2026-03-04T06:50:25","date_gmt":"2026-03-04T05:50:25","guid":{"rendered":"https:\/\/grupotextil.es\/producto\/ability-logo-cap\/"},"modified":"2026-04-19T04:06:52","modified_gmt":"2026-04-19T02:06:52","slug":"ability-logo-cap","status":"publish","type":"product","link":"https:\/\/grupotextil.es\/en\/product\/ability-logo-cap\/","title":{"rendered":"Ability Logo Cap"},"content":{"rendered":"<p>La gorra Ability Logo es una gorra deportiva cl\u00e1sica fabricada en algod\u00f3n org\u00e1nico. La gorra cuenta con una duradera hebilla met\u00e1lica en la parte posterior para facilitar el ajuste del tama\u00f1o y viene con un amplio espacio para logotipos y escudos.<\/p>\n<p>\u2022 Algod\u00f3n org\u00e1nico<\/p>\n<p>\u2022 Hebilla met\u00e1lica para ajustar la talla<\/p>\n<p>\u2022 Amplio espacio para logotipos corporativos o de clubes<\/p>\n<p><strong>Composici\u00f3n:<\/strong> 100% Cotton Organic | <strong>Tallas:<\/strong> UNICA<\/p>","protected":false},"excerpt":{"rendered":"<p>La gorra Ability Logo es una gorra deportiva cl\u00e1sica fabricada en algod\u00f3n org\u00e1nico. La gorra cuenta con una duradera hebilla met\u00e1lica en la parte posterior para facilitar el ajuste del tama\u00f1o y viene con un amplio espacio para logotipos y escudos.<\/p>","protected":false},"featured_media":235938,"comment_status":"open","ping_status":"closed","template":"","meta":{"_acf_changed":false},"product_brand":[10489],"product_cat":[15147],"product_tag":[],"class_list":{"0":"post-228880","1":"product","2":"type-product","3":"status-publish","4":"has-post-thumbnail","6":"product_brand-craft","7":"product_cat-new-wave","8":"tm-no-options","10":"first","11":"instock","12":"taxable","13":"shipping-taxable","14":"product-type-variable"},"acf":[],"_links":{"self":[{"href":"https:\/\/grupotextil.es\/en\/wp-json\/wp\/v2\/product\/228880","targetHints":{"allow":["GET"]}}],"collection":[{"href":"https:\/\/grupotextil.es\/en\/wp-json\/wp\/v2\/product"}],"about":[{"href":"https:\/\/grupotextil.es\/en\/wp-json\/wp\/v2\/types\/product"}],"replies":[{"embeddable":true,"href":"https:\/\/grupotextil.es\/en\/wp-json\/wp\/v2\/comments?post=228880"}],"wp:featuredmedia":[{"embeddable":true,"href":"https:\/\/grupotextil.es\/en\/wp-json\/wp\/v2\/media\/235938"}],"wp:attachment":[{"href":"https:\/\/grupotextil.es\/en\/wp-json\/wp\/v2\/media?parent=228880"}],"wp:term":[{"taxonomy":"product_brand","embeddable":true,"href":"https:\/\/grupotextil.es\/en\/wp-json\/wp\/v2\/product_brand?post=228880"},{"taxonomy":"product_cat","embeddable":true,"href":"https:\/\/grupotextil.es\/en\/wp-json\/wp\/v2\/product_cat?post=228880"},{"taxonomy":"product_tag","embeddable":true,"href":"https:\/\/grupotextil.es\/en\/wp-json\/wp\/v2\/product_tag?post=228880"}],"curies":[{"name":"wp","href":"https:\/\/api.w.org\/{rel}","templated":true}]}}

<p>La gorra Ability Logo es una gorra deportiva clásica fabricada en algodón orgánico. La gorra cuenta con una duradera hebilla metálica en la parte posterior para facilitar el ajuste del tamaño y viene con un amplio espacio para logotipos y escudos.</p>
<p>• Algodón orgánico</p>
<p>• Hebilla metálica para ajustar la talla</p>
<p>• Amplio espacio para logotipos corporativos o de clubes</p>
<p><strong>Composición:</strong> 100% Cotton Organic | <strong>Tallas:</strong> UNICA</p>

<p>La gorra Ability Logo es una gorra deportiva clásica fabricada en algodón orgánico. La gorra cuenta con una duradera hebilla metálica en la parte posterior para facilitar el ajuste del tamaño y viene con un amplio espacio para logotipos y escudos.</p>
