{"id":228916,"date":"2026-03-04T06:50:53","date_gmt":"2026-03-04T05:50:53","guid":{"rendered":"https:\/\/grupotextil.es\/producto\/adv-explore-down-jacket-m\/"},"modified":"2026-04-26T04:05:44","modified_gmt":"2026-04-26T02:05:44","slug":"adv-explore-down-jacket-m","status":"publish","type":"product","link":"https:\/\/grupotextil.es\/en\/product\/adv-explore-down-jacket-m\/","title":{"rendered":"ADV Explore Down Jacket M"},"content":{"rendered":"<p>ADV Explore Down Jacket es una c\u00e1lida chaqueta de plum\u00f3n dise\u00f1ada para actividades al aire libre en condiciones realmente fr\u00edas. La chaqueta est\u00e1 confeccionada con tejidos reciclados y cuenta con cuello alto, cremallera frontal bidireccional repelente al agua, dos bolsillos con cremalleras, bolsillo interior con cremallera, cord\u00f3n ajustable en cintura y capucha y pu\u00f1os en las mangas que impiden la entrada del viento fr\u00edo. Esta es nuestra chaqueta m\u00e1s c\u00e1lida y una elecci\u00f3n perfecta cuando quieras mantenerte abrigado en las monta\u00f1as invernales.<\/p>\n<p>\u2022 Plum\u00f3n con tejido exterior impermeable<\/p>\n<p>\u2022 Relleno 600 cuin<\/p>\n<p>\u2022 Peso del plum\u00f3n 350 gramos<\/p>\n<p>\u2022 Cuello alto<\/p>\n<p>\u2022 Cremallera frontal bidireccional repelente al agua<\/p>\n<p>\u2022 Cord\u00f3n ajustable en cintura y capucha<\/p>\n<p>\u2022 Dos bolsillos laterales con cremallera repelente al agua<\/p>\n<p>\u2022 Bolsillo interior con cremallera<\/p>\n<p>\u2022 Dos bolsillos interiores abiertos con el\u00e1stico<\/p>\n<p>\u2022 Pu\u00f1os en mangas que impiden la entrada del viento fr\u00edo<\/p>\n<p><strong>Composici\u00f3n:<\/strong> 100% Poliamida reciclada. Forro: 45% Poli\u00e9ster reciclado 55% Poli\u00e9ster. Acolchado: 80% Plum\u00f3n 20% Pluma | <strong>Tallas:<\/strong> S-3XL (396000: XS-3XL)<\/p>","protected":false},"excerpt":{"rendered":"<p>ADV Explore Down Jacket es una c\u00e1lida chaqueta de plum\u00f3n dise\u00f1ada para actividades al aire libre en condiciones realmente fr\u00edas. La chaqueta est\u00e1 confeccionada con tejidos reciclados y cuenta con cuello alto, cremallera frontal bidireccional repelent<\/p>","protected":false},"featured_media":235952,"comment_status":"open","ping_status":"closed","template":"","meta":{"_acf_changed":false},"product_brand":[10489],"product_cat":[13998],"product_tag":[],"class_list":{"0":"post-228916","1":"product","2":"type-product","3":"status-publish","4":"has-post-thumbnail","6":"product_brand-craft","7":"product_cat-n-chaquetas","8":"tm-no-options","10":"first","11":"instock","12":"taxable","13":"shipping-taxable","14":"product-type-variable"},"acf":[],"_links":{"self":[{"href":"https:\/\/grupotextil.es\/en\/wp-json\/wp\/v2\/product\/228916","targetHints":{"allow":["GET"]}}],"collection":[{"href":"https:\/\/grupotextil.es\/en\/wp-json\/wp\/v2\/product"}],"about":[{"href":"https:\/\/grupotextil.es\/en\/wp-json\/wp\/v2\/types\/product"}],"replies":[{"embeddable":true,"href":"https:\/\/grupotextil.es\/en\/wp-json\/wp\/v2\/comments?post=228916"}],"wp:featuredmedia":[{"embeddable":true,"href":"https:\/\/grupotextil.es\/en\/wp-json\/wp\/v2\/media\/235952"}],"wp:attachment":[{"href":"https:\/\/grupotextil.es\/en\/wp-json\/wp\/v2\/media?parent=228916"}],"wp:term":[{"taxonomy":"product_brand","embeddable":true,"href":"https:\/\/grupotextil.es\/en\/wp-json\/wp\/v2\/product_brand?post=228916"},{"taxonomy":"product_cat","embeddable":true,"href":"https:\/\/grupotextil.es\/en\/wp-json\/wp\/v2\/product_cat?post=228916"},{"taxonomy":"product_tag","embeddable":true,"href":"https:\/\/grupotextil.es\/en\/wp-json\/wp\/v2\/product_tag?post=228916"}],"curies":[{"name":"wp","href":"https:\/\/api.w.org\/{rel}","templated":true}]}}

<p>ADV Explore Down Jacket es una cálida chaqueta de plumón diseñada para actividades al aire libre en condiciones realmente frías. La chaqueta está confeccionada con tejidos reciclados y cuenta con cuello alto, cremallera frontal bidireccional repelente al agua, dos bolsillos con cremalleras, bolsillo interior con cremallera, cordón ajustable en cintura y capucha y puños en las mangas que impiden la entrada del viento frío. Esta es nuestra chaqueta más cálida y una elección perfecta cuando quieras mantenerte abrigado en las montañas invernales.</p>
<p>• Plumón con tejido exterior impermeable</p>
<p>• Relleno 600 cuin</p>
<p>• Peso del plumón 350 gramos</p>
<p>• Cuello alto</p>
<p>• Cremallera frontal bidireccional repelente al agua</p>
<p>• Cordón ajustable en cintura y capucha</p>
<p>• Dos bolsillos laterales con cremallera repelente al agua</p>
<p>• Bolsillo interior con cremallera</p>
<p>• Dos bolsillos interiores abiertos con elástico</p>
<p>• Puños en mangas que impiden la entrada del viento frío</p>
<p><strong>Composición:</strong> 100% Poliamida reciclada. Forro: 45% Poliéster reciclado 55% Poliéster. Acolchado: 80% Plumón 20% Pluma | <strong>Tallas:</strong> S-3XL (396000: XS-3XL)</p>

<p>ADV Explore Down Jacket es una cálida chaqueta de plumón diseñada para actividades al aire libre en condiciones realmente frías. La chaqueta está confeccionada con tejidos reciclados y cuenta con cuello alto, cremallera frontal bidireccional repelent</p>
