{"id":228969,"date":"2026-03-04T06:51:31","date_gmt":"2026-03-04T05:51:31","guid":{"rendered":"https:\/\/grupotextil.es\/producto\/transit-35l-bag\/"},"modified":"2026-04-26T04:05:45","modified_gmt":"2026-04-26T02:05:45","slug":"transit-35l-bag","status":"publish","type":"product","link":"https:\/\/grupotextil.es\/en\/product\/transit-35l-bag\/","title":{"rendered":"Transit 35L Bag"},"content":{"rendered":"<p>Pr\u00e1ctica bolsa con correas para las manos y los hombros y muchos bolsillos para el uso diario. 35L.<\/p>\n<p>\u2022 Pr\u00e1cticos bolsillos laterales, uno para guardar zapatos<\/p>\n<p>\u2022 Bolsillo exterior grande para dispositivos<\/p>\n<p>\u2022 Una manija en la parte lateral<\/p>\n<p>\u2022 50x27x27 cm<\/p>\n<p><strong>Composici\u00f3n:<\/strong> Material 1: 100% Poli\u00e9ster con revestimiento PU. Material 2: 100% Poli\u00e9ster con revestimiento PU. Material 3: 100% Poli\u00e9ster con revestimiento PU | <strong>Tallas:<\/strong> UD<\/p>","protected":false},"excerpt":{"rendered":"<p>Pr\u00e1ctica bolsa con correas para las manos y los hombros y muchos bolsillos para el uso diario. 35L.<\/p>","protected":false},"featured_media":235979,"comment_status":"open","ping_status":"closed","template":"","meta":{"_acf_changed":false},"product_brand":[10489],"product_cat":[15146],"product_tag":[],"class_list":{"0":"post-228969","1":"product","2":"type-product","3":"status-publish","4":"has-post-thumbnail","6":"product_brand-craft","7":"product_cat-bolsas","8":"tm-no-options","10":"first","11":"instock","12":"taxable","13":"shipping-taxable","14":"product-type-variable"},"acf":[],"_links":{"self":[{"href":"https:\/\/grupotextil.es\/en\/wp-json\/wp\/v2\/product\/228969","targetHints":{"allow":["GET"]}}],"collection":[{"href":"https:\/\/grupotextil.es\/en\/wp-json\/wp\/v2\/product"}],"about":[{"href":"https:\/\/grupotextil.es\/en\/wp-json\/wp\/v2\/types\/product"}],"replies":[{"embeddable":true,"href":"https:\/\/grupotextil.es\/en\/wp-json\/wp\/v2\/comments?post=228969"}],"wp:featuredmedia":[{"embeddable":true,"href":"https:\/\/grupotextil.es\/en\/wp-json\/wp\/v2\/media\/235979"}],"wp:attachment":[{"href":"https:\/\/grupotextil.es\/en\/wp-json\/wp\/v2\/media?parent=228969"}],"wp:term":[{"taxonomy":"product_brand","embeddable":true,"href":"https:\/\/grupotextil.es\/en\/wp-json\/wp\/v2\/product_brand?post=228969"},{"taxonomy":"product_cat","embeddable":true,"href":"https:\/\/grupotextil.es\/en\/wp-json\/wp\/v2\/product_cat?post=228969"},{"taxonomy":"product_tag","embeddable":true,"href":"https:\/\/grupotextil.es\/en\/wp-json\/wp\/v2\/product_tag?post=228969"}],"curies":[{"name":"wp","href":"https:\/\/api.w.org\/{rel}","templated":true}]}}

<p>Práctica bolsa con correas para las manos y los hombros y muchos bolsillos para el uso diario. 35L.</p>
<p>• Prácticos bolsillos laterales, uno para guardar zapatos</p>
<p>• Bolsillo exterior grande para dispositivos</p>
<p>• Una manija en la parte lateral</p>
<p>• 50x27x27 cm</p>
<p><strong>Composición:</strong> Material 1: 100% Poliéster con revestimiento PU. Material 2: 100% Poliéster con revestimiento PU. Material 3: 100% Poliéster con revestimiento PU | <strong>Tallas:</strong> UD</p>

<p>Práctica bolsa con correas para las manos y los hombros y muchos bolsillos para el uso diario. 35L.</p>
