{"id":229078,"date":"2026-03-04T06:52:52","date_gmt":"2026-03-04T05:52:52","guid":{"rendered":"https:\/\/grupotextil.es\/producto\/shoelaces\/"},"modified":"2026-04-26T04:05:45","modified_gmt":"2026-04-26T02:05:45","slug":"shoelaces","status":"publish","type":"product","link":"https:\/\/grupotextil.es\/en\/product\/shoelaces\/","title":{"rendered":"Shoelaces"},"content":{"rendered":"<p>Completa el look con cordones de tus colores.<\/p>\n<p><strong>Composici\u00f3n:<\/strong> 100% algod\u00f3n reciclado. (El cord\u00f3n reflectante es 95% poli\u00e9ster reciclado + 5% poli\u00e9ster). | <strong>Tallas:<\/strong> UD<\/p>","protected":false},"excerpt":{"rendered":"<p>Completa el look con cordones de tus colores.<\/p>","protected":false},"featured_media":236034,"comment_status":"open","ping_status":"closed","template":"","meta":{"_acf_changed":false},"product_brand":[10522],"product_cat":[13948],"product_tag":[],"class_list":{"0":"post-229078","1":"product","2":"type-product","3":"status-publish","4":"has-post-thumbnail","6":"product_brand-printer","7":"product_cat-accesorios","8":"tm-no-options","10":"first","11":"instock","12":"taxable","13":"shipping-taxable","14":"product-type-variable"},"acf":[],"_links":{"self":[{"href":"https:\/\/grupotextil.es\/en\/wp-json\/wp\/v2\/product\/229078","targetHints":{"allow":["GET"]}}],"collection":[{"href":"https:\/\/grupotextil.es\/en\/wp-json\/wp\/v2\/product"}],"about":[{"href":"https:\/\/grupotextil.es\/en\/wp-json\/wp\/v2\/types\/product"}],"replies":[{"embeddable":true,"href":"https:\/\/grupotextil.es\/en\/wp-json\/wp\/v2\/comments?post=229078"}],"wp:featuredmedia":[{"embeddable":true,"href":"https:\/\/grupotextil.es\/en\/wp-json\/wp\/v2\/media\/236034"}],"wp:attachment":[{"href":"https:\/\/grupotextil.es\/en\/wp-json\/wp\/v2\/media?parent=229078"}],"wp:term":[{"taxonomy":"product_brand","embeddable":true,"href":"https:\/\/grupotextil.es\/en\/wp-json\/wp\/v2\/product_brand?post=229078"},{"taxonomy":"product_cat","embeddable":true,"href":"https:\/\/grupotextil.es\/en\/wp-json\/wp\/v2\/product_cat?post=229078"},{"taxonomy":"product_tag","embeddable":true,"href":"https:\/\/grupotextil.es\/en\/wp-json\/wp\/v2\/product_tag?post=229078"}],"curies":[{"name":"wp","href":"https:\/\/api.w.org\/{rel}","templated":true}]}}

<p>Completa el look con cordones de tus colores.</p>
<p><strong>Composición:</strong> 100% algodón reciclado. (El cordón reflectante es 95% poliéster reciclado + 5% poliéster). | <strong>Tallas:</strong> UD</p>
