{"id":229212,"date":"2026-03-04T06:54:32","date_gmt":"2026-03-04T05:54:32","guid":{"rendered":"https:\/\/grupotextil.es\/producto\/core-nordic-ski-club-skirt-w\/"},"modified":"2026-04-26T04:05:46","modified_gmt":"2026-04-26T02:05:46","slug":"core-nordic-ski-club-skirt-w","status":"publish","type":"product","link":"https:\/\/grupotextil.es\/en\/product\/core-nordic-ski-club-skirt-w\/","title":{"rendered":"CORE Nordic Ski Club Skirt W"},"content":{"rendered":"<p>Falda de esqu\u00ed n\u00f3rddico acolchada, c\u00e1lida y vers\u00e1til, dise\u00f1ada para el esqu\u00ed de fondo en condiciones de fr\u00edo. La falda tiene cremallera bidireccional en las costuras laterales para pon\u00e9rsela y quit\u00e1rsela f\u00e1cilmente.<\/p>\n<p>\u2022 Parte delantera y trasera acolchada para mayor calidez y comodidad<\/p>\n<p>\u2022 Acolchado de 60 g\/m2<\/p>\n<p>\u2022 Bolsillo de parche con cremallera oculta en la parte delantera<\/p>\n<p>\u2022 Cremallera bidireccional en la costura lateral para pon\u00e9rsela y quit\u00e1rsela f\u00e1cilmente<\/p>\n<p><strong>Composici\u00f3n:<\/strong> Cuerpo y forro: 45% Poli\u00e9ster reciclado, 55% poli\u00e9ster. Relleno: 100% poli\u00e9ster | <strong>Tallas:<\/strong> XS-XXL<\/p>","protected":false},"excerpt":{"rendered":"<p>Falda de esqu\u00ed n\u00f3rddico acolchada, c\u00e1lida y vers\u00e1til, dise\u00f1ada para el esqu\u00ed de fondo en condiciones de fr\u00edo. La falda tiene cremallera bidireccional en las costuras laterales para pon\u00e9rsela y quit\u00e1rsela f\u00e1cilmente.<\/p>","protected":false},"featured_media":236094,"comment_status":"open","ping_status":"closed","template":"","meta":{"_acf_changed":false},"product_brand":[10489],"product_cat":[13983],"product_tag":[],"class_list":{"0":"post-229212","1":"product","2":"type-product","3":"status-publish","4":"has-post-thumbnail","6":"product_brand-craft","7":"product_cat-h-pantalones","8":"tm-no-options","10":"first","11":"instock","12":"taxable","13":"shipping-taxable","14":"product-type-variable"},"acf":[],"_links":{"self":[{"href":"https:\/\/grupotextil.es\/en\/wp-json\/wp\/v2\/product\/229212","targetHints":{"allow":["GET"]}}],"collection":[{"href":"https:\/\/grupotextil.es\/en\/wp-json\/wp\/v2\/product"}],"about":[{"href":"https:\/\/grupotextil.es\/en\/wp-json\/wp\/v2\/types\/product"}],"replies":[{"embeddable":true,"href":"https:\/\/grupotextil.es\/en\/wp-json\/wp\/v2\/comments?post=229212"}],"wp:featuredmedia":[{"embeddable":true,"href":"https:\/\/grupotextil.es\/en\/wp-json\/wp\/v2\/media\/236094"}],"wp:attachment":[{"href":"https:\/\/grupotextil.es\/en\/wp-json\/wp\/v2\/media?parent=229212"}],"wp:term":[{"taxonomy":"product_brand","embeddable":true,"href":"https:\/\/grupotextil.es\/en\/wp-json\/wp\/v2\/product_brand?post=229212"},{"taxonomy":"product_cat","embeddable":true,"href":"https:\/\/grupotextil.es\/en\/wp-json\/wp\/v2\/product_cat?post=229212"},{"taxonomy":"product_tag","embeddable":true,"href":"https:\/\/grupotextil.es\/en\/wp-json\/wp\/v2\/product_tag?post=229212"}],"curies":[{"name":"wp","href":"https:\/\/api.w.org\/{rel}","templated":true}]}}

<p>Falda de esquí nórddico acolchada, cálida y versátil, diseñada para el esquí de fondo en condiciones de frío. La falda tiene cremallera bidireccional en las costuras laterales para ponérsela y quitársela fácilmente.</p>
<p>• Parte delantera y trasera acolchada para mayor calidez y comodidad</p>
<p>• Acolchado de 60 g/m2</p>
<p>• Bolsillo de parche con cremallera oculta en la parte delantera</p>
<p>• Cremallera bidireccional en la costura lateral para ponérsela y quitársela fácilmente</p>
<p><strong>Composición:</strong> Cuerpo y forro: 45% Poliéster reciclado, 55% poliéster. Relleno: 100% poliéster | <strong>Tallas:</strong> XS-XXL</p>

<p>Falda de esquí nórddico acolchada, cálida y versátil, diseñada para el esquí de fondo en condiciones de frío. La falda tiene cremallera bidireccional en las costuras laterales para ponérsela y quitársela fácilmente.</p>
