{"id":229279,"date":"2026-03-04T06:55:22","date_gmt":"2026-03-04T05:55:22","guid":{"rendered":"https:\/\/grupotextil.es\/producto\/explore-power-fleece-necktube\/"},"modified":"2026-04-26T04:05:46","modified_gmt":"2026-04-26T02:05:46","slug":"explore-power-fleece-necktube","status":"publish","type":"product","link":"https:\/\/grupotextil.es\/en\/product\/explore-power-fleece-necktube\/","title":{"rendered":"Explore Power Fleece Necktube"},"content":{"rendered":"<p>La braga para el cuello Explore Power Fleece es una prenda supersuave y altamente aislante que constituye un complemento vers\u00e1til para el vestuario de cualquier entusiasta de las actividades al aire libre, ya que proporciona calidez y confort en las duras condiciones invernales.<\/p>\n<p>Esta braga multifuncional para el cuello est\u00e1 confeccionada en un tejido polar el\u00e1stico con excepcionales propiedades de retenci\u00f3n del calor y transpirabilidad. El suave material polar atrapa el calor cerca del cuerpo al tiempo que permite la salida de la humedad y el sudor, manteniendo el cuello caliente y seco durante las actividades al aire libre en condiciones de fr\u00edo. Este vers\u00e1til accesorio para todo tipo de deportes se convierte f\u00e1cilmente en gorro o diadema.<\/p>\n<p>\u2022 Forro polar suave y el\u00e1stico de poli\u00e9ster reciclado y elastano (245 g\/m\u00b2)<\/p>\n<p>\u2022 Parte trasera cepillada para mayor comodidad y con propiedades aislantes<\/p>\n<p>\u2022 Accesorio multifuncional para todo tipo de deportes<\/p>\n<p>\u2022 Mantiene el cuello y la cabeza calientes<\/p>\n<p>\u2022 Logotipo bordado en el centro de la parte delantera<\/p>\n<p><strong>Composici\u00f3n:<\/strong> 94% Poli\u00e9ster-Recycled, 6% Elastano | <strong>Tallas:<\/strong> UNICA<\/p>","protected":false},"excerpt":{"rendered":"<p>La braga para el cuello Explore Power Fleece es una prenda supersuave y altamente aislante que constituye un complemento vers\u00e1til para el vestuario de cualquier entusiasta de las actividades al aire libre, ya que proporciona calidez y confort en las<\/p>","protected":false},"featured_media":236134,"comment_status":"open","ping_status":"closed","template":"","meta":{"_acf_changed":false},"product_brand":[10489],"product_cat":[15147],"product_tag":[],"class_list":{"0":"post-229279","1":"product","2":"type-product","3":"status-publish","4":"has-post-thumbnail","6":"product_brand-craft","7":"product_cat-new-wave","8":"tm-no-options","10":"first","11":"instock","12":"taxable","13":"shipping-taxable","14":"product-type-variable"},"acf":[],"_links":{"self":[{"href":"https:\/\/grupotextil.es\/en\/wp-json\/wp\/v2\/product\/229279","targetHints":{"allow":["GET"]}}],"collection":[{"href":"https:\/\/grupotextil.es\/en\/wp-json\/wp\/v2\/product"}],"about":[{"href":"https:\/\/grupotextil.es\/en\/wp-json\/wp\/v2\/types\/product"}],"replies":[{"embeddable":true,"href":"https:\/\/grupotextil.es\/en\/wp-json\/wp\/v2\/comments?post=229279"}],"wp:featuredmedia":[{"embeddable":true,"href":"https:\/\/grupotextil.es\/en\/wp-json\/wp\/v2\/media\/236134"}],"wp:attachment":[{"href":"https:\/\/grupotextil.es\/en\/wp-json\/wp\/v2\/media?parent=229279"}],"wp:term":[{"taxonomy":"product_brand","embeddable":true,"href":"https:\/\/grupotextil.es\/en\/wp-json\/wp\/v2\/product_brand?post=229279"},{"taxonomy":"product_cat","embeddable":true,"href":"https:\/\/grupotextil.es\/en\/wp-json\/wp\/v2\/product_cat?post=229279"},{"taxonomy":"product_tag","embeddable":true,"href":"https:\/\/grupotextil.es\/en\/wp-json\/wp\/v2\/product_tag?post=229279"}],"curies":[{"name":"wp","href":"https:\/\/api.w.org\/{rel}","templated":true}]}}

<p>La braga para el cuello Explore Power Fleece es una prenda supersuave y altamente aislante que constituye un complemento versátil para el vestuario de cualquier entusiasta de las actividades al aire libre, ya que proporciona calidez y confort en las duras condiciones invernales.</p>
<p>Esta braga multifuncional para el cuello está confeccionada en un tejido polar elástico con excepcionales propiedades de retención del calor y transpirabilidad. El suave material polar atrapa el calor cerca del cuerpo al tiempo que permite la salida de la humedad y el sudor, manteniendo el cuello caliente y seco durante las actividades al aire libre en condiciones de frío. Este versátil accesorio para todo tipo de deportes se convierte fácilmente en gorro o diadema.</p>
<p>• Forro polar suave y elástico de poliéster reciclado y elastano (245 g/m²)</p>
<p>• Parte trasera cepillada para mayor comodidad y con propiedades aislantes</p>
<p>• Accesorio multifuncional para todo tipo de deportes</p>
<p>• Mantiene el cuello y la cabeza calientes</p>
<p>• Logotipo bordado en el centro de la parte delantera</p>
<p><strong>Composición:</strong> 94% Poliéster-Recycled, 6% Elastano | <strong>Tallas:</strong> UNICA</p>

<p>La braga para el cuello Explore Power Fleece es una prenda supersuave y altamente aislante que constituye un complemento versátil para el vestuario de cualquier entusiasta de las actividades al aire libre, ya que proporciona calidez y confort en las</p>
