{"id":229369,"date":"2026-03-04T06:56:31","date_gmt":"2026-03-04T05:56:31","guid":{"rendered":"https:\/\/grupotextil.es\/producto\/arches-vest-woman\/"},"modified":"2026-04-26T04:05:47","modified_gmt":"2026-04-26T02:05:47","slug":"arches-vest-woman","status":"publish","type":"product","link":"https:\/\/grupotextil.es\/en\/product\/arches-vest-woman\/","title":{"rendered":"Arches Vest Woman"},"content":{"rendered":"<p>Chaleco acolchado, confeccionado en poli\u00e9ster 100% reciclado y dise\u00f1ado para ofrecer una comodidad y funcionalidad inigualables. Este moderno chaleco cuenta con elegantes bolsillos con cremallera ocultos en las costuras para un almacenamiento discreto y un canes\u00fa delantero y trasero para una f\u00e1cil personalizaci\u00f3n, haci\u00e9ndolo \u00fanico. El dobladillo ajustable con cord\u00f3n el\u00e1stico garantiza una comodidad personalizable, mientras que el bolsillo interior con cremallera proporciona un espacio seguro para tus objetos esenciales. Para mayor comodidad y protecci\u00f3n, el chaleco incluye un protector de barbilla. Tambi\u00e9n cuenta con un acabado repelente al agua libre de PFAS. WP 400: testeado seg\u00fan la norma AATCC 22.<\/p>\n<p><strong>Composici\u00f3n:<\/strong> Exterior: 100% Poli\u00e9ster Reciclado, C.0 DWR<br \/>\nForro:  100% Poli\u00e9ster Reciclado<br \/>\nAcolchado Calidad reciclada<br \/>\nOeko-Tex Standard 100 | <strong>Peso:<\/strong> Shell: 82 g\/m\u00b2 &#8211; Padding: 140 g\/m\u00b2 &#8211; Lining: 37 g\/m\u00b2 | <strong>Tallas:<\/strong> XS-XXL<\/p>","protected":false},"excerpt":{"rendered":"<p>Chaleco acolchado, confeccionado en poli\u00e9ster 100% reciclado y dise\u00f1ado para ofrecer una comodidad y funcionalidad inigualables. Este moderno chaleco cuenta con elegantes bolsillos con cremallera ocultos en las costuras para un almacenamiento discret<\/p>","protected":false},"featured_media":236175,"comment_status":"open","ping_status":"closed","template":"","meta":{"_acf_changed":false},"product_brand":[10521],"product_cat":[13998],"product_tag":[],"class_list":{"0":"post-229369","1":"product","2":"type-product","3":"status-publish","4":"has-post-thumbnail","6":"product_brand-james-harvest","7":"product_cat-n-chaquetas","8":"tm-no-options","10":"first","11":"instock","12":"taxable","13":"shipping-taxable","14":"product-type-variable"},"acf":[],"_links":{"self":[{"href":"https:\/\/grupotextil.es\/en\/wp-json\/wp\/v2\/product\/229369","targetHints":{"allow":["GET"]}}],"collection":[{"href":"https:\/\/grupotextil.es\/en\/wp-json\/wp\/v2\/product"}],"about":[{"href":"https:\/\/grupotextil.es\/en\/wp-json\/wp\/v2\/types\/product"}],"replies":[{"embeddable":true,"href":"https:\/\/grupotextil.es\/en\/wp-json\/wp\/v2\/comments?post=229369"}],"wp:featuredmedia":[{"embeddable":true,"href":"https:\/\/grupotextil.es\/en\/wp-json\/wp\/v2\/media\/236175"}],"wp:attachment":[{"href":"https:\/\/grupotextil.es\/en\/wp-json\/wp\/v2\/media?parent=229369"}],"wp:term":[{"taxonomy":"product_brand","embeddable":true,"href":"https:\/\/grupotextil.es\/en\/wp-json\/wp\/v2\/product_brand?post=229369"},{"taxonomy":"product_cat","embeddable":true,"href":"https:\/\/grupotextil.es\/en\/wp-json\/wp\/v2\/product_cat?post=229369"},{"taxonomy":"product_tag","embeddable":true,"href":"https:\/\/grupotextil.es\/en\/wp-json\/wp\/v2\/product_tag?post=229369"}],"curies":[{"name":"wp","href":"https:\/\/api.w.org\/{rel}","templated":true}]}}

<p>Chaleco acolchado, confeccionado en poliéster 100% reciclado y diseñado para ofrecer una comodidad y funcionalidad inigualables. Este moderno chaleco cuenta con elegantes bolsillos con cremallera ocultos en las costuras para un almacenamiento discreto y un canesú delantero y trasero para una fácil personalización, haciéndolo único. El dobladillo ajustable con cordón elástico garantiza una comodidad personalizable, mientras que el bolsillo interior con cremallera proporciona un espacio seguro para tus objetos esenciales. Para mayor comodidad y protección, el chaleco incluye un protector de barbilla. También cuenta con un acabado repelente al agua libre de PFAS. WP 400: testeado según la norma AATCC 22.</p>
<p><strong>Composición:</strong> Exterior: 100% Poliéster Reciclado, C.0 DWR<br />
Forro:  100% Poliéster Reciclado<br />
Acolchado Calidad reciclada<br />
Oeko-Tex Standard 100 | <strong>Peso:</strong> Shell: 82 g/m² &#8211; Padding: 140 g/m² &#8211; Lining: 37 g/m² | <strong>Tallas:</strong> XS-XXL</p>

<p>Chaleco acolchado, confeccionado en poliéster 100% reciclado y diseñado para ofrecer una comodidad y funcionalidad inigualables. Este moderno chaleco cuenta con elegantes bolsillos con cremallera ocultos en las costuras para un almacenamiento discret</p>
