{"id":229470,"date":"2026-03-04T06:57:43","date_gmt":"2026-03-04T05:57:43","guid":{"rendered":"https:\/\/grupotextil.es\/producto\/ability-visor\/"},"modified":"2026-04-26T04:05:47","modified_gmt":"2026-04-26T02:05:47","slug":"ability-visor","status":"publish","type":"product","link":"https:\/\/grupotextil.es\/en\/product\/ability-visor\/","title":{"rendered":"Ability Visor"},"content":{"rendered":"<p>Ability Visor ofrece protecci\u00f3n solar durante los entrenamientos al aire libre en d\u00edas soleados. Viene con el\u00e1stico en la parte posterior para un ajuste \u00f3ptimo.<\/p>\n<p><strong>Composici\u00f3n:<\/strong> 100% Poli\u00e9ster | <strong>Tallas:<\/strong> UNICA<\/p>","protected":false},"excerpt":{"rendered":"<p>Ability Visor ofrece protecci\u00f3n solar durante los entrenamientos al aire libre en d\u00edas soleados. Viene con el\u00e1stico en la parte posterior para un ajuste \u00f3ptimo.<\/p>","protected":false},"featured_media":236203,"comment_status":"open","ping_status":"closed","template":"","meta":{"_acf_changed":false},"product_brand":[10489],"product_cat":[15147],"product_tag":[],"class_list":{"0":"post-229470","1":"product","2":"type-product","3":"status-publish","4":"has-post-thumbnail","6":"product_brand-craft","7":"product_cat-new-wave","8":"tm-no-options","10":"first","11":"instock","12":"taxable","13":"shipping-taxable","14":"product-type-variable"},"acf":[],"_links":{"self":[{"href":"https:\/\/grupotextil.es\/en\/wp-json\/wp\/v2\/product\/229470","targetHints":{"allow":["GET"]}}],"collection":[{"href":"https:\/\/grupotextil.es\/en\/wp-json\/wp\/v2\/product"}],"about":[{"href":"https:\/\/grupotextil.es\/en\/wp-json\/wp\/v2\/types\/product"}],"replies":[{"embeddable":true,"href":"https:\/\/grupotextil.es\/en\/wp-json\/wp\/v2\/comments?post=229470"}],"wp:featuredmedia":[{"embeddable":true,"href":"https:\/\/grupotextil.es\/en\/wp-json\/wp\/v2\/media\/236203"}],"wp:attachment":[{"href":"https:\/\/grupotextil.es\/en\/wp-json\/wp\/v2\/media?parent=229470"}],"wp:term":[{"taxonomy":"product_brand","embeddable":true,"href":"https:\/\/grupotextil.es\/en\/wp-json\/wp\/v2\/product_brand?post=229470"},{"taxonomy":"product_cat","embeddable":true,"href":"https:\/\/grupotextil.es\/en\/wp-json\/wp\/v2\/product_cat?post=229470"},{"taxonomy":"product_tag","embeddable":true,"href":"https:\/\/grupotextil.es\/en\/wp-json\/wp\/v2\/product_tag?post=229470"}],"curies":[{"name":"wp","href":"https:\/\/api.w.org\/{rel}","templated":true}]}}

<p>Ability Visor ofrece protección solar durante los entrenamientos al aire libre en días soleados. Viene con elástico en la parte posterior para un ajuste óptimo.</p>
<p><strong>Composición:</strong> 100% Poliéster | <strong>Tallas:</strong> UNICA</p>

<p>Ability Visor ofrece protección solar durante los entrenamientos al aire libre en días soleados. Viene con elástico en la parte posterior para un ajuste óptimo.</p>
