{"id":229605,"date":"2026-03-04T06:59:03","date_gmt":"2026-03-04T05:59:03","guid":{"rendered":"https:\/\/grupotextil.es\/producto\/endur-cargo-shorts-c3-w\/"},"modified":"2026-04-26T04:05:48","modified_gmt":"2026-04-26T02:05:48","slug":"endur-cargo-shorts-c3-w","status":"publish","type":"product","link":"https:\/\/grupotextil.es\/en\/product\/endur-cargo-shorts-c3-w\/","title":{"rendered":"Endur Cargo Shorts C3 W"},"content":{"rendered":"<p>Los Endur Cargo Shorts C3 son pantalones cortos de ciclismo el\u00e1sticos y funcionales dise\u00f1ados para los entusiastas de la grava de todo tipo.<\/p>\n<p>Fabricado con poliamida reciclada y elastano, este vers\u00e1til culotte de ciclismo ofrece una gran elasticidad, control del cuerpo y gesti\u00f3n de la humedad. Un panel de doble capa en la cintura garantiza un ajuste seguro y c\u00f3modo, mientras que el el\u00e1stico con estampado de silicona en la parte inferior de las piernas mantiene el pantal\u00f3n corto firmemente en su sitio. Dise\u00f1ados para ofrecer eficacia y comodidad, los pantalones cortos incluyen un bolsillo abierto en la pernera para acceder f\u00e1cilmente a los geles, las barritas energ\u00e9ticas y otros art\u00edculos esenciales. Adem\u00e1s, la nueva y mejorada almohadilla C3 ofrece un gran confort, convirtiendo cada salida a la grava en una experiencia suave y agradable.<\/p>\n<p>Infinity C3: gran comodidad para todo tipo de ciclistas<\/p>\n<p>La almohadilla Infinity C3 est\u00e1 dise\u00f1ada para adaptarse a todo tipo de motoristas y hacer de cada viaje una experiencia confortable. La almohadilla presenta excelentes caracter\u00edsticas anat\u00f3micas, as\u00ed como un tratamiento hidr\u00f3filo y tecnolog\u00eda de fibra hueca que se combinan para mejorar el transporte de la humedad. Gracias a su zona de asiento bien dise\u00f1ada y a los tejidos el\u00e1sticos en 4 direcciones, el coj\u00edn proporciona el apoyo adecuado para todos los movimientos corporales. Adem\u00e1s, la almohadilla incorpora una espuma de base biol\u00f3gica fabricada a partir de semillas de ricino.<\/p>\n<p>\u2022 Tejido el\u00e1stico, funcional y duradero de poliamida reciclada y elastano<\/p>\n<p>\u2022 Panel de cintura de doble capa<\/p>\n<p>\u2022 Bolsillo abierto en la pierna<\/p>\n<p>\u2022 Perneras el\u00e1sticas con estampado de silicona<\/p>\n<p>\u2022 Infinity C3 Pad Mujer<\/p>\n<p><strong>Composici\u00f3n:<\/strong> 70% Polyamide Recycled, 30% Elastane | <strong>Tallas:<\/strong> XS-XXL<\/p>","protected":false},"excerpt":{"rendered":"<p>Los Endur Cargo Shorts C3 son pantalones cortos de ciclismo el\u00e1sticos y funcionales dise\u00f1ados para los entusiastas de la grava de todo tipo.<\/p>","protected":false},"featured_media":236266,"comment_status":"open","ping_status":"closed","template":"","meta":{"_acf_changed":false},"product_brand":[10489],"product_cat":[15147],"product_tag":[],"class_list":{"0":"post-229605","1":"product","2":"type-product","3":"status-publish","4":"has-post-thumbnail","6":"product_brand-craft","7":"product_cat-new-wave","8":"tm-no-options","10":"first","11":"instock","12":"taxable","13":"shipping-taxable","14":"product-type-variable"},"acf":[],"_links":{"self":[{"href":"https:\/\/grupotextil.es\/en\/wp-json\/wp\/v2\/product\/229605","targetHints":{"allow":["GET"]}}],"collection":[{"href":"https:\/\/grupotextil.es\/en\/wp-json\/wp\/v2\/product"}],"about":[{"href":"https:\/\/grupotextil.es\/en\/wp-json\/wp\/v2\/types\/product"}],"replies":[{"embeddable":true,"href":"https:\/\/grupotextil.es\/en\/wp-json\/wp\/v2\/comments?post=229605"}],"wp:featuredmedia":[{"embeddable":true,"href":"https:\/\/grupotextil.es\/en\/wp-json\/wp\/v2\/media\/236266"}],"wp:attachment":[{"href":"https:\/\/grupotextil.es\/en\/wp-json\/wp\/v2\/media?parent=229605"}],"wp:term":[{"taxonomy":"product_brand","embeddable":true,"href":"https:\/\/grupotextil.es\/en\/wp-json\/wp\/v2\/product_brand?post=229605"},{"taxonomy":"product_cat","embeddable":true,"href":"https:\/\/grupotextil.es\/en\/wp-json\/wp\/v2\/product_cat?post=229605"},{"taxonomy":"product_tag","embeddable":true,"href":"https:\/\/grupotextil.es\/en\/wp-json\/wp\/v2\/product_tag?post=229605"}],"curies":[{"name":"wp","href":"https:\/\/api.w.org\/{rel}","templated":true}]}}

<p>Los Endur Cargo Shorts C3 son pantalones cortos de ciclismo elásticos y funcionales diseñados para los entusiastas de la grava de todo tipo.</p>
<p>Fabricado con poliamida reciclada y elastano, este versátil culotte de ciclismo ofrece una gran elasticidad, control del cuerpo y gestión de la humedad. Un panel de doble capa en la cintura garantiza un ajuste seguro y cómodo, mientras que el elástico con estampado de silicona en la parte inferior de las piernas mantiene el pantalón corto firmemente en su sitio. Diseñados para ofrecer eficacia y comodidad, los pantalones cortos incluyen un bolsillo abierto en la pernera para acceder fácilmente a los geles, las barritas energéticas y otros artículos esenciales. Además, la nueva y mejorada almohadilla C3 ofrece un gran confort, convirtiendo cada salida a la grava en una experiencia suave y agradable.</p>
<p>Infinity C3: gran comodidad para todo tipo de ciclistas</p>
<p>La almohadilla Infinity C3 está diseñada para adaptarse a todo tipo de motoristas y hacer de cada viaje una experiencia confortable. La almohadilla presenta excelentes características anatómicas, así como un tratamiento hidrófilo y tecnología de fibra hueca que se combinan para mejorar el transporte de la humedad. Gracias a su zona de asiento bien diseñada y a los tejidos elásticos en 4 direcciones, el cojín proporciona el apoyo adecuado para todos los movimientos corporales. Además, la almohadilla incorpora una espuma de base biológica fabricada a partir de semillas de ricino.</p>
<p>• Tejido elástico, funcional y duradero de poliamida reciclada y elastano</p>
<p>• Panel de cintura de doble capa</p>
<p>• Bolsillo abierto en la pierna</p>
<p>• Perneras elásticas con estampado de silicona</p>
<p>• Infinity C3 Pad Mujer</p>
<p><strong>Composición:</strong> 70% Polyamide Recycled, 30% Elastane | <strong>Tallas:</strong> XS-XXL</p>

<p>Los Endur Cargo Shorts C3 son pantalones cortos de ciclismo elásticos y funcionales diseñados para los entusiastas de la grava de todo tipo.</p>
