{"id":229957,"date":"2026-03-04T07:02:44","date_gmt":"2026-03-04T06:02:44","guid":{"rendered":"https:\/\/grupotextil.es\/producto\/classic-roundneck\/"},"modified":"2026-04-26T04:05:50","modified_gmt":"2026-04-26T02:05:50","slug":"classic-roundneck","status":"publish","type":"product","link":"https:\/\/grupotextil.es\/en\/product\/classic-roundneck\/","title":{"rendered":"Classic Roundneck"},"content":{"rendered":"<p>Sudadera cuello redondo unisex con costuras a tono. Canal\u00e9 2&#215;2. Bolsillo lateral oculto con cremallera.<\/p>\n<p><strong>Composici\u00f3n:<\/strong> 80% Algod\u00f3n, 20% Poli\u00e9ster (antracita marengo [955] 60% algod\u00f3n, 40% poli\u00e9ster. Gris marengo [95] 85% algod\u00f3n 15% viscosa). | <strong>Peso:<\/strong> 300 g\/m2 | <strong>Tallas:<\/strong> XS-5XL (565, 676: XS-3XL)<\/p>","protected":false},"excerpt":{"rendered":"<p>Sudadera cuello redondo unisex con costuras a tono. Canal\u00e9 2&#215;2. Bolsillo lateral oculto con cremallera.<\/p>","protected":false},"featured_media":236451,"comment_status":"open","ping_status":"closed","template":"","meta":{"_acf_changed":false},"product_brand":[10446],"product_cat":[15137,13980],"product_tag":[],"class_list":{"0":"post-229957","1":"product","2":"type-product","3":"status-publish","4":"has-post-thumbnail","6":"product_brand-clique","7":"product_cat-hombre-unisex-mujer","8":"product_cat-h-sudaderas","9":"tm-no-options","11":"first","12":"instock","13":"taxable","14":"shipping-taxable","15":"product-type-variable"},"acf":[],"_links":{"self":[{"href":"https:\/\/grupotextil.es\/en\/wp-json\/wp\/v2\/product\/229957","targetHints":{"allow":["GET"]}}],"collection":[{"href":"https:\/\/grupotextil.es\/en\/wp-json\/wp\/v2\/product"}],"about":[{"href":"https:\/\/grupotextil.es\/en\/wp-json\/wp\/v2\/types\/product"}],"replies":[{"embeddable":true,"href":"https:\/\/grupotextil.es\/en\/wp-json\/wp\/v2\/comments?post=229957"}],"wp:featuredmedia":[{"embeddable":true,"href":"https:\/\/grupotextil.es\/en\/wp-json\/wp\/v2\/media\/236451"}],"wp:attachment":[{"href":"https:\/\/grupotextil.es\/en\/wp-json\/wp\/v2\/media?parent=229957"}],"wp:term":[{"taxonomy":"product_brand","embeddable":true,"href":"https:\/\/grupotextil.es\/en\/wp-json\/wp\/v2\/product_brand?post=229957"},{"taxonomy":"product_cat","embeddable":true,"href":"https:\/\/grupotextil.es\/en\/wp-json\/wp\/v2\/product_cat?post=229957"},{"taxonomy":"product_tag","embeddable":true,"href":"https:\/\/grupotextil.es\/en\/wp-json\/wp\/v2\/product_tag?post=229957"}],"curies":[{"name":"wp","href":"https:\/\/api.w.org\/{rel}","templated":true}]}}

<p>Sudadera cuello redondo unisex con costuras a tono. Canalé 2&#215;2. Bolsillo lateral oculto con cremallera.</p>
<p><strong>Composición:</strong> 80% Algodón, 20% Poliéster (antracita marengo [955] 60% algodón, 40% poliéster. Gris marengo [95] 85% algodón 15% viscosa). | <strong>Peso:</strong> 300 g/m2 | <strong>Tallas:</strong> XS-5XL (565, 676: XS-3XL)</p>

<p>Sudadera cuello redondo unisex con costuras a tono. Canalé 2&#215;2. Bolsillo lateral oculto con cremallera.</p>
