{"id":230589,"date":"2026-03-04T07:09:19","date_gmt":"2026-03-04T06:09:19","guid":{"rendered":"https:\/\/grupotextil.es\/producto\/hardin-heights\/"},"modified":"2026-04-26T04:05:53","modified_gmt":"2026-04-26T02:05:53","slug":"hardin-heights","status":"publish","type":"product","link":"https:\/\/grupotextil.es\/en\/product\/hardin-heights\/","title":{"rendered":"Hardin Heights"},"content":{"rendered":"<p>Sudadera con capucha y mangas raglan, media luna en cuello. Cordones de ajuste a tono con punta de goma. Bolsillo frontal tipo canguro. Canal\u00e9 en pu\u00f1os y cintura. Certificado Oeko-Tex 100.<\/p>\n<p><strong>Composici\u00f3n:<\/strong> 85% algod\u00f3n org\u00e1nico, 15% poli\u00e9ster reciclado | <strong>Peso:<\/strong> 300 g\/m\u00b2 | <strong>Tallas:<\/strong> S-4XL<\/p>","protected":false},"excerpt":{"rendered":"<p>Sudadera con capucha y mangas raglan, media luna en cuello. Cordones de ajuste a tono con punta de goma. Bolsillo frontal tipo canguro. Canal\u00e9 en pu\u00f1os y cintura. Certificado Oeko-Tex 100.<\/p>","protected":false},"featured_media":236727,"comment_status":"open","ping_status":"closed","template":"","meta":{"_acf_changed":false},"product_brand":[10521],"product_cat":[13974,13975,13973],"product_tag":[],"class_list":{"0":"post-230589","1":"product","2":"type-product","3":"status-publish","4":"has-post-thumbnail","6":"product_brand-james-harvest","7":"product_cat-ropa-hombre","8":"product_cat-ropa-mujer","9":"product_cat-ropa","10":"tm-no-options","12":"first","13":"instock","14":"taxable","15":"shipping-taxable","16":"product-type-variable"},"acf":[],"_links":{"self":[{"href":"https:\/\/grupotextil.es\/en\/wp-json\/wp\/v2\/product\/230589","targetHints":{"allow":["GET"]}}],"collection":[{"href":"https:\/\/grupotextil.es\/en\/wp-json\/wp\/v2\/product"}],"about":[{"href":"https:\/\/grupotextil.es\/en\/wp-json\/wp\/v2\/types\/product"}],"replies":[{"embeddable":true,"href":"https:\/\/grupotextil.es\/en\/wp-json\/wp\/v2\/comments?post=230589"}],"wp:featuredmedia":[{"embeddable":true,"href":"https:\/\/grupotextil.es\/en\/wp-json\/wp\/v2\/media\/236727"}],"wp:attachment":[{"href":"https:\/\/grupotextil.es\/en\/wp-json\/wp\/v2\/media?parent=230589"}],"wp:term":[{"taxonomy":"product_brand","embeddable":true,"href":"https:\/\/grupotextil.es\/en\/wp-json\/wp\/v2\/product_brand?post=230589"},{"taxonomy":"product_cat","embeddable":true,"href":"https:\/\/grupotextil.es\/en\/wp-json\/wp\/v2\/product_cat?post=230589"},{"taxonomy":"product_tag","embeddable":true,"href":"https:\/\/grupotextil.es\/en\/wp-json\/wp\/v2\/product_tag?post=230589"}],"curies":[{"name":"wp","href":"https:\/\/api.w.org\/{rel}","templated":true}]}}

<p>Sudadera con capucha y mangas raglan, media luna en cuello. Cordones de ajuste a tono con punta de goma. Bolsillo frontal tipo canguro. Canalé en puños y cintura. Certificado Oeko-Tex 100.</p>
<p><strong>Composición:</strong> 85% algodón orgánico, 15% poliéster reciclado | <strong>Peso:</strong> 300 g/m² | <strong>Tallas:</strong> S-4XL</p>

<p>Sudadera con capucha y mangas raglan, media luna en cuello. Cordones de ajuste a tono con punta de goma. Bolsillo frontal tipo canguro. Canalé en puños y cintura. Certificado Oeko-Tex 100.</p>
