{"id":230941,"date":"2026-03-04T07:12:56","date_gmt":"2026-03-04T06:12:56","guid":{"rendered":"https:\/\/grupotextil.es\/producto\/6445-chaqueta-tecnica-3-en-1-clase-3-2\/"},"modified":"2026-04-26T04:05:54","modified_gmt":"2026-04-26T02:05:54","slug":"6445-chaqueta-tecnica-3-en-1-clase-3-2","status":"publish","type":"product","link":"https:\/\/grupotextil.es\/en\/product\/6445-chaqueta-tecnica-3-en-1-clase-3-2\/","title":{"rendered":"6445 CHAQUETA T\u00c9CNICA 3-EN-1 CLASE 3\/2"},"content":{"rendered":"<p>Chaqueta resistente a agua y viento con chaqueta interior extra\u00edble. Chaqueta principal con cremallera central y solapa externa para prevenir que penetre el agua, botones a presi\u00f3n. Bolsillos en pecho verticales con cremalleras resistentes a agua, el izquierdo ideal para tarjeta identificativa. Bolsillos laterales espaciosos. Capucha extra\u00edble, ajustable con cord\u00f3n. Cintura ajustable. Pu\u00f1os con Velcro, pu\u00f1os interiores extra con agujero para pulgar. Chaqueta interior (art nr 6444). Bolsillos laterales con cremalleras, bolsillo en pecho con cremallera y enganche para tarjeta identificativa. Bolsillos interiores con cremallera y bolsillo para m\u00f3vil con Velcro.<\/p>\n<p><strong>Composici\u00f3n:<\/strong> 100% poli\u00e9ster | <strong>Peso:<\/strong> 160 g\/m\u00b2 | <strong>Tallas:<\/strong> XS-4XL<\/p>","protected":false},"excerpt":{"rendered":"<p>Chaqueta resistente a agua y viento con chaqueta interior extra\u00edble. Chaqueta principal con cremallera central y solapa externa para prevenir que penetre el agua, botones a presi\u00f3n. Bolsillos en pecho verticales con cremalleras resistentes a agua, el<\/p>","protected":false},"featured_media":236781,"comment_status":"open","ping_status":"closed","template":"","meta":{"_acf_changed":false},"product_brand":[10531],"product_cat":[13998],"product_tag":[],"class_list":{"0":"post-230941","1":"product","2":"type-product","3":"status-publish","4":"has-post-thumbnail","6":"product_brand-projob","7":"product_cat-n-chaquetas","8":"tm-no-options","10":"first","11":"instock","12":"taxable","13":"shipping-taxable","14":"product-type-variable"},"acf":[],"_links":{"self":[{"href":"https:\/\/grupotextil.es\/en\/wp-json\/wp\/v2\/product\/230941","targetHints":{"allow":["GET"]}}],"collection":[{"href":"https:\/\/grupotextil.es\/en\/wp-json\/wp\/v2\/product"}],"about":[{"href":"https:\/\/grupotextil.es\/en\/wp-json\/wp\/v2\/types\/product"}],"replies":[{"embeddable":true,"href":"https:\/\/grupotextil.es\/en\/wp-json\/wp\/v2\/comments?post=230941"}],"wp:featuredmedia":[{"embeddable":true,"href":"https:\/\/grupotextil.es\/en\/wp-json\/wp\/v2\/media\/236781"}],"wp:attachment":[{"href":"https:\/\/grupotextil.es\/en\/wp-json\/wp\/v2\/media?parent=230941"}],"wp:term":[{"taxonomy":"product_brand","embeddable":true,"href":"https:\/\/grupotextil.es\/en\/wp-json\/wp\/v2\/product_brand?post=230941"},{"taxonomy":"product_cat","embeddable":true,"href":"https:\/\/grupotextil.es\/en\/wp-json\/wp\/v2\/product_cat?post=230941"},{"taxonomy":"product_tag","embeddable":true,"href":"https:\/\/grupotextil.es\/en\/wp-json\/wp\/v2\/product_tag?post=230941"}],"curies":[{"name":"wp","href":"https:\/\/api.w.org\/{rel}","templated":true}]}}

6445 CHAQUETA TÉCNICA 3-EN-1 CLASE 3/2

<p>Chaqueta resistente a agua y viento con chaqueta interior extraíble. Chaqueta principal con cremallera central y solapa externa para prevenir que penetre el agua, botones a presión. Bolsillos en pecho verticales con cremalleras resistentes a agua, el izquierdo ideal para tarjeta identificativa. Bolsillos laterales espaciosos. Capucha extraíble, ajustable con cordón. Cintura ajustable. Puños con Velcro, puños interiores extra con agujero para pulgar. Chaqueta interior (art nr 6444). Bolsillos laterales con cremalleras, bolsillo en pecho con cremallera y enganche para tarjeta identificativa. Bolsillos interiores con cremallera y bolsillo para móvil con Velcro.</p>
<p><strong>Composición:</strong> 100% poliéster | <strong>Peso:</strong> 160 g/m² | <strong>Tallas:</strong> XS-4XL</p>

<p>Chaqueta resistente a agua y viento con chaqueta interior extraíble. Chaqueta principal con cremallera central y solapa externa para prevenir que penetre el agua, botones a presión. Bolsillos en pecho verticales con cremalleras resistentes a agua, el</p>
