{"id":231417,"date":"2026-03-04T07:17:55","date_gmt":"2026-03-04T06:17:55","guid":{"rendered":"https:\/\/grupotextil.es\/producto\/3101-termica\/"},"modified":"2026-04-26T04:05:57","modified_gmt":"2026-04-26T02:05:57","slug":"3101-termica","status":"publish","type":"product","link":"https:\/\/grupotextil.es\/en\/product\/3101-termica\/","title":{"rendered":"3101 T\u00c9RMICA"},"content":{"rendered":"<p>Camiseta interior funcional con cuello redondo. Se ajusta al cuerpo. Mangas ragl\u00e1n para mayor libertad de movimientos. Espalda alargada. Sin costuras laterales para evitar rozaduras e irritaciones. Pu\u00f1o de punto en el extremo de la manga. Bicolor con costuras planas en color a contraste.<\/p>\n<p><strong>Composici\u00f3n:<\/strong> 100% poli\u00e9ster, 135 g\/m2 | <strong>Peso:<\/strong> 135 g\/m\u00b2 | <strong>Tallas:<\/strong> XS-3XL<\/p>","protected":false},"excerpt":{"rendered":"<p>Camiseta interior funcional con cuello redondo. Se ajusta al cuerpo. Mangas ragl\u00e1n para mayor libertad de movimientos. Espalda alargada. Sin costuras laterales para evitar rozaduras e irritaciones. Pu\u00f1o de punto en el extremo de la manga. Bicolor con<\/p>","protected":false},"featured_media":236865,"comment_status":"open","ping_status":"closed","template":"","meta":{"_acf_changed":false},"product_brand":[10531],"product_cat":[15147],"product_tag":[],"class_list":{"0":"post-231417","1":"product","2":"type-product","3":"status-publish","4":"has-post-thumbnail","6":"product_brand-projob","7":"product_cat-new-wave","8":"tm-no-options","10":"first","11":"instock","12":"taxable","13":"shipping-taxable","14":"product-type-variable"},"acf":[],"_links":{"self":[{"href":"https:\/\/grupotextil.es\/en\/wp-json\/wp\/v2\/product\/231417","targetHints":{"allow":["GET"]}}],"collection":[{"href":"https:\/\/grupotextil.es\/en\/wp-json\/wp\/v2\/product"}],"about":[{"href":"https:\/\/grupotextil.es\/en\/wp-json\/wp\/v2\/types\/product"}],"replies":[{"embeddable":true,"href":"https:\/\/grupotextil.es\/en\/wp-json\/wp\/v2\/comments?post=231417"}],"wp:featuredmedia":[{"embeddable":true,"href":"https:\/\/grupotextil.es\/en\/wp-json\/wp\/v2\/media\/236865"}],"wp:attachment":[{"href":"https:\/\/grupotextil.es\/en\/wp-json\/wp\/v2\/media?parent=231417"}],"wp:term":[{"taxonomy":"product_brand","embeddable":true,"href":"https:\/\/grupotextil.es\/en\/wp-json\/wp\/v2\/product_brand?post=231417"},{"taxonomy":"product_cat","embeddable":true,"href":"https:\/\/grupotextil.es\/en\/wp-json\/wp\/v2\/product_cat?post=231417"},{"taxonomy":"product_tag","embeddable":true,"href":"https:\/\/grupotextil.es\/en\/wp-json\/wp\/v2\/product_tag?post=231417"}],"curies":[{"name":"wp","href":"https:\/\/api.w.org\/{rel}","templated":true}]}}

3101 TÉRMICA

<p>Camiseta interior funcional con cuello redondo. Se ajusta al cuerpo. Mangas raglán para mayor libertad de movimientos. Espalda alargada. Sin costuras laterales para evitar rozaduras e irritaciones. Puño de punto en el extremo de la manga. Bicolor con costuras planas en color a contraste.</p>
<p><strong>Composición:</strong> 100% poliéster, 135 g/m2 | <strong>Peso:</strong> 135 g/m² | <strong>Tallas:</strong> XS-3XL</p>

<p>Camiseta interior funcional con cuello redondo. Se ajusta al cuerpo. Mangas raglán para mayor libertad de movimientos. Espalda alargada. Sin costuras laterales para evitar rozaduras e irritaciones. Puño de punto en el extremo de la manga. Bicolor con</p>
