{"id":231456,"date":"2026-03-04T07:18:19","date_gmt":"2026-03-04T06:18:19","guid":{"rendered":"https:\/\/grupotextil.es\/producto\/6203-coverall-clase-3\/"},"modified":"2026-04-26T04:05:57","modified_gmt":"2026-04-26T02:05:57","slug":"6203-coverall-clase-3","status":"publish","type":"product","link":"https:\/\/grupotextil.es\/en\/product\/6203-coverall-clase-3\/","title":{"rendered":"6203 COVERALL CLASE 3"},"content":{"rendered":"<p>Mono con cremallera bidireccional en la parte delantera, cubierta con solapa y cierre de velcro. Bolsillos en pecho con cierre de velcro en ambos lados, gancho para tarjeta identificativa en el lado derecho. Amplios bolsillos laterales. Bolsillos interiores a ambos lados, el izquierdo con cremallera y el derecho con velcro. Cintura interior ajustable con cord\u00f3n. Bolsillos en piernas, en el lado izquierdo bolsillo con solapa y cierre de velcro, bolsillo interior para m\u00f3vil y gancho para tarjeta identificativa. En el lado derecho bolsillo para cinta m\u00e9trica y bolsillo con bot\u00f3n para herramientas, tambi\u00e9n con presilla para martillo. Bolsillos traseros de anchura extra, con solapa y cierre de velcro. Para mayor libertad de movimientos, el mono tiene un pliegue en la espalda y un panel el\u00e1stico a lo largo de la cintura. Cintura interior ajustable con cord\u00f3n, pu\u00f1os y dobladillos de las piernas ajustables con velcro. Bolsillos internos para protectores de rodilla, ajustables a dos niveles de altura.<\/p>\n<p><strong>Composici\u00f3n:<\/strong> 75% poli\u00e9ster, 25% algod\u00f3n | <strong>Peso:<\/strong> 250 g\/m\u00b2 | <strong>Tallas:<\/strong> C44-C62<\/p>","protected":false},"excerpt":{"rendered":"<p>Mono con cremallera bidireccional en la parte delantera, cubierta con solapa y cierre de velcro. Bolsillos en pecho con cierre de velcro en ambos lados, gancho para tarjeta identificativa en el lado derecho. Amplios bolsillos laterales. Bolsillos int<\/p>","protected":false},"featured_media":236873,"comment_status":"open","ping_status":"closed","template":"","meta":{"_acf_changed":false},"product_brand":[10531],"product_cat":[15147],"product_tag":[],"class_list":{"0":"post-231456","1":"product","2":"type-product","3":"status-publish","4":"has-post-thumbnail","6":"product_brand-projob","7":"product_cat-new-wave","8":"tm-no-options","10":"first","11":"instock","12":"taxable","13":"shipping-taxable","14":"product-type-variable"},"acf":[],"_links":{"self":[{"href":"https:\/\/grupotextil.es\/en\/wp-json\/wp\/v2\/product\/231456","targetHints":{"allow":["GET"]}}],"collection":[{"href":"https:\/\/grupotextil.es\/en\/wp-json\/wp\/v2\/product"}],"about":[{"href":"https:\/\/grupotextil.es\/en\/wp-json\/wp\/v2\/types\/product"}],"replies":[{"embeddable":true,"href":"https:\/\/grupotextil.es\/en\/wp-json\/wp\/v2\/comments?post=231456"}],"wp:featuredmedia":[{"embeddable":true,"href":"https:\/\/grupotextil.es\/en\/wp-json\/wp\/v2\/media\/236873"}],"wp:attachment":[{"href":"https:\/\/grupotextil.es\/en\/wp-json\/wp\/v2\/media?parent=231456"}],"wp:term":[{"taxonomy":"product_brand","embeddable":true,"href":"https:\/\/grupotextil.es\/en\/wp-json\/wp\/v2\/product_brand?post=231456"},{"taxonomy":"product_cat","embeddable":true,"href":"https:\/\/grupotextil.es\/en\/wp-json\/wp\/v2\/product_cat?post=231456"},{"taxonomy":"product_tag","embeddable":true,"href":"https:\/\/grupotextil.es\/en\/wp-json\/wp\/v2\/product_tag?post=231456"}],"curies":[{"name":"wp","href":"https:\/\/api.w.org\/{rel}","templated":true}]}}

<p>Mono con cremallera bidireccional en la parte delantera, cubierta con solapa y cierre de velcro. Bolsillos en pecho con cierre de velcro en ambos lados, gancho para tarjeta identificativa en el lado derecho. Amplios bolsillos laterales. Bolsillos interiores a ambos lados, el izquierdo con cremallera y el derecho con velcro. Cintura interior ajustable con cordón. Bolsillos en piernas, en el lado izquierdo bolsillo con solapa y cierre de velcro, bolsillo interior para móvil y gancho para tarjeta identificativa. En el lado derecho bolsillo para cinta métrica y bolsillo con botón para herramientas, también con presilla para martillo. Bolsillos traseros de anchura extra, con solapa y cierre de velcro. Para mayor libertad de movimientos, el mono tiene un pliegue en la espalda y un panel elástico a lo largo de la cintura. Cintura interior ajustable con cordón, puños y dobladillos de las piernas ajustables con velcro. Bolsillos internos para protectores de rodilla, ajustables a dos niveles de altura.</p>
<p><strong>Composición:</strong> 75% poliéster, 25% algodón | <strong>Peso:</strong> 250 g/m² | <strong>Tallas:</strong> C44-C62</p>
