{"id":231463,"date":"2026-03-04T07:18:23","date_gmt":"2026-03-04T06:18:23","guid":{"rendered":"https:\/\/grupotextil.es\/producto\/adv-essence-2-in-1-shorts-2-w\/"},"modified":"2026-04-26T04:05:57","modified_gmt":"2026-04-26T02:05:57","slug":"adv-essence-2-in-1-shorts-2-w","status":"publish","type":"product","link":"https:\/\/grupotextil.es\/en\/product\/adv-essence-2-in-1-shorts-2-w\/","title":{"rendered":"ADV Essence 2-In-1 Shorts 2 W"},"content":{"rendered":"<p>Los ADV Essence 2-ini-1 Shorts 2 son unos avanzados pantalones cortos de entrenamiento confeccionados con un tejido el\u00e1stico dise\u00f1ado para la mayor\u00eda de actividades f\u00edsicas intensas. Estos pantalones cortos altamente funcionales cuentan con mallas interiores, cintura de jersey ancha y el\u00e1stica con cord\u00f3n, un bolsillo para el tel\u00e9fono y un peque\u00f1o bolsillo para las llaves.<\/p>\n<p>\u2022 Tejido el\u00e1stico funcional de poli\u00e9ster y elastano reciclados<\/p>\n<p>\u2022 Mallas interiores para una sujeci\u00f3n \u00f3ptima<\/p>\n<p>\u2022 Cintura ancha de punto el\u00e1stico<\/p>\n<p>\u2022 Cord\u00f3n de ajuste en el interior de la cintura<\/p>\n<p>\u2022 Bolsillo para el tel\u00e9fono en las mallas interiores<\/p>\n<p>\u2022 Bolsillo para las llaves<\/p>\n<p>\u2022 Estampados reflectantes<\/p>\n<p>\u2022 Largo de la entrepierna: aprox. 9\u00a0cm en la talla M<\/p>\n<p><strong>Composici\u00f3n:<\/strong> Body 100% Polyester Recycled, Lining Body 77% Polyester Recycled, 23% Elastane | <strong>Tallas:<\/strong> XS-XXL<\/p>","protected":false},"excerpt":{"rendered":"<p>Los ADV Essence 2-ini-1 Shorts 2 son unos avanzados pantalones cortos de entrenamiento confeccionados con un tejido el\u00e1stico dise\u00f1ado para la mayor\u00eda de actividades f\u00edsicas intensas. Estos pantalones cortos altamente funcionales cuentan con mallas in<\/p>","protected":false},"featured_media":236875,"comment_status":"open","ping_status":"closed","template":"","meta":{"_acf_changed":false},"product_brand":[10489],"product_cat":[13983],"product_tag":[],"class_list":{"0":"post-231463","1":"product","2":"type-product","3":"status-publish","4":"has-post-thumbnail","6":"product_brand-craft","7":"product_cat-h-pantalones","8":"tm-no-options","10":"first","11":"instock","12":"taxable","13":"shipping-taxable","14":"product-type-variable"},"acf":[],"_links":{"self":[{"href":"https:\/\/grupotextil.es\/en\/wp-json\/wp\/v2\/product\/231463","targetHints":{"allow":["GET"]}}],"collection":[{"href":"https:\/\/grupotextil.es\/en\/wp-json\/wp\/v2\/product"}],"about":[{"href":"https:\/\/grupotextil.es\/en\/wp-json\/wp\/v2\/types\/product"}],"replies":[{"embeddable":true,"href":"https:\/\/grupotextil.es\/en\/wp-json\/wp\/v2\/comments?post=231463"}],"wp:featuredmedia":[{"embeddable":true,"href":"https:\/\/grupotextil.es\/en\/wp-json\/wp\/v2\/media\/236875"}],"wp:attachment":[{"href":"https:\/\/grupotextil.es\/en\/wp-json\/wp\/v2\/media?parent=231463"}],"wp:term":[{"taxonomy":"product_brand","embeddable":true,"href":"https:\/\/grupotextil.es\/en\/wp-json\/wp\/v2\/product_brand?post=231463"},{"taxonomy":"product_cat","embeddable":true,"href":"https:\/\/grupotextil.es\/en\/wp-json\/wp\/v2\/product_cat?post=231463"},{"taxonomy":"product_tag","embeddable":true,"href":"https:\/\/grupotextil.es\/en\/wp-json\/wp\/v2\/product_tag?post=231463"}],"curies":[{"name":"wp","href":"https:\/\/api.w.org\/{rel}","templated":true}]}}

<p>Los ADV Essence 2-ini-1 Shorts 2 son unos avanzados pantalones cortos de entrenamiento confeccionados con un tejido elástico diseñado para la mayoría de actividades físicas intensas. Estos pantalones cortos altamente funcionales cuentan con mallas interiores, cintura de jersey ancha y elástica con cordón, un bolsillo para el teléfono y un pequeño bolsillo para las llaves.</p>
<p>• Tejido elástico funcional de poliéster y elastano reciclados</p>
<p>• Mallas interiores para una sujeción óptima</p>
<p>• Cintura ancha de punto elástico</p>
<p>• Cordón de ajuste en el interior de la cintura</p>
<p>• Bolsillo para el teléfono en las mallas interiores</p>
<p>• Bolsillo para las llaves</p>
<p>• Estampados reflectantes</p>
<p>• Largo de la entrepierna: aprox. 9 cm en la talla M</p>
<p><strong>Composición:</strong> Body 100% Polyester Recycled, Lining Body 77% Polyester Recycled, 23% Elastane | <strong>Tallas:</strong> XS-XXL</p>

<p>Los ADV Essence 2-ini-1 Shorts 2 son unos avanzados pantalones cortos de entrenamiento confeccionados con un tejido elástico diseñado para la mayoría de actividades físicas intensas. Estos pantalones cortos altamente funcionales cuentan con mallas in</p>
