{"id":231505,"date":"2026-03-04T07:18:50","date_gmt":"2026-03-04T06:18:50","guid":{"rendered":"https:\/\/grupotextil.es\/producto\/6202-coverall-acolchado-clase-3\/"},"modified":"2026-04-26T04:05:58","modified_gmt":"2026-04-26T02:05:58","slug":"6202-coverall-acolchado-clase-3","status":"publish","type":"product","link":"https:\/\/grupotextil.es\/en\/product\/6202-coverall-acolchado-clase-3\/","title":{"rendered":"6202 COVERALL ACOLCHADO CLASE 3"},"content":{"rendered":"<p>Mono impermeable y cortaviento con costuras selladas. Cremallera bidireccional en la parte delantera, cubierta con solapa y cierre de velcro. Bolsillos en pecho con cierre de velcro en ambos lados, gancho para tarjeta de identificaci\u00f3n en el lado derecho. Amplios bolsillos laterales. Bolsillos interiores a ambos lados, el izquierdo con cremallera y el derecho con velcro. Cintura el\u00e1stica con trabillas para cintur\u00f3n. Bolsillos en los muslos con solapa y cierre de velcro. En la pierna derecha bolsillo para cinta m\u00e9trica y bolsillo con bot\u00f3n para herramientas. Bolsillos traseros de anchura extra, con solapa y cierre de velcro. Pliegue en espalda para mayor libertad de movimientos. Cintura interior ajustable con cord\u00f3n, pu\u00f1os y dobladillos de las piernas ajustables con velcro. Cremalleras bidireccionales a lo largo de ambas piernas hasta la cintura para facilitar el vestirse y desvestirse. Bolsillos internos para protectores de rodilla, ajustables a dos niveles de altura.<\/p>\n<p><strong>Composici\u00f3n:<\/strong> 100% poli\u00e9ster | <strong>Peso:<\/strong> 205 g\/m\u00b2 | <strong>Tallas:<\/strong> C44-C62<\/p>","protected":false},"excerpt":{"rendered":"<p>Mono impermeable y cortaviento con costuras selladas. Cremallera bidireccional en la parte delantera, cubierta con solapa y cierre de velcro. Bolsillos en pecho con cierre de velcro en ambos lados, gancho para tarjeta de identificaci\u00f3n en el lado der<\/p>","protected":false},"featured_media":236880,"comment_status":"open","ping_status":"closed","template":"","meta":{"_acf_changed":false},"product_brand":[10531],"product_cat":[15147],"product_tag":[],"class_list":{"0":"post-231505","1":"product","2":"type-product","3":"status-publish","4":"has-post-thumbnail","6":"product_brand-projob","7":"product_cat-new-wave","8":"tm-no-options","10":"first","11":"instock","12":"taxable","13":"shipping-taxable","14":"product-type-variable"},"acf":[],"_links":{"self":[{"href":"https:\/\/grupotextil.es\/en\/wp-json\/wp\/v2\/product\/231505","targetHints":{"allow":["GET"]}}],"collection":[{"href":"https:\/\/grupotextil.es\/en\/wp-json\/wp\/v2\/product"}],"about":[{"href":"https:\/\/grupotextil.es\/en\/wp-json\/wp\/v2\/types\/product"}],"replies":[{"embeddable":true,"href":"https:\/\/grupotextil.es\/en\/wp-json\/wp\/v2\/comments?post=231505"}],"wp:featuredmedia":[{"embeddable":true,"href":"https:\/\/grupotextil.es\/en\/wp-json\/wp\/v2\/media\/236880"}],"wp:attachment":[{"href":"https:\/\/grupotextil.es\/en\/wp-json\/wp\/v2\/media?parent=231505"}],"wp:term":[{"taxonomy":"product_brand","embeddable":true,"href":"https:\/\/grupotextil.es\/en\/wp-json\/wp\/v2\/product_brand?post=231505"},{"taxonomy":"product_cat","embeddable":true,"href":"https:\/\/grupotextil.es\/en\/wp-json\/wp\/v2\/product_cat?post=231505"},{"taxonomy":"product_tag","embeddable":true,"href":"https:\/\/grupotextil.es\/en\/wp-json\/wp\/v2\/product_tag?post=231505"}],"curies":[{"name":"wp","href":"https:\/\/api.w.org\/{rel}","templated":true}]}}

<p>Mono impermeable y cortaviento con costuras selladas. Cremallera bidireccional en la parte delantera, cubierta con solapa y cierre de velcro. Bolsillos en pecho con cierre de velcro en ambos lados, gancho para tarjeta de identificación en el lado derecho. Amplios bolsillos laterales. Bolsillos interiores a ambos lados, el izquierdo con cremallera y el derecho con velcro. Cintura elástica con trabillas para cinturón. Bolsillos en los muslos con solapa y cierre de velcro. En la pierna derecha bolsillo para cinta métrica y bolsillo con botón para herramientas. Bolsillos traseros de anchura extra, con solapa y cierre de velcro. Pliegue en espalda para mayor libertad de movimientos. Cintura interior ajustable con cordón, puños y dobladillos de las piernas ajustables con velcro. Cremalleras bidireccionales a lo largo de ambas piernas hasta la cintura para facilitar el vestirse y desvestirse. Bolsillos internos para protectores de rodilla, ajustables a dos niveles de altura.</p>
<p><strong>Composición:</strong> 100% poliéster | <strong>Peso:</strong> 205 g/m² | <strong>Tallas:</strong> C44-C62</p>

<p>Mono impermeable y cortaviento con costuras selladas. Cremallera bidireccional en la parte delantera, cubierta con solapa y cierre de velcro. Bolsillos en pecho con cierre de velcro en ambos lados, gancho para tarjeta de identificación en el lado der</p>
