{"id":231584,"date":"2026-03-04T07:19:46","date_gmt":"2026-03-04T06:19:46","guid":{"rendered":"https:\/\/grupotextil.es\/producto\/6442-chaqueta-tecnica-hv-clase-1\/"},"modified":"2026-04-26T04:05:58","modified_gmt":"2026-04-26T02:05:58","slug":"6442-chaqueta-tecnica-hv-clase-1","status":"publish","type":"product","link":"https:\/\/grupotextil.es\/en\/product\/6442-chaqueta-tecnica-hv-clase-1\/","title":{"rendered":"6442 CHAQUETA T\u00c9CNICA HV CLASE 1"},"content":{"rendered":"<p>Chaqueta resistente a viento y agua en material ligero el\u00e1stico. Costuras selladas y cremallera frontal resistente al agua. Protecci\u00f3n interna para la barbilla. Bolsillos laterales con cremallera. Ranura para el pulgar en pu\u00f1os. Gran flexibilidad.<\/p>\n<p><strong>Composici\u00f3n:<\/strong> 100% poli\u00e9ster, 140g\/m2 | <strong>Peso:<\/strong> 140 g\/m\u00b2 | <strong>Tallas:<\/strong> XS-4XL<\/p>","protected":false},"excerpt":{"rendered":"<p>Chaqueta resistente a viento y agua en material ligero el\u00e1stico. Costuras selladas y cremallera frontal resistente al agua. Protecci\u00f3n interna para la barbilla. Bolsillos laterales con cremallera. Ranura para el pulgar en pu\u00f1os. Gran flexibilidad.<\/p>","protected":false},"featured_media":236894,"comment_status":"open","ping_status":"closed","template":"","meta":{"_acf_changed":false},"product_brand":[10531],"product_cat":[13998],"product_tag":[],"class_list":{"0":"post-231584","1":"product","2":"type-product","3":"status-publish","4":"has-post-thumbnail","6":"product_brand-projob","7":"product_cat-n-chaquetas","8":"tm-no-options","10":"first","11":"instock","12":"taxable","13":"shipping-taxable","14":"product-type-variable"},"acf":[],"_links":{"self":[{"href":"https:\/\/grupotextil.es\/en\/wp-json\/wp\/v2\/product\/231584","targetHints":{"allow":["GET"]}}],"collection":[{"href":"https:\/\/grupotextil.es\/en\/wp-json\/wp\/v2\/product"}],"about":[{"href":"https:\/\/grupotextil.es\/en\/wp-json\/wp\/v2\/types\/product"}],"replies":[{"embeddable":true,"href":"https:\/\/grupotextil.es\/en\/wp-json\/wp\/v2\/comments?post=231584"}],"wp:featuredmedia":[{"embeddable":true,"href":"https:\/\/grupotextil.es\/en\/wp-json\/wp\/v2\/media\/236894"}],"wp:attachment":[{"href":"https:\/\/grupotextil.es\/en\/wp-json\/wp\/v2\/media?parent=231584"}],"wp:term":[{"taxonomy":"product_brand","embeddable":true,"href":"https:\/\/grupotextil.es\/en\/wp-json\/wp\/v2\/product_brand?post=231584"},{"taxonomy":"product_cat","embeddable":true,"href":"https:\/\/grupotextil.es\/en\/wp-json\/wp\/v2\/product_cat?post=231584"},{"taxonomy":"product_tag","embeddable":true,"href":"https:\/\/grupotextil.es\/en\/wp-json\/wp\/v2\/product_tag?post=231584"}],"curies":[{"name":"wp","href":"https:\/\/api.w.org\/{rel}","templated":true}]}}

6442 CHAQUETA TÉCNICA HV CLASE 1

<p>Chaqueta resistente a viento y agua en material ligero elástico. Costuras selladas y cremallera frontal resistente al agua. Protección interna para la barbilla. Bolsillos laterales con cremallera. Ranura para el pulgar en puños. Gran flexibilidad.</p>
<p><strong>Composición:</strong> 100% poliéster, 140g/m2 | <strong>Peso:</strong> 140 g/m² | <strong>Tallas:</strong> XS-4XL</p>

<p>Chaqueta resistente a viento y agua en material ligero elástico. Costuras selladas y cremallera frontal resistente al agua. Protección interna para la barbilla. Bolsillos laterales con cremallera. Ranura para el pulgar en puños. Gran flexibilidad.</p>
