{"id":231766,"date":"2026-03-04T07:21:47","date_gmt":"2026-03-04T06:21:47","guid":{"rendered":"https:\/\/grupotextil.es\/producto\/milford-jacket-women\/"},"modified":"2026-04-26T04:05:59","modified_gmt":"2026-04-26T02:05:59","slug":"milford-jacket-women","status":"publish","type":"product","link":"https:\/\/grupotextil.es\/en\/product\/milford-jacket-women\/","title":{"rendered":"Milford Jacket Women"},"content":{"rendered":"<p>Chaqueta Softshell t\u00e9cnica con dos bolsillos laterales y reflectante alrededor del bolsillo frontal. Tejido el\u00e1stico de triple capa con membrana transpirable. Dos bolsillos interiores. Capucha extra\u00edble. Pu\u00f1os y cintura ajustables. TPU Membrana + Polar.<\/p>\n<p><strong>Composici\u00f3n:<\/strong> Tejido exterior: 96% poli\u00e9ster, 4% spandex. Forro: 100% poli\u00e9ster. WP 3000\/MVP 3000 | <strong>Peso:<\/strong> 280 g\/m2 | <strong>Tallas:<\/strong> S-XXL (580, 99: S-3XL)<\/p>","protected":false},"excerpt":{"rendered":"<p>Chaqueta Softshell t\u00e9cnica con dos bolsillos laterales y reflectante alrededor del bolsillo frontal. Tejido el\u00e1stico de triple capa con membrana transpirable. Dos bolsillos interiores. Capucha extra\u00edble. Pu\u00f1os y cintura ajustables. TPU Membrana + Pol<\/p>","protected":false},"featured_media":236926,"comment_status":"open","ping_status":"closed","template":"","meta":{"_acf_changed":false},"product_brand":[10446],"product_cat":[13998],"product_tag":[],"class_list":{"0":"post-231766","1":"product","2":"type-product","3":"status-publish","4":"has-post-thumbnail","6":"product_brand-clique","7":"product_cat-n-chaquetas","8":"tm-no-options","10":"first","11":"instock","12":"taxable","13":"shipping-taxable","14":"product-type-variable"},"acf":[],"_links":{"self":[{"href":"https:\/\/grupotextil.es\/en\/wp-json\/wp\/v2\/product\/231766","targetHints":{"allow":["GET"]}}],"collection":[{"href":"https:\/\/grupotextil.es\/en\/wp-json\/wp\/v2\/product"}],"about":[{"href":"https:\/\/grupotextil.es\/en\/wp-json\/wp\/v2\/types\/product"}],"replies":[{"embeddable":true,"href":"https:\/\/grupotextil.es\/en\/wp-json\/wp\/v2\/comments?post=231766"}],"wp:featuredmedia":[{"embeddable":true,"href":"https:\/\/grupotextil.es\/en\/wp-json\/wp\/v2\/media\/236926"}],"wp:attachment":[{"href":"https:\/\/grupotextil.es\/en\/wp-json\/wp\/v2\/media?parent=231766"}],"wp:term":[{"taxonomy":"product_brand","embeddable":true,"href":"https:\/\/grupotextil.es\/en\/wp-json\/wp\/v2\/product_brand?post=231766"},{"taxonomy":"product_cat","embeddable":true,"href":"https:\/\/grupotextil.es\/en\/wp-json\/wp\/v2\/product_cat?post=231766"},{"taxonomy":"product_tag","embeddable":true,"href":"https:\/\/grupotextil.es\/en\/wp-json\/wp\/v2\/product_tag?post=231766"}],"curies":[{"name":"wp","href":"https:\/\/api.w.org\/{rel}","templated":true}]}}

<p>Chaqueta Softshell técnica con dos bolsillos laterales y reflectante alrededor del bolsillo frontal. Tejido elástico de triple capa con membrana transpirable. Dos bolsillos interiores. Capucha extraíble. Puños y cintura ajustables. TPU Membrana + Polar.</p>
<p><strong>Composición:</strong> Tejido exterior: 96% poliéster, 4% spandex. Forro: 100% poliéster. WP 3000/MVP 3000 | <strong>Peso:</strong> 280 g/m2 | <strong>Tallas:</strong> S-XXL (580, 99: S-3XL)</p>

<p>Chaqueta Softshell técnica con dos bolsillos laterales y reflectante alrededor del bolsillo frontal. Tejido elástico de triple capa con membrana transpirable. Dos bolsillos interiores. Capucha extraíble. Puños y cintura ajustables. TPU Membrana + Pol</p>
