{"id":231966,"date":"2026-03-04T07:24:00","date_gmt":"2026-03-04T06:24:00","guid":{"rendered":"https:\/\/grupotextil.es\/producto\/malamute\/"},"modified":"2026-04-26T04:06:00","modified_gmt":"2026-04-26T02:06:00","slug":"malamute","status":"publish","type":"product","link":"https:\/\/grupotextil.es\/en\/product\/malamute\/","title":{"rendered":"Malamute"},"content":{"rendered":"<p>C\u00e1lida Parka unisex para cuando aprieta el fr\u00edo. Canal\u00e9 interior en pu\u00f1os, numerosos bolsillos y capucha desmontable.<\/p>\n<p><strong>Composici\u00f3n:<\/strong> Exterior Poliamida, forro y acolchado en 100% poli\u00e9ster. WP 5000\/MVP 3000. | <strong>Tallas:<\/strong> XXS-3XL<\/p>","protected":false},"excerpt":{"rendered":"<p>C\u00e1lida Parka unisex para cuando aprieta el fr\u00edo. Canal\u00e9 interior en pu\u00f1os, numerosos bolsillos y capucha desmontable.<\/p>","protected":false},"featured_media":236952,"comment_status":"open","ping_status":"closed","template":"","meta":{"_acf_changed":false},"product_brand":[10446],"product_cat":[13998],"product_tag":[],"class_list":{"0":"post-231966","1":"product","2":"type-product","3":"status-publish","4":"has-post-thumbnail","6":"product_brand-clique","7":"product_cat-n-chaquetas","8":"tm-no-options","10":"first","11":"instock","12":"taxable","13":"shipping-taxable","14":"product-type-variable"},"acf":[],"_links":{"self":[{"href":"https:\/\/grupotextil.es\/en\/wp-json\/wp\/v2\/product\/231966","targetHints":{"allow":["GET"]}}],"collection":[{"href":"https:\/\/grupotextil.es\/en\/wp-json\/wp\/v2\/product"}],"about":[{"href":"https:\/\/grupotextil.es\/en\/wp-json\/wp\/v2\/types\/product"}],"replies":[{"embeddable":true,"href":"https:\/\/grupotextil.es\/en\/wp-json\/wp\/v2\/comments?post=231966"}],"wp:featuredmedia":[{"embeddable":true,"href":"https:\/\/grupotextil.es\/en\/wp-json\/wp\/v2\/media\/236952"}],"wp:attachment":[{"href":"https:\/\/grupotextil.es\/en\/wp-json\/wp\/v2\/media?parent=231966"}],"wp:term":[{"taxonomy":"product_brand","embeddable":true,"href":"https:\/\/grupotextil.es\/en\/wp-json\/wp\/v2\/product_brand?post=231966"},{"taxonomy":"product_cat","embeddable":true,"href":"https:\/\/grupotextil.es\/en\/wp-json\/wp\/v2\/product_cat?post=231966"},{"taxonomy":"product_tag","embeddable":true,"href":"https:\/\/grupotextil.es\/en\/wp-json\/wp\/v2\/product_tag?post=231966"}],"curies":[{"name":"wp","href":"https:\/\/api.w.org\/{rel}","templated":true}]}}

<p>Cálida Parka unisex para cuando aprieta el frío. Canalé interior en puños, numerosos bolsillos y capucha desmontable.</p>
<p><strong>Composición:</strong> Exterior Poliamida, forro y acolchado en 100% poliéster. WP 5000/MVP 3000. | <strong>Tallas:</strong> XXS-3XL</p>

<p>Cálida Parka unisex para cuando aprieta el frío. Canalé interior en puños, numerosos bolsillos y capucha desmontable.</p>
