{"id":232120,"date":"2026-03-04T07:25:45","date_gmt":"2026-03-04T06:25:45","guid":{"rendered":"https:\/\/grupotextil.es\/producto\/sayville-shirt\/"},"modified":"2026-04-26T04:06:01","modified_gmt":"2026-04-26T02:06:01","slug":"sayville-shirt","status":"publish","type":"product","link":"https:\/\/grupotextil.es\/en\/product\/sayville-shirt\/","title":{"rendered":"Sayville Shirt"},"content":{"rendered":"<p>Camisa con aspecto vaquero, confeccionada en algod\u00f3n 100 % org\u00e1nico. Esta camisa tiene un cuello abotonado oculto y botones de color perla para conseguir un aspecto cl\u00e1sico de camisa vaquera. Disponible en corte entallado.<\/p>\n<p><strong>Composici\u00f3n:<\/strong> 100% Algod\u00f3n Org\u00e1nico | <strong>Peso:<\/strong> 135 g\/m\u00b2 | <strong>Tallas:<\/strong> S-4XL<\/p>","protected":false},"excerpt":{"rendered":"<p>Camisa con aspecto vaquero, confeccionada en algod\u00f3n 100 % org\u00e1nico. Esta camisa tiene un cuello abotonado oculto y botones de color perla para conseguir un aspecto cl\u00e1sico de camisa vaquera. Disponible en corte entallado.<\/p>","protected":false},"featured_media":236976,"comment_status":"open","ping_status":"closed","template":"","meta":{"_acf_changed":false},"product_brand":[10521],"product_cat":[15147],"product_tag":[],"class_list":{"0":"post-232120","1":"product","2":"type-product","3":"status-publish","4":"has-post-thumbnail","6":"product_brand-james-harvest","7":"product_cat-new-wave","8":"tm-no-options","10":"first","11":"instock","12":"taxable","13":"shipping-taxable","14":"product-type-variable"},"acf":[],"_links":{"self":[{"href":"https:\/\/grupotextil.es\/en\/wp-json\/wp\/v2\/product\/232120","targetHints":{"allow":["GET"]}}],"collection":[{"href":"https:\/\/grupotextil.es\/en\/wp-json\/wp\/v2\/product"}],"about":[{"href":"https:\/\/grupotextil.es\/en\/wp-json\/wp\/v2\/types\/product"}],"replies":[{"embeddable":true,"href":"https:\/\/grupotextil.es\/en\/wp-json\/wp\/v2\/comments?post=232120"}],"wp:featuredmedia":[{"embeddable":true,"href":"https:\/\/grupotextil.es\/en\/wp-json\/wp\/v2\/media\/236976"}],"wp:attachment":[{"href":"https:\/\/grupotextil.es\/en\/wp-json\/wp\/v2\/media?parent=232120"}],"wp:term":[{"taxonomy":"product_brand","embeddable":true,"href":"https:\/\/grupotextil.es\/en\/wp-json\/wp\/v2\/product_brand?post=232120"},{"taxonomy":"product_cat","embeddable":true,"href":"https:\/\/grupotextil.es\/en\/wp-json\/wp\/v2\/product_cat?post=232120"},{"taxonomy":"product_tag","embeddable":true,"href":"https:\/\/grupotextil.es\/en\/wp-json\/wp\/v2\/product_tag?post=232120"}],"curies":[{"name":"wp","href":"https:\/\/api.w.org\/{rel}","templated":true}]}}

<p>Camisa con aspecto vaquero, confeccionada en algodón 100 % orgánico. Esta camisa tiene un cuello abotonado oculto y botones de color perla para conseguir un aspecto clásico de camisa vaquera. Disponible en corte entallado.</p>
<p><strong>Composición:</strong> 100% Algodón Orgánico | <strong>Peso:</strong> 135 g/m² | <strong>Tallas:</strong> S-4XL</p>

<p>Camisa con aspecto vaquero, confeccionada en algodón 100 % orgánico. Esta camisa tiene un cuello abotonado oculto y botones de color perla para conseguir un aspecto clásico de camisa vaquera. Disponible en corte entallado.</p>
