{"id":232136,"date":"2026-03-04T07:25:55","date_gmt":"2026-03-04T06:25:55","guid":{"rendered":"https:\/\/grupotextil.es\/producto\/4441-chaqueta-acolchada-funcional\/"},"modified":"2026-04-26T04:06:01","modified_gmt":"2026-04-26T02:06:01","slug":"4441-chaqueta-acolchada-funcional","status":"publish","type":"product","link":"https:\/\/grupotextil.es\/en\/product\/4441-chaqueta-acolchada-funcional\/","title":{"rendered":"4441 CHAQUETA ACOLCHADA FUNCIONAL"},"content":{"rendered":"<p>Chaqueta acolchada resistente a viento y agua con costuras selladas. Cremallera frontal con solapa para prevenir que penetre agua, cierre a presi\u00f3n. Bolsillos dobles frontales, dos con solapa y Velcro y dos con cremalleras resistente a agua. Parte izquierda preparada para tarjeta identificativa. Bolsillos laterales con cremallera y forro polar. Tres bolsillos interiores espaciosos, dos con cremalleras. Capucha ajustable con cord\u00f3n, extra\u00edble. Pu\u00f1os ajustables con Velcro, y cintura ajustable con cord\u00f3n. El forro puede abrirse f\u00e1cilmente y facilitar el bordado o cualquier printing.<\/p>\n<p><strong>Composici\u00f3n:<\/strong> 100% Poli\u00e9ster | <strong>Peso:<\/strong> 205 g\/m\u00b2 | <strong>Tallas:<\/strong> XS-4XL<\/p>","protected":false},"excerpt":{"rendered":"<p>Chaqueta acolchada resistente a viento y agua con costuras selladas. Cremallera frontal con solapa para prevenir que penetre agua, cierre a presi\u00f3n. Bolsillos dobles frontales, dos con solapa y Velcro y dos con cremalleras resistente a agua. Parte iz<\/p>","protected":false},"featured_media":236979,"comment_status":"open","ping_status":"closed","template":"","meta":{"_acf_changed":false},"product_brand":[10531],"product_cat":[13998],"product_tag":[],"class_list":{"0":"post-232136","1":"product","2":"type-product","3":"status-publish","4":"has-post-thumbnail","6":"product_brand-projob","7":"product_cat-n-chaquetas","8":"tm-no-options","10":"first","11":"instock","12":"taxable","13":"shipping-taxable","14":"product-type-variable"},"acf":[],"_links":{"self":[{"href":"https:\/\/grupotextil.es\/en\/wp-json\/wp\/v2\/product\/232136","targetHints":{"allow":["GET"]}}],"collection":[{"href":"https:\/\/grupotextil.es\/en\/wp-json\/wp\/v2\/product"}],"about":[{"href":"https:\/\/grupotextil.es\/en\/wp-json\/wp\/v2\/types\/product"}],"replies":[{"embeddable":true,"href":"https:\/\/grupotextil.es\/en\/wp-json\/wp\/v2\/comments?post=232136"}],"wp:featuredmedia":[{"embeddable":true,"href":"https:\/\/grupotextil.es\/en\/wp-json\/wp\/v2\/media\/236979"}],"wp:attachment":[{"href":"https:\/\/grupotextil.es\/en\/wp-json\/wp\/v2\/media?parent=232136"}],"wp:term":[{"taxonomy":"product_brand","embeddable":true,"href":"https:\/\/grupotextil.es\/en\/wp-json\/wp\/v2\/product_brand?post=232136"},{"taxonomy":"product_cat","embeddable":true,"href":"https:\/\/grupotextil.es\/en\/wp-json\/wp\/v2\/product_cat?post=232136"},{"taxonomy":"product_tag","embeddable":true,"href":"https:\/\/grupotextil.es\/en\/wp-json\/wp\/v2\/product_tag?post=232136"}],"curies":[{"name":"wp","href":"https:\/\/api.w.org\/{rel}","templated":true}]}}

<p>Chaqueta acolchada resistente a viento y agua con costuras selladas. Cremallera frontal con solapa para prevenir que penetre agua, cierre a presión. Bolsillos dobles frontales, dos con solapa y Velcro y dos con cremalleras resistente a agua. Parte izquierda preparada para tarjeta identificativa. Bolsillos laterales con cremallera y forro polar. Tres bolsillos interiores espaciosos, dos con cremalleras. Capucha ajustable con cordón, extraíble. Puños ajustables con Velcro, y cintura ajustable con cordón. El forro puede abrirse fácilmente y facilitar el bordado o cualquier printing.</p>
<p><strong>Composición:</strong> 100% Poliéster | <strong>Peso:</strong> 205 g/m² | <strong>Tallas:</strong> XS-4XL</p>

<p>Chaqueta acolchada resistente a viento y agua con costuras selladas. Cremallera frontal con solapa para prevenir que penetre agua, cierre a presión. Bolsillos dobles frontales, dos con solapa y Velcro y dos con cremalleras resistente a agua. Parte iz</p>
