{"id":232141,"date":"2026-03-04T07:25:58","date_gmt":"2026-03-04T06:25:58","guid":{"rendered":"https:\/\/grupotextil.es\/producto\/ducan\/"},"modified":"2026-04-26T04:06:01","modified_gmt":"2026-04-26T02:06:01","slug":"ducan","status":"publish","type":"product","link":"https:\/\/grupotextil.es\/en\/product\/ducan\/","title":{"rendered":"Ducan"},"content":{"rendered":"<p>Sudadera t\u00e9cnica transpirable de cremallera entera y costuras planas. Cremallera a contraste blanco y cord\u00f3n en cintura para ajustar. Bolsillos laterales a lo largo de la costura. Tiene la opci\u00f3n de comprar tiradores en cuatro colores diferentes para la cremallera.<\/p>\n<p><strong>Composici\u00f3n:<\/strong> 100% Poli\u00e9ster perchado en el interior | <strong>Peso:<\/strong> 230 g\/m2 | <strong>Tallas:<\/strong> XS-XXL<\/p>","protected":false},"excerpt":{"rendered":"<p>Sudadera t\u00e9cnica transpirable de cremallera entera y costuras planas. Cremallera a contraste blanco y cord\u00f3n en cintura para ajustar. Bolsillos laterales a lo largo de la costura. Tiene la opci\u00f3n de comprar tiradores en cuatro colores diferentes para<\/p>","protected":false},"featured_media":236980,"comment_status":"open","ping_status":"closed","template":"","meta":{"_acf_changed":false},"product_brand":[10446],"product_cat":[13980],"product_tag":[],"class_list":{"0":"post-232141","1":"product","2":"type-product","3":"status-publish","4":"has-post-thumbnail","6":"product_brand-clique","7":"product_cat-h-sudaderas","8":"tm-no-options","10":"first","11":"instock","12":"taxable","13":"shipping-taxable","14":"product-type-variable"},"acf":[],"_links":{"self":[{"href":"https:\/\/grupotextil.es\/en\/wp-json\/wp\/v2\/product\/232141","targetHints":{"allow":["GET"]}}],"collection":[{"href":"https:\/\/grupotextil.es\/en\/wp-json\/wp\/v2\/product"}],"about":[{"href":"https:\/\/grupotextil.es\/en\/wp-json\/wp\/v2\/types\/product"}],"replies":[{"embeddable":true,"href":"https:\/\/grupotextil.es\/en\/wp-json\/wp\/v2\/comments?post=232141"}],"wp:featuredmedia":[{"embeddable":true,"href":"https:\/\/grupotextil.es\/en\/wp-json\/wp\/v2\/media\/236980"}],"wp:attachment":[{"href":"https:\/\/grupotextil.es\/en\/wp-json\/wp\/v2\/media?parent=232141"}],"wp:term":[{"taxonomy":"product_brand","embeddable":true,"href":"https:\/\/grupotextil.es\/en\/wp-json\/wp\/v2\/product_brand?post=232141"},{"taxonomy":"product_cat","embeddable":true,"href":"https:\/\/grupotextil.es\/en\/wp-json\/wp\/v2\/product_cat?post=232141"},{"taxonomy":"product_tag","embeddable":true,"href":"https:\/\/grupotextil.es\/en\/wp-json\/wp\/v2\/product_tag?post=232141"}],"curies":[{"name":"wp","href":"https:\/\/api.w.org\/{rel}","templated":true}]}}

<p>Sudadera técnica transpirable de cremallera entera y costuras planas. Cremallera a contraste blanco y cordón en cintura para ajustar. Bolsillos laterales a lo largo de la costura. Tiene la opción de comprar tiradores en cuatro colores diferentes para la cremallera.</p>
<p><strong>Composición:</strong> 100% Poliéster perchado en el interior | <strong>Peso:</strong> 230 g/m2 | <strong>Tallas:</strong> XS-XXL</p>

<p>Sudadera técnica transpirable de cremallera entera y costuras planas. Cremallera a contraste blanco y cordón en cintura para ajustar. Bolsillos laterales a lo largo de la costura. Tiene la opción de comprar tiradores en cuatro colores diferentes para</p>
