{"id":232195,"date":"2026-03-04T07:26:32","date_gmt":"2026-03-04T06:26:32","guid":{"rendered":"https:\/\/grupotextil.es\/producto\/6415-chaqueta-hv-clase-3-2\/"},"modified":"2026-04-26T04:06:02","modified_gmt":"2026-04-26T02:06:02","slug":"6415-chaqueta-hv-clase-3-2","status":"publish","type":"product","link":"https:\/\/grupotextil.es\/en\/product\/6415-chaqueta-hv-clase-3-2\/","title":{"rendered":"6415 CHAQUETA HV CLASE 3\/2"},"content":{"rendered":"<p>Chaqueta de tejido resistente. Cremallera bidireccional en la parte delantera con solapa para evitar corrientes de aire, cierre con bot\u00f3n de presi\u00f3n. Dos bolsillos frontales forrados de forro polar con solapa, en el lado izquierdo gancho oculto para tarjeta de identificaci\u00f3n. Bolsillos laterales con solapa y cremallera, forrados de forro polar. Amplios bolsillos interiores con cremallera, bolsillo para m\u00f3vil con cierre de velcro. Pu\u00f1os ajustables con velcro. La chaqueta es ajustable tanto en la cintura como en el dobladillo con cord\u00f3n. El forro se puede abrir para facilitar la impresi\u00f3n y el bordado.<\/p>\n<p><strong>Composici\u00f3n:<\/strong> 75% Poli\u00e9ster, 25% algod\u00f3n 260 g\/m2. Tejido 2: 65% poli\u00e9ster, 35% algod\u00f3n, 245 g\/m2 | <strong>Peso:<\/strong> 245 g\/m\u00b2 | <strong>Tallas:<\/strong> XS-4XL<\/p>","protected":false},"excerpt":{"rendered":"<p>Chaqueta de tejido resistente. Cremallera bidireccional en la parte delantera con solapa para evitar corrientes de aire, cierre con bot\u00f3n de presi\u00f3n. Dos bolsillos frontales forrados de forro polar con solapa, en el lado izquierdo gancho oculto para<\/p>","protected":false},"featured_media":236989,"comment_status":"open","ping_status":"closed","template":"","meta":{"_acf_changed":false},"product_brand":[10531],"product_cat":[13998],"product_tag":[],"class_list":{"0":"post-232195","1":"product","2":"type-product","3":"status-publish","4":"has-post-thumbnail","6":"product_brand-projob","7":"product_cat-n-chaquetas","8":"tm-no-options","10":"first","11":"instock","12":"taxable","13":"shipping-taxable","14":"product-type-variable"},"acf":[],"_links":{"self":[{"href":"https:\/\/grupotextil.es\/en\/wp-json\/wp\/v2\/product\/232195","targetHints":{"allow":["GET"]}}],"collection":[{"href":"https:\/\/grupotextil.es\/en\/wp-json\/wp\/v2\/product"}],"about":[{"href":"https:\/\/grupotextil.es\/en\/wp-json\/wp\/v2\/types\/product"}],"replies":[{"embeddable":true,"href":"https:\/\/grupotextil.es\/en\/wp-json\/wp\/v2\/comments?post=232195"}],"wp:featuredmedia":[{"embeddable":true,"href":"https:\/\/grupotextil.es\/en\/wp-json\/wp\/v2\/media\/236989"}],"wp:attachment":[{"href":"https:\/\/grupotextil.es\/en\/wp-json\/wp\/v2\/media?parent=232195"}],"wp:term":[{"taxonomy":"product_brand","embeddable":true,"href":"https:\/\/grupotextil.es\/en\/wp-json\/wp\/v2\/product_brand?post=232195"},{"taxonomy":"product_cat","embeddable":true,"href":"https:\/\/grupotextil.es\/en\/wp-json\/wp\/v2\/product_cat?post=232195"},{"taxonomy":"product_tag","embeddable":true,"href":"https:\/\/grupotextil.es\/en\/wp-json\/wp\/v2\/product_tag?post=232195"}],"curies":[{"name":"wp","href":"https:\/\/api.w.org\/{rel}","templated":true}]}}

<p>Chaqueta de tejido resistente. Cremallera bidireccional en la parte delantera con solapa para evitar corrientes de aire, cierre con botón de presión. Dos bolsillos frontales forrados de forro polar con solapa, en el lado izquierdo gancho oculto para tarjeta de identificación. Bolsillos laterales con solapa y cremallera, forrados de forro polar. Amplios bolsillos interiores con cremallera, bolsillo para móvil con cierre de velcro. Puños ajustables con velcro. La chaqueta es ajustable tanto en la cintura como en el dobladillo con cordón. El forro se puede abrir para facilitar la impresión y el bordado.</p>
<p><strong>Composición:</strong> 75% Poliéster, 25% algodón 260 g/m2. Tejido 2: 65% poliéster, 35% algodón, 245 g/m2 | <strong>Peso:</strong> 245 g/m² | <strong>Tallas:</strong> XS-4XL</p>

<p>Chaqueta de tejido resistente. Cremallera bidireccional en la parte delantera con solapa para evitar corrientes de aire, cierre con botón de presión. Dos bolsillos frontales forrados de forro polar con solapa, en el lado izquierdo gancho oculto para</p>
