{"id":232219,"date":"2026-03-04T07:26:47","date_gmt":"2026-03-04T06:26:47","guid":{"rendered":"https:\/\/grupotextil.es\/producto\/6446-chaqueta-acolchada-hv-clase-1\/"},"modified":"2026-04-26T04:06:02","modified_gmt":"2026-04-26T02:06:02","slug":"6446-chaqueta-acolchada-hv-clase-1","status":"publish","type":"product","link":"https:\/\/grupotextil.es\/en\/product\/6446-chaqueta-acolchada-hv-clase-1\/","title":{"rendered":"6446 CHAQUETA ACOLCHADA HV CLASE 1"},"content":{"rendered":"<p>Chaqueta flexible resistente a viento y agua con costuras selladas. El acolchado es de Primaloft\u00ae proporcionando un tacto y una calidez extra. Cremallera frontal con solapa que se cierra presionando y previene de los goteos de agua. Reflectantes transfer. Bolsillos verticales en el pecho con cremallera resistente al agua. Bolsillos laterales espaciosos, rellenos con polar. Bolsillos interiores, Capucha extra\u00edble, ajustable con cord\u00f3n. Pu\u00f1os ajustables con Velcro. Cintura ajustable. El relleno puede abrirse f\u00e1cilmente para facilitar el bordado o print.<\/p>\n<p><strong>Composici\u00f3n:<\/strong> 100% poli\u00e9ster | <strong>Peso:<\/strong> 160 g\/m2 | <strong>Tallas:<\/strong> XS-4XL<\/p>","protected":false},"excerpt":{"rendered":"<p>Chaqueta flexible resistente a viento y agua con costuras selladas. El acolchado es de Primaloft\u00ae proporcionando un tacto y una calidez extra. Cremallera frontal con solapa que se cierra presionando y previene de los goteos de agua. Reflectantes tran<\/p>","protected":false},"featured_media":236994,"comment_status":"open","ping_status":"closed","template":"","meta":{"_acf_changed":false},"product_brand":[10531],"product_cat":[13998],"product_tag":[],"class_list":{"0":"post-232219","1":"product","2":"type-product","3":"status-publish","4":"has-post-thumbnail","6":"product_brand-projob","7":"product_cat-n-chaquetas","8":"tm-no-options","10":"first","11":"instock","12":"taxable","13":"shipping-taxable","14":"product-type-variable"},"acf":[],"_links":{"self":[{"href":"https:\/\/grupotextil.es\/en\/wp-json\/wp\/v2\/product\/232219","targetHints":{"allow":["GET"]}}],"collection":[{"href":"https:\/\/grupotextil.es\/en\/wp-json\/wp\/v2\/product"}],"about":[{"href":"https:\/\/grupotextil.es\/en\/wp-json\/wp\/v2\/types\/product"}],"replies":[{"embeddable":true,"href":"https:\/\/grupotextil.es\/en\/wp-json\/wp\/v2\/comments?post=232219"}],"wp:featuredmedia":[{"embeddable":true,"href":"https:\/\/grupotextil.es\/en\/wp-json\/wp\/v2\/media\/236994"}],"wp:attachment":[{"href":"https:\/\/grupotextil.es\/en\/wp-json\/wp\/v2\/media?parent=232219"}],"wp:term":[{"taxonomy":"product_brand","embeddable":true,"href":"https:\/\/grupotextil.es\/en\/wp-json\/wp\/v2\/product_brand?post=232219"},{"taxonomy":"product_cat","embeddable":true,"href":"https:\/\/grupotextil.es\/en\/wp-json\/wp\/v2\/product_cat?post=232219"},{"taxonomy":"product_tag","embeddable":true,"href":"https:\/\/grupotextil.es\/en\/wp-json\/wp\/v2\/product_tag?post=232219"}],"curies":[{"name":"wp","href":"https:\/\/api.w.org\/{rel}","templated":true}]}}

<p>Chaqueta flexible resistente a viento y agua con costuras selladas. El acolchado es de Primaloft® proporcionando un tacto y una calidez extra. Cremallera frontal con solapa que se cierra presionando y previene de los goteos de agua. Reflectantes transfer. Bolsillos verticales en el pecho con cremallera resistente al agua. Bolsillos laterales espaciosos, rellenos con polar. Bolsillos interiores, Capucha extraíble, ajustable con cordón. Puños ajustables con Velcro. Cintura ajustable. El relleno puede abrirse fácilmente para facilitar el bordado o print.</p>
<p><strong>Composición:</strong> 100% poliéster | <strong>Peso:</strong> 160 g/m2 | <strong>Tallas:</strong> XS-4XL</p>
