{"id":232408,"date":"2026-03-04T07:28:52","date_gmt":"2026-03-04T06:28:52","guid":{"rendered":"https:\/\/grupotextil.es\/producto\/miami-pro-roundneck\/"},"modified":"2026-04-26T04:06:03","modified_gmt":"2026-04-26T02:06:03","slug":"miami-pro-roundneck","status":"publish","type":"product","link":"https:\/\/grupotextil.es\/en\/product\/miami-pro-roundneck\/","title":{"rendered":"Miami PRO Roundneck"},"content":{"rendered":"<p>Sudadera unisex de cuello redondo en tejido French Terry, confeccionada en una mezcla de algod\u00f3n y poli\u00e9ster reciclado. Mangas ragl\u00e1n. Cuello, pu\u00f1os y bajo en canal\u00e9 2&#215;2. Incluye cinta reforzada en el cuello a contraste y etiqueta f\u00e1cil de quitar. El tejido suave y estabilizado est\u00e1 dise\u00f1ado para lavados intensivos y tiene propiedades anti-pilling.<\/p>\n<p><strong>Composici\u00f3n:<\/strong> 80% algod\u00f3n \/ 20% poli\u00e9ster reciclado | <strong>Peso:<\/strong> 280 g\/m2 | <strong>Tallas:<\/strong> XS-4XL<\/p>","protected":false},"excerpt":{"rendered":"<p>Sudadera unisex de cuello redondo en tejido French Terry, confeccionada en una mezcla de algod\u00f3n y poli\u00e9ster reciclado. Mangas ragl\u00e1n. Cuello, pu\u00f1os y bajo en canal\u00e9 2&#215;2. Incluye cinta reforzada en el cuello a contraste y etiqueta f\u00e1cil de quitar. El<\/p>","protected":false},"featured_media":237029,"comment_status":"open","ping_status":"closed","template":"","meta":{"_acf_changed":false},"product_brand":[10446],"product_cat":[15137,13980],"product_tag":[],"class_list":{"0":"post-232408","1":"product","2":"type-product","3":"status-publish","4":"has-post-thumbnail","6":"product_brand-clique","7":"product_cat-hombre-unisex-mujer","8":"product_cat-h-sudaderas","9":"tm-no-options","11":"first","12":"instock","13":"taxable","14":"shipping-taxable","15":"product-type-variable"},"acf":[],"_links":{"self":[{"href":"https:\/\/grupotextil.es\/en\/wp-json\/wp\/v2\/product\/232408","targetHints":{"allow":["GET"]}}],"collection":[{"href":"https:\/\/grupotextil.es\/en\/wp-json\/wp\/v2\/product"}],"about":[{"href":"https:\/\/grupotextil.es\/en\/wp-json\/wp\/v2\/types\/product"}],"replies":[{"embeddable":true,"href":"https:\/\/grupotextil.es\/en\/wp-json\/wp\/v2\/comments?post=232408"}],"wp:featuredmedia":[{"embeddable":true,"href":"https:\/\/grupotextil.es\/en\/wp-json\/wp\/v2\/media\/237029"}],"wp:attachment":[{"href":"https:\/\/grupotextil.es\/en\/wp-json\/wp\/v2\/media?parent=232408"}],"wp:term":[{"taxonomy":"product_brand","embeddable":true,"href":"https:\/\/grupotextil.es\/en\/wp-json\/wp\/v2\/product_brand?post=232408"},{"taxonomy":"product_cat","embeddable":true,"href":"https:\/\/grupotextil.es\/en\/wp-json\/wp\/v2\/product_cat?post=232408"},{"taxonomy":"product_tag","embeddable":true,"href":"https:\/\/grupotextil.es\/en\/wp-json\/wp\/v2\/product_tag?post=232408"}],"curies":[{"name":"wp","href":"https:\/\/api.w.org\/{rel}","templated":true}]}}

<p>Sudadera unisex de cuello redondo en tejido French Terry, confeccionada en una mezcla de algodón y poliéster reciclado. Mangas raglán. Cuello, puños y bajo en canalé 2&#215;2. Incluye cinta reforzada en el cuello a contraste y etiqueta fácil de quitar. El tejido suave y estabilizado está diseñado para lavados intensivos y tiene propiedades anti-pilling.</p>
<p><strong>Composición:</strong> 80% algodón / 20% poliéster reciclado | <strong>Peso:</strong> 280 g/m2 | <strong>Tallas:</strong> XS-4XL</p>

<p>Sudadera unisex de cuello redondo en tejido French Terry, confeccionada en una mezcla de algodón y poliéster reciclado. Mangas raglán. Cuello, puños y bajo en canalé 2&#215;2. Incluye cinta reforzada en el cuello a contraste y etiqueta fácil de quitar. El</p>
