{"id":232485,"date":"2026-03-04T07:29:45","date_gmt":"2026-03-04T06:29:45","guid":{"rendered":"https:\/\/grupotextil.es\/producto\/miami-cropped\/"},"modified":"2026-04-26T04:06:03","modified_gmt":"2026-04-26T02:06:03","slug":"miami-cropped","status":"publish","type":"product","link":"https:\/\/grupotextil.es\/en\/product\/miami-cropped\/","title":{"rendered":"Miami Cropped"},"content":{"rendered":"<p>Sudadera corta mezcla de algod\u00f3n y poli\u00e9ster reciclado. Canal\u00e9 el\u00e1stico 2&#215;2 con costura sencilla en el cuello, la parte inferior de la manga y el dobladillo. Interior afelpado. Cinta de sarga en el cuello y etiqueta f\u00e1cilmente extra\u00edble. Suave tejido estabilizado con acabado antipilling para lavados intensos.<\/p>\n<p><strong>Composici\u00f3n:<\/strong> 80% Algod\u00f3n \/ 20% Poli\u00e9ster reciclado | <strong>Peso:<\/strong> 260 g\/m2 | <strong>Tallas:<\/strong> XS-XXL<\/p>","protected":false},"excerpt":{"rendered":"<p>Sudadera corta mezcla de algod\u00f3n y poli\u00e9ster reciclado. Canal\u00e9 el\u00e1stico 2&#215;2 con costura sencilla en el cuello, la parte inferior de la manga y el dobladillo. Interior afelpado. Cinta de sarga en el cuello y etiqueta f\u00e1cilmente extra\u00edble. Suave tejido<\/p>","protected":false},"featured_media":237043,"comment_status":"open","ping_status":"closed","template":"","meta":{"_acf_changed":false},"product_brand":[10446],"product_cat":[13980],"product_tag":[],"class_list":{"0":"post-232485","1":"product","2":"type-product","3":"status-publish","4":"has-post-thumbnail","6":"product_brand-clique","7":"product_cat-h-sudaderas","8":"tm-no-options","10":"first","11":"instock","12":"taxable","13":"shipping-taxable","14":"product-type-variable"},"acf":[],"_links":{"self":[{"href":"https:\/\/grupotextil.es\/en\/wp-json\/wp\/v2\/product\/232485","targetHints":{"allow":["GET"]}}],"collection":[{"href":"https:\/\/grupotextil.es\/en\/wp-json\/wp\/v2\/product"}],"about":[{"href":"https:\/\/grupotextil.es\/en\/wp-json\/wp\/v2\/types\/product"}],"replies":[{"embeddable":true,"href":"https:\/\/grupotextil.es\/en\/wp-json\/wp\/v2\/comments?post=232485"}],"wp:featuredmedia":[{"embeddable":true,"href":"https:\/\/grupotextil.es\/en\/wp-json\/wp\/v2\/media\/237043"}],"wp:attachment":[{"href":"https:\/\/grupotextil.es\/en\/wp-json\/wp\/v2\/media?parent=232485"}],"wp:term":[{"taxonomy":"product_brand","embeddable":true,"href":"https:\/\/grupotextil.es\/en\/wp-json\/wp\/v2\/product_brand?post=232485"},{"taxonomy":"product_cat","embeddable":true,"href":"https:\/\/grupotextil.es\/en\/wp-json\/wp\/v2\/product_cat?post=232485"},{"taxonomy":"product_tag","embeddable":true,"href":"https:\/\/grupotextil.es\/en\/wp-json\/wp\/v2\/product_tag?post=232485"}],"curies":[{"name":"wp","href":"https:\/\/api.w.org\/{rel}","templated":true}]}}

<p>Sudadera corta mezcla de algodón y poliéster reciclado. Canalé elástico 2&#215;2 con costura sencilla en el cuello, la parte inferior de la manga y el dobladillo. Interior afelpado. Cinta de sarga en el cuello y etiqueta fácilmente extraíble. Suave tejido estabilizado con acabado antipilling para lavados intensos.</p>
<p><strong>Composición:</strong> 80% Algodón / 20% Poliéster reciclado | <strong>Peso:</strong> 260 g/m2 | <strong>Tallas:</strong> XS-XXL</p>

<p>Sudadera corta mezcla de algodón y poliéster reciclado. Canalé elástico 2&#215;2 con costura sencilla en el cuello, la parte inferior de la manga y el dobladillo. Interior afelpado. Cinta de sarga en el cuello y etiqueta fácilmente extraíble. Suave tejido</p>
