{"id":232496,"date":"2026-03-04T07:29:52","date_gmt":"2026-03-04T06:29:52","guid":{"rendered":"https:\/\/grupotextil.es\/producto\/5425-chaqueta\/"},"modified":"2026-04-26T04:06:03","modified_gmt":"2026-04-26T02:06:03","slug":"5425-chaqueta","status":"publish","type":"product","link":"https:\/\/grupotextil.es\/en\/product\/5425-chaqueta\/","title":{"rendered":"5425 CHAQUETA"},"content":{"rendered":"<p>Chaqueta con cremallera hasta el cuello en la parte delantera, con solapa cortaviento interna y protector de barbilla para evitar corrientes de aire y rozaduras. Forro polar en el cuello para mayor comodidad. Bolsillos frontales a ambos lados, en el lado izquierdo gancho interno para tarjeta de identificaci\u00f3n. Bolsillos laterales con cremallera. amplios bolsillos interiores, bolsillo para m\u00f3vil con cierre de velcro. Espalda alargada. Pu\u00f1os ajustables con velcro. Ribete reflectante en la espalda y en los bolsillos delanteros.<\/p>\n<p><strong>Composici\u00f3n:<\/strong> 65% Poli\u00e9ster, 35% algod\u00f3n, 245 g\/m2 | <strong>Peso:<\/strong> 245 g\/m2 | <strong>Tallas:<\/strong> XS-4XL<\/p>","protected":false},"excerpt":{"rendered":"<p>Chaqueta con cremallera hasta el cuello en la parte delantera, con solapa cortaviento interna y protector de barbilla para evitar corrientes de aire y rozaduras. Forro polar en el cuello para mayor comodidad. Bolsillos frontales a ambos lados, en el<\/p>","protected":false},"featured_media":237045,"comment_status":"open","ping_status":"closed","template":"","meta":{"_acf_changed":false},"product_brand":[10531],"product_cat":[13998],"product_tag":[],"class_list":{"0":"post-232496","1":"product","2":"type-product","3":"status-publish","4":"has-post-thumbnail","6":"product_brand-projob","7":"product_cat-n-chaquetas","8":"tm-no-options","10":"first","11":"instock","12":"taxable","13":"shipping-taxable","14":"product-type-variable"},"acf":[],"_links":{"self":[{"href":"https:\/\/grupotextil.es\/en\/wp-json\/wp\/v2\/product\/232496","targetHints":{"allow":["GET"]}}],"collection":[{"href":"https:\/\/grupotextil.es\/en\/wp-json\/wp\/v2\/product"}],"about":[{"href":"https:\/\/grupotextil.es\/en\/wp-json\/wp\/v2\/types\/product"}],"replies":[{"embeddable":true,"href":"https:\/\/grupotextil.es\/en\/wp-json\/wp\/v2\/comments?post=232496"}],"wp:featuredmedia":[{"embeddable":true,"href":"https:\/\/grupotextil.es\/en\/wp-json\/wp\/v2\/media\/237045"}],"wp:attachment":[{"href":"https:\/\/grupotextil.es\/en\/wp-json\/wp\/v2\/media?parent=232496"}],"wp:term":[{"taxonomy":"product_brand","embeddable":true,"href":"https:\/\/grupotextil.es\/en\/wp-json\/wp\/v2\/product_brand?post=232496"},{"taxonomy":"product_cat","embeddable":true,"href":"https:\/\/grupotextil.es\/en\/wp-json\/wp\/v2\/product_cat?post=232496"},{"taxonomy":"product_tag","embeddable":true,"href":"https:\/\/grupotextil.es\/en\/wp-json\/wp\/v2\/product_tag?post=232496"}],"curies":[{"name":"wp","href":"https:\/\/api.w.org\/{rel}","templated":true}]}}

<p>Chaqueta con cremallera hasta el cuello en la parte delantera, con solapa cortaviento interna y protector de barbilla para evitar corrientes de aire y rozaduras. Forro polar en el cuello para mayor comodidad. Bolsillos frontales a ambos lados, en el lado izquierdo gancho interno para tarjeta de identificación. Bolsillos laterales con cremallera. amplios bolsillos interiores, bolsillo para móvil con cierre de velcro. Espalda alargada. Puños ajustables con velcro. Ribete reflectante en la espalda y en los bolsillos delanteros.</p>
<p><strong>Composición:</strong> 65% Poliéster, 35% algodón, 245 g/m2 | <strong>Peso:</strong> 245 g/m2 | <strong>Tallas:</strong> XS-4XL</p>
