{"id":232528,"date":"2026-03-04T07:30:14","date_gmt":"2026-03-04T06:30:14","guid":{"rendered":"https:\/\/grupotextil.es\/producto\/6440-chaqueta-hv-clase-3-2\/"},"modified":"2026-04-26T04:06:04","modified_gmt":"2026-04-26T02:06:04","slug":"6440-chaqueta-hv-clase-3-2","status":"publish","type":"product","link":"https:\/\/grupotextil.es\/en\/product\/6440-chaqueta-hv-clase-3-2\/","title":{"rendered":"6440 CHAQUETA HV CLASE 3\/2"},"content":{"rendered":"<p>Chaqueta cortaviento e impermeable con costuras selladas. Cremallera bidireccional en la parte delantera con solapa para evitar las corrientes de aire y las filtraciones de agua, cierre con botones autom\u00e1ticos. Bolsillos dobles en el pecho, dos con solapa y cierre de velcro y dos con cremalleras impermeables. Gancho para tarjeta de identificaci\u00f3n en el lado izquierdo. Bolsillos laterales con cremallera y forro polar. Tres amplios bolsillos interiores, dos de ellos con cremallera. Capucha ajustable con cord\u00f3n, desmontable. Pu\u00f1os ajustables con velcro y cintura ajustable con cord\u00f3n. El forro se puede abrir para facilitar la impresi\u00f3n.<\/p>\n<p><strong>Composici\u00f3n:<\/strong> 100% Poli\u00e9ster | <strong>Peso:<\/strong> 200 g\/m\u00b2 | <strong>Tallas:<\/strong> XS-4XL<\/p>","protected":false},"excerpt":{"rendered":"<p>Chaqueta cortaviento e impermeable con costuras selladas. Cremallera bidireccional en la parte delantera con solapa para evitar las corrientes de aire y las filtraciones de agua, cierre con botones autom\u00e1ticos. Bolsillos dobles en el pecho, dos con s<\/p>","protected":false},"featured_media":237049,"comment_status":"open","ping_status":"closed","template":"","meta":{"_acf_changed":false},"product_brand":[10531],"product_cat":[13998],"product_tag":[],"class_list":{"0":"post-232528","1":"product","2":"type-product","3":"status-publish","4":"has-post-thumbnail","6":"product_brand-projob","7":"product_cat-n-chaquetas","8":"tm-no-options","10":"first","11":"instock","12":"taxable","13":"shipping-taxable","14":"product-type-variable"},"acf":[],"_links":{"self":[{"href":"https:\/\/grupotextil.es\/en\/wp-json\/wp\/v2\/product\/232528","targetHints":{"allow":["GET"]}}],"collection":[{"href":"https:\/\/grupotextil.es\/en\/wp-json\/wp\/v2\/product"}],"about":[{"href":"https:\/\/grupotextil.es\/en\/wp-json\/wp\/v2\/types\/product"}],"replies":[{"embeddable":true,"href":"https:\/\/grupotextil.es\/en\/wp-json\/wp\/v2\/comments?post=232528"}],"wp:featuredmedia":[{"embeddable":true,"href":"https:\/\/grupotextil.es\/en\/wp-json\/wp\/v2\/media\/237049"}],"wp:attachment":[{"href":"https:\/\/grupotextil.es\/en\/wp-json\/wp\/v2\/media?parent=232528"}],"wp:term":[{"taxonomy":"product_brand","embeddable":true,"href":"https:\/\/grupotextil.es\/en\/wp-json\/wp\/v2\/product_brand?post=232528"},{"taxonomy":"product_cat","embeddable":true,"href":"https:\/\/grupotextil.es\/en\/wp-json\/wp\/v2\/product_cat?post=232528"},{"taxonomy":"product_tag","embeddable":true,"href":"https:\/\/grupotextil.es\/en\/wp-json\/wp\/v2\/product_tag?post=232528"}],"curies":[{"name":"wp","href":"https:\/\/api.w.org\/{rel}","templated":true}]}}

<p>Chaqueta cortaviento e impermeable con costuras selladas. Cremallera bidireccional en la parte delantera con solapa para evitar las corrientes de aire y las filtraciones de agua, cierre con botones automáticos. Bolsillos dobles en el pecho, dos con solapa y cierre de velcro y dos con cremalleras impermeables. Gancho para tarjeta de identificación en el lado izquierdo. Bolsillos laterales con cremallera y forro polar. Tres amplios bolsillos interiores, dos de ellos con cremallera. Capucha ajustable con cordón, desmontable. Puños ajustables con velcro y cintura ajustable con cordón. El forro se puede abrir para facilitar la impresión.</p>
<p><strong>Composición:</strong> 100% Poliéster | <strong>Peso:</strong> 200 g/m² | <strong>Tallas:</strong> XS-4XL</p>

<p>Chaqueta cortaviento e impermeable con costuras selladas. Cremallera bidireccional en la parte delantera con solapa para evitar las corrientes de aire y las filtraciones de agua, cierre con botones automáticos. Bolsillos dobles en el pecho, dos con s</p>
