{"id":232576,"date":"2026-03-04T07:30:49","date_gmt":"2026-03-04T06:30:49","guid":{"rendered":"https:\/\/grupotextil.es\/producto\/6407-chaqueta-acolchada-hv-clase-3\/"},"modified":"2026-04-26T04:06:04","modified_gmt":"2026-04-26T02:06:04","slug":"6407-chaqueta-acolchada-hv-clase-3","status":"publish","type":"product","link":"https:\/\/grupotextil.es\/en\/product\/6407-chaqueta-acolchada-hv-clase-3\/","title":{"rendered":"6407 CHAQUETA ACOLCHADA HV CLASE 3"},"content":{"rendered":"<p>Chaqueta acolchada con bolsillos en el pecho y laterales. Cuello c\u00e1lido y confortable. Bolsillo frontal para herramientas y uno interno para m\u00f3vil acolchada con cremallera entera y tapeta con botones a presi\u00f3n. Dos bolsillos en el pecho y una trabilla para llevar nuestros Inbags. Dos grandes bolsillos laterales y un bolsillo interior con cierre de cremallera. Bolsillos interiores espaciosos con cremallera y con cierre con Velcro. Pu\u00f1os ajustables. El forro se puede abrir f\u00e1cilmente para facilitar bordado o cualquier printing.<\/p>\n<p><strong>Composici\u00f3n:<\/strong> 80% poli\u00e9ster, 20% algod\u00f3n, 240 g\/m2 | <strong>Peso:<\/strong> 240 g\/m\u00b2 | <strong>Tallas:<\/strong> XS-3XL<\/p>","protected":false},"excerpt":{"rendered":"<p>Chaqueta acolchada con bolsillos en el pecho y laterales. Cuello c\u00e1lido y confortable. Bolsillo frontal para herramientas y uno interno para m\u00f3vil acolchada con cremallera entera y tapeta con botones a presi\u00f3n. Dos bolsillos en el pecho y una trabill<\/p>","protected":false},"featured_media":237057,"comment_status":"open","ping_status":"closed","template":"","meta":{"_acf_changed":false},"product_brand":[10531],"product_cat":[13998],"product_tag":[],"class_list":{"0":"post-232576","1":"product","2":"type-product","3":"status-publish","4":"has-post-thumbnail","6":"product_brand-projob","7":"product_cat-n-chaquetas","8":"tm-no-options","10":"first","11":"instock","12":"taxable","13":"shipping-taxable","14":"product-type-variable"},"acf":[],"_links":{"self":[{"href":"https:\/\/grupotextil.es\/en\/wp-json\/wp\/v2\/product\/232576","targetHints":{"allow":["GET"]}}],"collection":[{"href":"https:\/\/grupotextil.es\/en\/wp-json\/wp\/v2\/product"}],"about":[{"href":"https:\/\/grupotextil.es\/en\/wp-json\/wp\/v2\/types\/product"}],"replies":[{"embeddable":true,"href":"https:\/\/grupotextil.es\/en\/wp-json\/wp\/v2\/comments?post=232576"}],"wp:featuredmedia":[{"embeddable":true,"href":"https:\/\/grupotextil.es\/en\/wp-json\/wp\/v2\/media\/237057"}],"wp:attachment":[{"href":"https:\/\/grupotextil.es\/en\/wp-json\/wp\/v2\/media?parent=232576"}],"wp:term":[{"taxonomy":"product_brand","embeddable":true,"href":"https:\/\/grupotextil.es\/en\/wp-json\/wp\/v2\/product_brand?post=232576"},{"taxonomy":"product_cat","embeddable":true,"href":"https:\/\/grupotextil.es\/en\/wp-json\/wp\/v2\/product_cat?post=232576"},{"taxonomy":"product_tag","embeddable":true,"href":"https:\/\/grupotextil.es\/en\/wp-json\/wp\/v2\/product_tag?post=232576"}],"curies":[{"name":"wp","href":"https:\/\/api.w.org\/{rel}","templated":true}]}}

<p>Chaqueta acolchada con bolsillos en el pecho y laterales. Cuello cálido y confortable. Bolsillo frontal para herramientas y uno interno para móvil acolchada con cremallera entera y tapeta con botones a presión. Dos bolsillos en el pecho y una trabilla para llevar nuestros Inbags. Dos grandes bolsillos laterales y un bolsillo interior con cierre de cremallera. Bolsillos interiores espaciosos con cremallera y con cierre con Velcro. Puños ajustables. El forro se puede abrir fácilmente para facilitar bordado o cualquier printing.</p>
<p><strong>Composición:</strong> 80% poliéster, 20% algodón, 240 g/m2 | <strong>Peso:</strong> 240 g/m² | <strong>Tallas:</strong> XS-3XL</p>

<p>Chaqueta acolchada con bolsillos en el pecho y laterales. Cuello cálido y confortable. Bolsillo frontal para herramientas y uno interno para móvil acolchada con cremallera entera y tapeta con botones a presión. Dos bolsillos en el pecho y una trabill</p>
