{"id":233078,"date":"2026-03-04T07:36:16","date_gmt":"2026-03-04T06:36:16","guid":{"rendered":"https:\/\/grupotextil.es\/producto\/core-explore-shell-jacket-w\/"},"modified":"2026-04-26T04:06:07","modified_gmt":"2026-04-26T02:06:07","slug":"core-explore-shell-jacket-w","status":"publish","type":"product","link":"https:\/\/grupotextil.es\/en\/product\/core-explore-shell-jacket-w\/","title":{"rendered":"CORE Explore Shell Jacket W"},"content":{"rendered":"<p>Prenda funcional y vers\u00e1til dise\u00f1ada para hacer senderismo ligero y\/o aventuras cotidianas similares en condiciones de fr\u00edo.<\/p>\n<p>Chaqueta multiusos con un tejido de 2 capas resistente al viento y agua. Con forro de malla para un transporte eficaz de la humedad y costuras selladas en zonas cruciales para una mayor protecci\u00f3n contra las inclemencias del tiempo. Adem\u00e1s, la chaqueta tiene cremalleras resistentes al agua, capucha ajustable y desmontable, pu\u00f1os ajustables con velcro y dos bolsillos laterales con cremallera.<\/p>\n<p>\u2022 Tejido de 2 capas de poli\u00e9ster reciclado (WP 8.000\/MVP 8.000)<\/p>\n<p>\u2022 Forro de malla<\/p>\n<p>\u2022 Costuras selladas en las zonas cruciales<\/p>\n<p>\u2022 Cremalleras resistentes al agua<\/p>\n<p>\u2022 Capucha ajustable y desmontable<\/p>\n<p>\u2022 Pu\u00f1os ajustables con velcro<\/p>\n<p>\u2022 Dos bolsillos laterales con cremallera<\/p>\n<p>\u2022 Regular Fit<\/p>\n<p><strong>Composici\u00f3n:<\/strong> 100% poli\u00e9ster reciclado, Forro: 100% poli\u00e9ster | <strong>Tallas:<\/strong> XS-XXL<\/p>","protected":false},"excerpt":{"rendered":"<p>Prenda funcional y vers\u00e1til dise\u00f1ada para hacer senderismo ligero y\/o aventuras cotidianas similares en condiciones de fr\u00edo.<\/p>","protected":false},"featured_media":237153,"comment_status":"open","ping_status":"closed","template":"","meta":{"_acf_changed":false},"product_brand":[10489],"product_cat":[13998],"product_tag":[],"class_list":{"0":"post-233078","1":"product","2":"type-product","3":"status-publish","4":"has-post-thumbnail","6":"product_brand-craft","7":"product_cat-n-chaquetas","8":"tm-no-options","10":"first","11":"instock","12":"taxable","13":"shipping-taxable","14":"product-type-variable"},"acf":[],"_links":{"self":[{"href":"https:\/\/grupotextil.es\/en\/wp-json\/wp\/v2\/product\/233078","targetHints":{"allow":["GET"]}}],"collection":[{"href":"https:\/\/grupotextil.es\/en\/wp-json\/wp\/v2\/product"}],"about":[{"href":"https:\/\/grupotextil.es\/en\/wp-json\/wp\/v2\/types\/product"}],"replies":[{"embeddable":true,"href":"https:\/\/grupotextil.es\/en\/wp-json\/wp\/v2\/comments?post=233078"}],"wp:featuredmedia":[{"embeddable":true,"href":"https:\/\/grupotextil.es\/en\/wp-json\/wp\/v2\/media\/237153"}],"wp:attachment":[{"href":"https:\/\/grupotextil.es\/en\/wp-json\/wp\/v2\/media?parent=233078"}],"wp:term":[{"taxonomy":"product_brand","embeddable":true,"href":"https:\/\/grupotextil.es\/en\/wp-json\/wp\/v2\/product_brand?post=233078"},{"taxonomy":"product_cat","embeddable":true,"href":"https:\/\/grupotextil.es\/en\/wp-json\/wp\/v2\/product_cat?post=233078"},{"taxonomy":"product_tag","embeddable":true,"href":"https:\/\/grupotextil.es\/en\/wp-json\/wp\/v2\/product_tag?post=233078"}],"curies":[{"name":"wp","href":"https:\/\/api.w.org\/{rel}","templated":true}]}}

<p>Prenda funcional y versátil diseñada para hacer senderismo ligero y/o aventuras cotidianas similares en condiciones de frío.</p>
<p>Chaqueta multiusos con un tejido de 2 capas resistente al viento y agua. Con forro de malla para un transporte eficaz de la humedad y costuras selladas en zonas cruciales para una mayor protección contra las inclemencias del tiempo. Además, la chaqueta tiene cremalleras resistentes al agua, capucha ajustable y desmontable, puños ajustables con velcro y dos bolsillos laterales con cremallera.</p>
<p>• Tejido de 2 capas de poliéster reciclado (WP 8.000/MVP 8.000)</p>
<p>• Forro de malla</p>
<p>• Costuras selladas en las zonas cruciales</p>
<p>• Cremalleras resistentes al agua</p>
<p>• Capucha ajustable y desmontable</p>
<p>• Puños ajustables con velcro</p>
<p>• Dos bolsillos laterales con cremallera</p>
<p>• Regular Fit</p>
<p><strong>Composición:</strong> 100% poliéster reciclado, Forro: 100% poliéster | <strong>Tallas:</strong> XS-XXL</p>

<p>Prenda funcional y versátil diseñada para hacer senderismo ligero y/o aventuras cotidianas similares en condiciones de frío.</p>
