{"id":233103,"date":"2026-03-04T07:36:35","date_gmt":"2026-03-04T06:36:35","guid":{"rendered":"https:\/\/grupotextil.es\/producto\/adv-explore-lightweight-jacket-w\/"},"modified":"2026-04-26T04:06:07","modified_gmt":"2026-04-26T02:06:07","slug":"adv-explore-lightweight-jacket-w","status":"publish","type":"product","link":"https:\/\/grupotextil.es\/en\/product\/adv-explore-lightweight-jacket-w\/","title":{"rendered":"ADV Explore Lightweight Jacket W"},"content":{"rendered":"<p>ADV Explore Lightweight Jacket es una chaqueta ligera con aislamiento PrimaLoft que resulta perfecta como chaqueta exterior ante temperaturas suaves o como capa intermedia debajo de otra chaqueta en condiciones m\u00e1s fr\u00edas.<\/p>\n<p>Esta vers\u00e1til chaqueta est\u00e1 confeccionada con poliamida reciclada y aislamiento PrimaLoft de primera calidad, una combinaci\u00f3n que ofrece una excelente durabilidad y relaci\u00f3n calor-peso. Adem\u00e1s, los paneles el\u00e1sticos transpirables de las axilas garantizan un control eficiente de la temperatura corporal para disfrutar de una comodidad \u00f3ptima durante la realizaci\u00f3n de caminatas agotadoras o actividades similares. La chaqueta tambi\u00e9n est\u00e1 equipada con una capucha aislante y dos bolsillos con cremallera.<\/p>\n<p>\u2022 Tejido exterior duradero de poliamida reciclada<\/p>\n<p>\u2022 Aislamiento PrimaLoft<\/p>\n<p>\u2022 Paneles el\u00e1sticos transpirables en las axilas<\/p>\n<p>\u2022 Capucha<\/p>\n<p>\u2022 Dos bolsillos con cremallera<\/p>\n<p>\u2022 Ajuste normal<\/p>\n<p><strong>Composici\u00f3n:<\/strong> Tejido principal: 45% Poli\u00e9ster reciclado 55% Poli\u00e9ster, Paneles laterales: 88% Poli\u00e9ster reciclado 12% Elastano Forro: 45% Poli\u00e9ster reciclado 55% Poli\u00e9ster Acolchado: Primaloft 100% Poli\u00e9ster reciclado | <strong>Peso:<\/strong> 220 g\/m2 | <strong>Tallas:<\/strong> XS-XXL<\/p>","protected":false},"excerpt":{"rendered":"<p>ADV Explore Lightweight Jacket es una chaqueta ligera con aislamiento PrimaLoft que resulta perfecta como chaqueta exterior ante temperaturas suaves o como capa intermedia debajo de otra chaqueta en condiciones m\u00e1s fr\u00edas.<\/p>","protected":false},"featured_media":237157,"comment_status":"open","ping_status":"closed","template":"","meta":{"_acf_changed":false},"product_brand":[10489],"product_cat":[13998],"product_tag":[],"class_list":{"0":"post-233103","1":"product","2":"type-product","3":"status-publish","4":"has-post-thumbnail","6":"product_brand-craft","7":"product_cat-n-chaquetas","8":"tm-no-options","10":"first","11":"instock","12":"taxable","13":"shipping-taxable","14":"product-type-variable"},"acf":[],"_links":{"self":[{"href":"https:\/\/grupotextil.es\/en\/wp-json\/wp\/v2\/product\/233103","targetHints":{"allow":["GET"]}}],"collection":[{"href":"https:\/\/grupotextil.es\/en\/wp-json\/wp\/v2\/product"}],"about":[{"href":"https:\/\/grupotextil.es\/en\/wp-json\/wp\/v2\/types\/product"}],"replies":[{"embeddable":true,"href":"https:\/\/grupotextil.es\/en\/wp-json\/wp\/v2\/comments?post=233103"}],"wp:featuredmedia":[{"embeddable":true,"href":"https:\/\/grupotextil.es\/en\/wp-json\/wp\/v2\/media\/237157"}],"wp:attachment":[{"href":"https:\/\/grupotextil.es\/en\/wp-json\/wp\/v2\/media?parent=233103"}],"wp:term":[{"taxonomy":"product_brand","embeddable":true,"href":"https:\/\/grupotextil.es\/en\/wp-json\/wp\/v2\/product_brand?post=233103"},{"taxonomy":"product_cat","embeddable":true,"href":"https:\/\/grupotextil.es\/en\/wp-json\/wp\/v2\/product_cat?post=233103"},{"taxonomy":"product_tag","embeddable":true,"href":"https:\/\/grupotextil.es\/en\/wp-json\/wp\/v2\/product_tag?post=233103"}],"curies":[{"name":"wp","href":"https:\/\/api.w.org\/{rel}","templated":true}]}}

<p>ADV Explore Lightweight Jacket es una chaqueta ligera con aislamiento PrimaLoft que resulta perfecta como chaqueta exterior ante temperaturas suaves o como capa intermedia debajo de otra chaqueta en condiciones más frías.</p>
<p>Esta versátil chaqueta está confeccionada con poliamida reciclada y aislamiento PrimaLoft de primera calidad, una combinación que ofrece una excelente durabilidad y relación calor-peso. Además, los paneles elásticos transpirables de las axilas garantizan un control eficiente de la temperatura corporal para disfrutar de una comodidad óptima durante la realización de caminatas agotadoras o actividades similares. La chaqueta también está equipada con una capucha aislante y dos bolsillos con cremallera.</p>
<p>• Tejido exterior duradero de poliamida reciclada</p>
<p>• Aislamiento PrimaLoft</p>
<p>• Paneles elásticos transpirables en las axilas</p>
<p>• Capucha</p>
<p>• Dos bolsillos con cremallera</p>
<p>• Ajuste normal</p>
<p><strong>Composición:</strong> Tejido principal: 45% Poliéster reciclado 55% Poliéster, Paneles laterales: 88% Poliéster reciclado 12% Elastano Forro: 45% Poliéster reciclado 55% Poliéster Acolchado: Primaloft 100% Poliéster reciclado | <strong>Peso:</strong> 220 g/m2 | <strong>Tallas:</strong> XS-XXL</p>

<p>ADV Explore Lightweight Jacket es una chaqueta ligera con aislamiento PrimaLoft que resulta perfecta como chaqueta exterior ante temperaturas suaves o como capa intermedia debajo de otra chaqueta en condiciones más frías.</p>
