{"id":233356,"date":"2026-03-04T07:39:40","date_gmt":"2026-03-04T06:39:40","guid":{"rendered":"https:\/\/grupotextil.es\/producto\/adv-join-windbreaker-w\/"},"modified":"2026-04-26T04:06:09","modified_gmt":"2026-04-26T02:06:09","slug":"adv-join-windbreaker-w","status":"publish","type":"product","link":"https:\/\/grupotextil.es\/en\/product\/adv-join-windbreaker-w\/","title":{"rendered":"ADV Join Windbreaker W"},"content":{"rendered":"<p>ADV Join Windbreaker es un cortavientos elegante y ligero que permite pasar sin esfuerzo de la caminata deportiva a los recados cotidianos.<\/p>\n<p>Este cortavientos contempor\u00e1neo est\u00e1 confeccionado en un tejido fino y ligero e incorpora un funcional forro de malla que proporciona un excelente transporte de la humedad para un confort \u00f3ptimo. Su forma ancha se combina con el\u00e1stico en la cintura y una faja de punto ajustada en la parte inferior para crear una deslumbrante silueta femenina. Adem\u00e1s, el cortavientos incorpora una capucha con cord\u00f3n ajustable y dos bolsillos ocultos con cremallera para guardar de forma segura las llaves y otros objetos esenciales.<\/p>\n<p>\u2022 Tejido fino, ligero y resistente al viento<\/p>\n<p>\u2022 Tejido confeccionado con poli\u00e9ster reciclado<\/p>\n<p>\u2022 Forro de malla funcional<\/p>\n<p>\u2022 Faja de punto ajustada en la parte inferior<\/p>\n<p>\u2022 Cord\u00f3n el\u00e1stico en la cintura para un ajuste regulable<\/p>\n<p>\u2022 Capucha con cord\u00f3n ajustable<\/p>\n<p>\u2022 Bolsillos laterales con cremallera oculta<\/p>\n<p>\u2022 Ajuste relajado<\/p>\n<p><strong>Composici\u00f3n:<\/strong> Body 100% Polyamide Recycled, Lining lower body 77% Polyester Recycled, 23% Elastane, Lining upper body 100% Polyester Recycled | <strong>Tallas:<\/strong> XS-XXL<\/p>","protected":false},"excerpt":{"rendered":"<p>ADV Join Windbreaker es un cortavientos elegante y ligero que permite pasar sin esfuerzo de la caminata deportiva a los recados cotidianos.<\/p>","protected":false},"featured_media":237197,"comment_status":"open","ping_status":"closed","template":"","meta":{"_acf_changed":false},"product_brand":[10489],"product_cat":[13998],"product_tag":[],"class_list":{"0":"post-233356","1":"product","2":"type-product","3":"status-publish","4":"has-post-thumbnail","6":"product_brand-craft","7":"product_cat-n-chaquetas","8":"tm-no-options","10":"first","11":"instock","12":"taxable","13":"shipping-taxable","14":"product-type-variable"},"acf":[],"_links":{"self":[{"href":"https:\/\/grupotextil.es\/en\/wp-json\/wp\/v2\/product\/233356","targetHints":{"allow":["GET"]}}],"collection":[{"href":"https:\/\/grupotextil.es\/en\/wp-json\/wp\/v2\/product"}],"about":[{"href":"https:\/\/grupotextil.es\/en\/wp-json\/wp\/v2\/types\/product"}],"replies":[{"embeddable":true,"href":"https:\/\/grupotextil.es\/en\/wp-json\/wp\/v2\/comments?post=233356"}],"wp:featuredmedia":[{"embeddable":true,"href":"https:\/\/grupotextil.es\/en\/wp-json\/wp\/v2\/media\/237197"}],"wp:attachment":[{"href":"https:\/\/grupotextil.es\/en\/wp-json\/wp\/v2\/media?parent=233356"}],"wp:term":[{"taxonomy":"product_brand","embeddable":true,"href":"https:\/\/grupotextil.es\/en\/wp-json\/wp\/v2\/product_brand?post=233356"},{"taxonomy":"product_cat","embeddable":true,"href":"https:\/\/grupotextil.es\/en\/wp-json\/wp\/v2\/product_cat?post=233356"},{"taxonomy":"product_tag","embeddable":true,"href":"https:\/\/grupotextil.es\/en\/wp-json\/wp\/v2\/product_tag?post=233356"}],"curies":[{"name":"wp","href":"https:\/\/api.w.org\/{rel}","templated":true}]}}

<p>ADV Join Windbreaker es un cortavientos elegante y ligero que permite pasar sin esfuerzo de la caminata deportiva a los recados cotidianos.</p>
<p>Este cortavientos contemporáneo está confeccionado en un tejido fino y ligero e incorpora un funcional forro de malla que proporciona un excelente transporte de la humedad para un confort óptimo. Su forma ancha se combina con elástico en la cintura y una faja de punto ajustada en la parte inferior para crear una deslumbrante silueta femenina. Además, el cortavientos incorpora una capucha con cordón ajustable y dos bolsillos ocultos con cremallera para guardar de forma segura las llaves y otros objetos esenciales.</p>
<p>• Tejido fino, ligero y resistente al viento</p>
<p>• Tejido confeccionado con poliéster reciclado</p>
<p>• Forro de malla funcional</p>
<p>• Faja de punto ajustada en la parte inferior</p>
<p>• Cordón elástico en la cintura para un ajuste regulable</p>
<p>• Capucha con cordón ajustable</p>
<p>• Bolsillos laterales con cremallera oculta</p>
<p>• Ajuste relajado</p>
<p><strong>Composición:</strong> Body 100% Polyamide Recycled, Lining lower body 77% Polyester Recycled, 23% Elastane, Lining upper body 100% Polyester Recycled | <strong>Tallas:</strong> XS-XXL</p>
