{"id":233559,"date":"2026-03-04T07:41:59","date_gmt":"2026-03-04T06:41:59","guid":{"rendered":"https:\/\/grupotextil.es\/producto\/7416-chaqueta7416-chaqueta-9910-vis\/"},"modified":"2026-04-26T04:06:10","modified_gmt":"2026-04-26T02:06:10","slug":"7416-chaqueta7416-chaqueta-9910-vis","status":"publish","type":"product","link":"https:\/\/grupotextil.es\/en\/product\/7416-chaqueta7416-chaqueta-9910-vis\/","title":{"rendered":"7416 CHAQUETA\n7416 CHAQUETA 9910-VIS"},"content":{"rendered":"<p>Chaqueta de trabajo con cremallera completa hasta el cuello en la parte delantera con tapeta exterior para evitar la entrada de suciedad y corrientes de aire, se cierra con velcro. Bolsillos laterales y generosos bolsillos en el pecho a ambos lados, todos los bolsillos con cierre de cremallera. En el lado izquierdo soporte externo para sujetar la tarjeta de identificaci\u00f3n. Amplios bolsillos interiores abiertos a ambos lados, tambi\u00e9n un bolsillo para el m\u00f3vil con cierre de velcro. Pu\u00f1os ajustables con velcro, tambi\u00e9n anchura ajustable en los laterales con velcro. Bolsillo para chip de lavander\u00eda en la costura interior del lado izquierdo.<\/p>\n<p>Probado para lavado industrial seg\u00fan ISO 15797<\/p>\n<p>Mayor visibilidad EN 17353<\/p>\n<p>Se suministra en una bolsa compostable de base biol\u00f3gica<\/p>\n<p><strong>Composici\u00f3n:<\/strong> 63% poli\u00e9ster reciclado, 35% algod\u00f3n org\u00e1nico, 2% elastano &#8211; 245 g\/m2 | <strong>Peso:<\/strong> 245 g\/m\u00b2 | <strong>Tallas:<\/strong> XS-5XL<\/p>","protected":false},"excerpt":{"rendered":"<p>Chaqueta de trabajo con cremallera completa hasta el cuello en la parte delantera con tapeta exterior para evitar la entrada de suciedad y corrientes de aire, se cierra con velcro. Bolsillos laterales y generosos bolsillos en el pecho a ambos lados,<\/p>","protected":false},"featured_media":237234,"comment_status":"open","ping_status":"closed","template":"","meta":{"_acf_changed":false},"product_brand":[10531],"product_cat":[13998],"product_tag":[],"class_list":{"0":"post-233559","1":"product","2":"type-product","3":"status-publish","4":"has-post-thumbnail","6":"product_brand-projob","7":"product_cat-n-chaquetas","8":"tm-no-options","10":"first","11":"instock","12":"taxable","13":"shipping-taxable","14":"product-type-variable"},"acf":[],"_links":{"self":[{"href":"https:\/\/grupotextil.es\/en\/wp-json\/wp\/v2\/product\/233559","targetHints":{"allow":["GET"]}}],"collection":[{"href":"https:\/\/grupotextil.es\/en\/wp-json\/wp\/v2\/product"}],"about":[{"href":"https:\/\/grupotextil.es\/en\/wp-json\/wp\/v2\/types\/product"}],"replies":[{"embeddable":true,"href":"https:\/\/grupotextil.es\/en\/wp-json\/wp\/v2\/comments?post=233559"}],"wp:featuredmedia":[{"embeddable":true,"href":"https:\/\/grupotextil.es\/en\/wp-json\/wp\/v2\/media\/237234"}],"wp:attachment":[{"href":"https:\/\/grupotextil.es\/en\/wp-json\/wp\/v2\/media?parent=233559"}],"wp:term":[{"taxonomy":"product_brand","embeddable":true,"href":"https:\/\/grupotextil.es\/en\/wp-json\/wp\/v2\/product_brand?post=233559"},{"taxonomy":"product_cat","embeddable":true,"href":"https:\/\/grupotextil.es\/en\/wp-json\/wp\/v2\/product_cat?post=233559"},{"taxonomy":"product_tag","embeddable":true,"href":"https:\/\/grupotextil.es\/en\/wp-json\/wp\/v2\/product_tag?post=233559"}],"curies":[{"name":"wp","href":"https:\/\/api.w.org\/{rel}","templated":true}]}}

<p>Chaqueta de trabajo con cremallera completa hasta el cuello en la parte delantera con tapeta exterior para evitar la entrada de suciedad y corrientes de aire, se cierra con velcro. Bolsillos laterales y generosos bolsillos en el pecho a ambos lados, todos los bolsillos con cierre de cremallera. En el lado izquierdo soporte externo para sujetar la tarjeta de identificación. Amplios bolsillos interiores abiertos a ambos lados, también un bolsillo para el móvil con cierre de velcro. Puños ajustables con velcro, también anchura ajustable en los laterales con velcro. Bolsillo para chip de lavandería en la costura interior del lado izquierdo.</p>
<p>Probado para lavado industrial según ISO 15797</p>
<p>Mayor visibilidad EN 17353</p>
<p>Se suministra en una bolsa compostable de base biológica</p>
<p><strong>Composición:</strong> 63% poliéster reciclado, 35% algodón orgánico, 2% elastano &#8211; 245 g/m2 | <strong>Peso:</strong> 245 g/m² | <strong>Tallas:</strong> XS-5XL</p>
