{"id":233675,"date":"2026-03-04T07:43:20","date_gmt":"2026-03-04T06:43:20","guid":{"rendered":"https:\/\/grupotextil.es\/producto\/urban-long-padded-coat-w\/"},"modified":"2026-04-26T04:06:10","modified_gmt":"2026-04-26T02:06:10","slug":"urban-long-padded-coat-w","status":"publish","type":"product","link":"https:\/\/grupotextil.es\/en\/product\/urban-long-padded-coat-w\/","title":{"rendered":"Urban Long Padded Coat W"},"content":{"rendered":"<p>El abrigo acolchado largo Urban es un abrigo aislante que te mantiene caliente y c\u00f3modo en condiciones invernales realmente fr\u00edas. Con un dise\u00f1o minimalista, se adapta sin esfuerzo a los paseos invernales informales y a los ambientes m\u00e1s formales.<\/p>\n<p>Este elegante abrigo para el fr\u00edo est\u00e1 confeccionado en un tejido hidr\u00f3fugo y duradero e incorpora un aislante de poli\u00e9ster para mantenerte caliente y seco en los h\u00famedos d\u00edas de oto\u00f1o e invierno. Adem\u00e1s, el abrigo incluye dos bolsillos calientamanos, cuello alto para una mayor protecci\u00f3n contra el fr\u00edo y aberturas laterales con cremallera para una mayor libertad de movimientos. El dise\u00f1o largo del abrigo proporciona una calidez y un confort excelentes en condiciones de fr\u00edo intenso.<\/p>\n<p>\u2022 Tejido exterior de poliamida 100\u00a0% reciclada<\/p>\n<p>\u2022 Aislamiento hecho de poli\u00e9ster reciclado<\/p>\n<p>\u2022 Dos bolsillos calientamanos<\/p>\n<p>\u2022 Bolsillo interior con cremallera<\/p>\n<p>\u2022 Cuello alto<\/p>\n<p>\u2022 Aberturas laterales con cremallera en la parte inferior para mayor amplitud de movimiento<\/p>\n<p>\u2022 Cremallera YKK de 2 v\u00edas<\/p>\n<p>\u2022 Ajuste regular<\/p>\n<p><strong>Composici\u00f3n:<\/strong> Main 100% Poliamida reciclada, Padding 100% Poli\u00e9ster reciclado, Lining 100% Poliamida reciclada | <strong>Tallas:<\/strong> XS-XXL<\/p>","protected":false},"excerpt":{"rendered":"<p>El abrigo acolchado largo Urban es un abrigo aislante que te mantiene caliente y c\u00f3modo en condiciones invernales realmente fr\u00edas. Con un dise\u00f1o minimalista, se adapta sin esfuerzo a los paseos invernales informales y a los ambientes m\u00e1s formales.<\/p>","protected":false},"featured_media":237249,"comment_status":"open","ping_status":"closed","template":"","meta":{"_acf_changed":false},"product_brand":[10489],"product_cat":[13998],"product_tag":[],"class_list":{"0":"post-233675","1":"product","2":"type-product","3":"status-publish","4":"has-post-thumbnail","6":"product_brand-craft","7":"product_cat-n-chaquetas","8":"tm-no-options","10":"first","11":"instock","12":"taxable","13":"shipping-taxable","14":"product-type-variable"},"acf":[],"_links":{"self":[{"href":"https:\/\/grupotextil.es\/en\/wp-json\/wp\/v2\/product\/233675","targetHints":{"allow":["GET"]}}],"collection":[{"href":"https:\/\/grupotextil.es\/en\/wp-json\/wp\/v2\/product"}],"about":[{"href":"https:\/\/grupotextil.es\/en\/wp-json\/wp\/v2\/types\/product"}],"replies":[{"embeddable":true,"href":"https:\/\/grupotextil.es\/en\/wp-json\/wp\/v2\/comments?post=233675"}],"wp:featuredmedia":[{"embeddable":true,"href":"https:\/\/grupotextil.es\/en\/wp-json\/wp\/v2\/media\/237249"}],"wp:attachment":[{"href":"https:\/\/grupotextil.es\/en\/wp-json\/wp\/v2\/media?parent=233675"}],"wp:term":[{"taxonomy":"product_brand","embeddable":true,"href":"https:\/\/grupotextil.es\/en\/wp-json\/wp\/v2\/product_brand?post=233675"},{"taxonomy":"product_cat","embeddable":true,"href":"https:\/\/grupotextil.es\/en\/wp-json\/wp\/v2\/product_cat?post=233675"},{"taxonomy":"product_tag","embeddable":true,"href":"https:\/\/grupotextil.es\/en\/wp-json\/wp\/v2\/product_tag?post=233675"}],"curies":[{"name":"wp","href":"https:\/\/api.w.org\/{rel}","templated":true}]}}

<p>El abrigo acolchado largo Urban es un abrigo aislante que te mantiene caliente y cómodo en condiciones invernales realmente frías. Con un diseño minimalista, se adapta sin esfuerzo a los paseos invernales informales y a los ambientes más formales.</p>
<p>Este elegante abrigo para el frío está confeccionado en un tejido hidrófugo y duradero e incorpora un aislante de poliéster para mantenerte caliente y seco en los húmedos días de otoño e invierno. Además, el abrigo incluye dos bolsillos calientamanos, cuello alto para una mayor protección contra el frío y aberturas laterales con cremallera para una mayor libertad de movimientos. El diseño largo del abrigo proporciona una calidez y un confort excelentes en condiciones de frío intenso.</p>
<p>• Tejido exterior de poliamida 100 % reciclada</p>
<p>• Aislamiento hecho de poliéster reciclado</p>
<p>• Dos bolsillos calientamanos</p>
<p>• Bolsillo interior con cremallera</p>
<p>• Cuello alto</p>
<p>• Aberturas laterales con cremallera en la parte inferior para mayor amplitud de movimiento</p>
<p>• Cremallera YKK de 2 vías</p>
<p>• Ajuste regular</p>
<p><strong>Composición:</strong> Main 100% Poliamida reciclada, Padding 100% Poliéster reciclado, Lining 100% Poliamida reciclada | <strong>Tallas:</strong> XS-XXL</p>

<p>El abrigo acolchado largo Urban es un abrigo aislante que te mantiene caliente y cómodo en condiciones invernales realmente frías. Con un diseño minimalista, se adapta sin esfuerzo a los paseos invernales informales y a los ambientes más formales.</p>
