{"id":233685,"date":"2026-03-04T07:43:28","date_gmt":"2026-03-04T06:43:28","guid":{"rendered":"https:\/\/grupotextil.es\/producto\/urban-padded-parka-w\/"},"modified":"2026-04-26T04:06:10","modified_gmt":"2026-04-26T02:06:10","slug":"urban-padded-parka-w","status":"publish","type":"product","link":"https:\/\/grupotextil.es\/en\/product\/urban-padded-parka-w\/","title":{"rendered":"Urban Padded Parka W"},"content":{"rendered":"<p>Urban Padded Parka es una parka aislante que te mantiene abrigado y c\u00f3modo en condiciones invernales realmente fr\u00edas. Con un dise\u00f1o minimalista, se adapta sin esfuerzo a los paseos invernales informales y a los ambientes m\u00e1s formales.<\/p>\n<p>Esta elegante parka para el fr\u00edo est\u00e1 confeccionada con un tejido repelente al agua y duradero y cuenta con un aislamiento de poli\u00e9ster para mantenerte abrigado y seco en los h\u00famedos d\u00edas de oto\u00f1o e invierno. Adem\u00e1s, la parka incorpora costuras selladas en las zonas cr\u00edticas, dos amplios bolsillos delanteros, capucha ajustable y cintura regulable para un ajuste y una silueta \u00f3ptimos. Un ajuste m\u00e1s largo proporciona protecci\u00f3n adicional sobre las caderas.<\/p>\n<p>\u2022 Tejido exterior hidr\u00f3fugo de poli\u00e9ster reciclado y algod\u00f3n BCI<\/p>\n<p>\u2022 Aislamiento de poli\u00e9ster reciclado<\/p>\n<p>\u2022 Costuras selladas en las zonas cr\u00edticas<\/p>\n<p>\u2022 Dos grandes bolsillos delanteros<\/p>\n<p>\u2022 Bolsillo interior con cremallera<\/p>\n<p>\u2022 Capucha ajustable<\/p>\n<p>\u2022 Cordones ajustables en la cintura<\/p>\n<p>\u2022 Pu\u00f1os el\u00e1sticos con orificios para los pulgares<\/p>\n<p>\u2022 Cremallera YKK de 2 v\u00edas<\/p>\n<p>\u2022 Corte a la cadera<\/p>\n<p>\u2022 Ajuste regular<\/p>\n<p><strong>Composici\u00f3n:<\/strong> Main Face 65% Poli\u00e9ster reciclado, 35% Algod\u00f3n, Main Back 100% Poliuretano, Padding 100% Poli\u00e9ster reciclado, Lining 100% Poliamida reciclada | <strong>Tallas:<\/strong> XS-XXL<\/p>","protected":false},"excerpt":{"rendered":"<p>Urban Padded Parka es una parka aislante que te mantiene abrigado y c\u00f3modo en condiciones invernales realmente fr\u00edas. Con un dise\u00f1o minimalista, se adapta sin esfuerzo a los paseos invernales informales y a los ambientes m\u00e1s formales.<\/p>","protected":false},"featured_media":237251,"comment_status":"open","ping_status":"closed","template":"","meta":{"_acf_changed":false},"product_brand":[10489],"product_cat":[13998],"product_tag":[],"class_list":{"0":"post-233685","1":"product","2":"type-product","3":"status-publish","4":"has-post-thumbnail","6":"product_brand-craft","7":"product_cat-n-chaquetas","8":"tm-no-options","10":"first","11":"instock","12":"taxable","13":"shipping-taxable","14":"product-type-variable"},"acf":[],"_links":{"self":[{"href":"https:\/\/grupotextil.es\/en\/wp-json\/wp\/v2\/product\/233685","targetHints":{"allow":["GET"]}}],"collection":[{"href":"https:\/\/grupotextil.es\/en\/wp-json\/wp\/v2\/product"}],"about":[{"href":"https:\/\/grupotextil.es\/en\/wp-json\/wp\/v2\/types\/product"}],"replies":[{"embeddable":true,"href":"https:\/\/grupotextil.es\/en\/wp-json\/wp\/v2\/comments?post=233685"}],"wp:featuredmedia":[{"embeddable":true,"href":"https:\/\/grupotextil.es\/en\/wp-json\/wp\/v2\/media\/237251"}],"wp:attachment":[{"href":"https:\/\/grupotextil.es\/en\/wp-json\/wp\/v2\/media?parent=233685"}],"wp:term":[{"taxonomy":"product_brand","embeddable":true,"href":"https:\/\/grupotextil.es\/en\/wp-json\/wp\/v2\/product_brand?post=233685"},{"taxonomy":"product_cat","embeddable":true,"href":"https:\/\/grupotextil.es\/en\/wp-json\/wp\/v2\/product_cat?post=233685"},{"taxonomy":"product_tag","embeddable":true,"href":"https:\/\/grupotextil.es\/en\/wp-json\/wp\/v2\/product_tag?post=233685"}],"curies":[{"name":"wp","href":"https:\/\/api.w.org\/{rel}","templated":true}]}}

<p>Urban Padded Parka es una parka aislante que te mantiene abrigado y cómodo en condiciones invernales realmente frías. Con un diseño minimalista, se adapta sin esfuerzo a los paseos invernales informales y a los ambientes más formales.</p>
<p>Esta elegante parka para el frío está confeccionada con un tejido repelente al agua y duradero y cuenta con un aislamiento de poliéster para mantenerte abrigado y seco en los húmedos días de otoño e invierno. Además, la parka incorpora costuras selladas en las zonas críticas, dos amplios bolsillos delanteros, capucha ajustable y cintura regulable para un ajuste y una silueta óptimos. Un ajuste más largo proporciona protección adicional sobre las caderas.</p>
<p>• Tejido exterior hidrófugo de poliéster reciclado y algodón BCI</p>
<p>• Aislamiento de poliéster reciclado</p>
<p>• Costuras selladas en las zonas críticas</p>
<p>• Dos grandes bolsillos delanteros</p>
<p>• Bolsillo interior con cremallera</p>
<p>• Capucha ajustable</p>
<p>• Cordones ajustables en la cintura</p>
<p>• Puños elásticos con orificios para los pulgares</p>
<p>• Cremallera YKK de 2 vías</p>
<p>• Corte a la cadera</p>
<p>• Ajuste regular</p>
<p><strong>Composición:</strong> Main Face 65% Poliéster reciclado, 35% Algodón, Main Back 100% Poliuretano, Padding 100% Poliéster reciclado, Lining 100% Poliamida reciclada | <strong>Tallas:</strong> XS-XXL</p>

<p>Urban Padded Parka es una parka aislante que te mantiene abrigado y cómodo en condiciones invernales realmente frías. Con un diseño minimalista, se adapta sin esfuerzo a los paseos invernales informales y a los ambientes más formales.</p>
