{"id":233695,"date":"2026-03-04T07:43:36","date_gmt":"2026-03-04T06:43:36","guid":{"rendered":"https:\/\/grupotextil.es\/producto\/urban-parka-w\/"},"modified":"2026-04-26T04:06:11","modified_gmt":"2026-04-26T02:06:11","slug":"urban-parka-w","status":"publish","type":"product","link":"https:\/\/grupotextil.es\/en\/product\/urban-parka-w\/","title":{"rendered":"Urban Parka W"},"content":{"rendered":"<p>Urban Parka es una parka de uso diario cortavientos y repelente al agua con un dise\u00f1o cl\u00e1sico que te permite enfrentarte al tiempo impredecible con estilo.<\/p>\n<p>Confeccionada con un tejido repelente al agua y duradero, y con costuras selladas en las zonas cr\u00edticas, esta elegante parka te mantiene seco en los d\u00edas h\u00famedos de oto\u00f1o e invierno. Para una mayor calidez en condiciones fr\u00edas, ponte una capa intermedia debajo. La parka tambi\u00e9n tiene una capucha ajustable, amplios bolsillos delanteros y una cintura que se puede ajustar para conseguir un ajuste y una silueta a medida. Tanto si te desplazas por la ciudad como si exploras el aire libre, esta chaqueta te cubre las espaldas.<\/p>\n<p>\u2022 Tejido hidr\u00f3fugo de poli\u00e9ster reciclado y algod\u00f3n BCI<\/p>\n<p>\u2022 Costuras selladas en las zonas cr\u00edticas<\/p>\n<p>\u2022 Capucha con cord\u00f3n ajustable para un ajuste \u00f3ptimo<\/p>\n<p>\u2022 Cord\u00f3n ajustable en la cintura<\/p>\n<p>\u2022 Abertura de ventilaci\u00f3n horizontal en la espalda<\/p>\n<p>\u2022 Dos grandes bolsillos delanteros<\/p>\n<p>\u2022 Bolsillo interior con cremallera<\/p>\n<p>\u2022 Velcro en los extremos de las mangas<\/p>\n<p>\u2022 Cremallera YKK<\/p>\n<p>\u2022 Ajuste regular<\/p>\n<p><strong>Composici\u00f3n:<\/strong> Body Face 65% Poli\u00e9ster reciclado, 35% Algod\u00f3n, Body Back 100% Poliuretano, Lining 100% Poliamida reciclada | <strong>Tallas:<\/strong> XS-XXL<\/p>","protected":false},"excerpt":{"rendered":"<p>Urban Parka es una parka de uso diario cortavientos y repelente al agua con un dise\u00f1o cl\u00e1sico que te permite enfrentarte al tiempo impredecible con estilo.<\/p>","protected":false},"featured_media":237253,"comment_status":"open","ping_status":"closed","template":"","meta":{"_acf_changed":false},"product_brand":[10489],"product_cat":[13998],"product_tag":[],"class_list":{"0":"post-233695","1":"product","2":"type-product","3":"status-publish","4":"has-post-thumbnail","6":"product_brand-craft","7":"product_cat-n-chaquetas","8":"tm-no-options","10":"first","11":"instock","12":"taxable","13":"shipping-taxable","14":"product-type-variable"},"acf":[],"_links":{"self":[{"href":"https:\/\/grupotextil.es\/en\/wp-json\/wp\/v2\/product\/233695","targetHints":{"allow":["GET"]}}],"collection":[{"href":"https:\/\/grupotextil.es\/en\/wp-json\/wp\/v2\/product"}],"about":[{"href":"https:\/\/grupotextil.es\/en\/wp-json\/wp\/v2\/types\/product"}],"replies":[{"embeddable":true,"href":"https:\/\/grupotextil.es\/en\/wp-json\/wp\/v2\/comments?post=233695"}],"wp:featuredmedia":[{"embeddable":true,"href":"https:\/\/grupotextil.es\/en\/wp-json\/wp\/v2\/media\/237253"}],"wp:attachment":[{"href":"https:\/\/grupotextil.es\/en\/wp-json\/wp\/v2\/media?parent=233695"}],"wp:term":[{"taxonomy":"product_brand","embeddable":true,"href":"https:\/\/grupotextil.es\/en\/wp-json\/wp\/v2\/product_brand?post=233695"},{"taxonomy":"product_cat","embeddable":true,"href":"https:\/\/grupotextil.es\/en\/wp-json\/wp\/v2\/product_cat?post=233695"},{"taxonomy":"product_tag","embeddable":true,"href":"https:\/\/grupotextil.es\/en\/wp-json\/wp\/v2\/product_tag?post=233695"}],"curies":[{"name":"wp","href":"https:\/\/api.w.org\/{rel}","templated":true}]}}

<p>Urban Parka es una parka de uso diario cortavientos y repelente al agua con un diseño clásico que te permite enfrentarte al tiempo impredecible con estilo.</p>
<p>Confeccionada con un tejido repelente al agua y duradero, y con costuras selladas en las zonas críticas, esta elegante parka te mantiene seco en los días húmedos de otoño e invierno. Para una mayor calidez en condiciones frías, ponte una capa intermedia debajo. La parka también tiene una capucha ajustable, amplios bolsillos delanteros y una cintura que se puede ajustar para conseguir un ajuste y una silueta a medida. Tanto si te desplazas por la ciudad como si exploras el aire libre, esta chaqueta te cubre las espaldas.</p>
<p>• Tejido hidrófugo de poliéster reciclado y algodón BCI</p>
<p>• Costuras selladas en las zonas críticas</p>
<p>• Capucha con cordón ajustable para un ajuste óptimo</p>
<p>• Cordón ajustable en la cintura</p>
<p>• Abertura de ventilación horizontal en la espalda</p>
<p>• Dos grandes bolsillos delanteros</p>
<p>• Bolsillo interior con cremallera</p>
<p>• Velcro en los extremos de las mangas</p>
<p>• Cremallera YKK</p>
<p>• Ajuste regular</p>
<p><strong>Composición:</strong> Body Face 65% Poliéster reciclado, 35% Algodón, Body Back 100% Poliuretano, Lining 100% Poliamida reciclada | <strong>Tallas:</strong> XS-XXL</p>

<p>Urban Parka es una parka de uso diario cortavientos y repelente al agua con un diseño clásico que te permite enfrentarte al tiempo impredecible con estilo.</p>
