{"id":252537,"date":"2026-03-05T03:17:45","date_gmt":"2026-03-05T02:17:45","guid":{"rendered":"https:\/\/grupotextil.es\/producto\/neoblu-edgar\/"},"modified":"2026-03-05T04:28:08","modified_gmt":"2026-03-05T03:28:08","slug":"neoblu-edgar","status":"publish","type":"product","link":"https:\/\/grupotextil.es\/en\/product\/neoblu-edgar\/","title":{"rendered":"NEOBLU EDGAR"},"content":{"rendered":"<p><strong>Composici\u00f3n:<\/strong> Polialgod\u00f3n &#8211; 65% poli\u00e9ster reciclado &#8211; 35% algod\u00f3n<\/p>\n<p><strong>Caracter\u00edsticas:<\/strong> Amplio bolsillo delantero con 2 compartimentos y un bolsillo para utensilios<br \/>Tira de cuello ajustable con autom\u00e1ticos<br \/>Tira larga para atar en la cintura &#8211; 103 cm<\/p>\n<p><strong>Tallas disponibles:<\/strong> TUN<\/p>\n<p><strong>Propiedades:<\/strong> easy care<\/p>\n<p><strong>Cuidado:<\/strong> 60\u00b0 \u00b7 Planchar a media temperatura \u00b7 No se puede usar lej\u00eda<\/p>\n<p><strong>G\u00e9nero:<\/strong> Hombre,Mujer,Unisex<\/p>","protected":false},"excerpt":{"rendered":"<p>DELANTAL CON PETO DE GAMA ALTA DE F\u00c1CIL CUIDADO<\/p>","protected":false},"featured_media":252538,"comment_status":"open","ping_status":"closed","template":"","meta":{"_acf_changed":false},"product_brand":[14014],"product_cat":[13954,13974,13975,13973],"product_tag":[],"class_list":{"0":"post-252537","1":"product","2":"type-product","3":"status-publish","4":"has-post-thumbnail","6":"product_brand-neoblu","7":"product_cat-acc-bolsas-y-mochilas","8":"product_cat-ropa-hombre","9":"product_cat-ropa-mujer","10":"product_cat-ropa","11":"tm-no-options","13":"first","14":"instock","15":"taxable","16":"shipping-taxable","17":"product-type-variable"},"acf":[],"_links":{"self":[{"href":"https:\/\/grupotextil.es\/en\/wp-json\/wp\/v2\/product\/252537","targetHints":{"allow":["GET"]}}],"collection":[{"href":"https:\/\/grupotextil.es\/en\/wp-json\/wp\/v2\/product"}],"about":[{"href":"https:\/\/grupotextil.es\/en\/wp-json\/wp\/v2\/types\/product"}],"replies":[{"embeddable":true,"href":"https:\/\/grupotextil.es\/en\/wp-json\/wp\/v2\/comments?post=252537"}],"wp:featuredmedia":[{"embeddable":true,"href":"https:\/\/grupotextil.es\/en\/wp-json\/wp\/v2\/media\/252538"}],"wp:attachment":[{"href":"https:\/\/grupotextil.es\/en\/wp-json\/wp\/v2\/media?parent=252537"}],"wp:term":[{"taxonomy":"product_brand","embeddable":true,"href":"https:\/\/grupotextil.es\/en\/wp-json\/wp\/v2\/product_brand?post=252537"},{"taxonomy":"product_cat","embeddable":true,"href":"https:\/\/grupotextil.es\/en\/wp-json\/wp\/v2\/product_cat?post=252537"},{"taxonomy":"product_tag","embeddable":true,"href":"https:\/\/grupotextil.es\/en\/wp-json\/wp\/v2\/product_tag?post=252537"}],"curies":[{"name":"wp","href":"https:\/\/api.w.org\/{rel}","templated":true}]}}

<p><strong>Composición:</strong> Polialgodón &#8211; 65% poliéster reciclado &#8211; 35% algodón</p>
<p><strong>Características:</strong> Amplio bolsillo delantero con 2 compartimentos y un bolsillo para utensilios<br />Tira de cuello ajustable con automáticos<br />Tira larga para atar en la cintura &#8211; 103 cm</p>
<p><strong>Tallas disponibles:</strong> TUN</p>
<p><strong>Propiedades:</strong> easy care</p>
<p><strong>Cuidado:</strong> 60° · Planchar a media temperatura · No se puede usar lejía</p>
<p><strong>Género:</strong> Hombre,Mujer,Unisex</p>

<p>DELANTAL CON PETO DE GAMA ALTA DE FÁCIL CUIDADO</p>
