{"id":297475,"date":"2026-03-06T01:29:55","date_gmt":"2026-03-06T01:29:55","guid":{"rendered":"https:\/\/grupotextil.es\/?post_type=product&#038;p=297475"},"modified":"2026-03-06T01:29:55","modified_gmt":"2026-03-06T01:29:55","slug":"camisa-de-mujer-manga-corta-y-bolsillo-valento-star","status":"publish","type":"product","link":"https:\/\/grupotextil.es\/en\/product\/camisa-de-mujer-manga-corta-y-bolsillo-valento-star\/","title":{"rendered":"Camisa de mujer manga corta y bolsillo VALENTO STAR"},"content":{"rendered":"<div class=\"product-description\">\n<div class=\"article_characteristics\">\n<ul style=\"margin-block-start: 0;\" >\n<li><b>Camisa<\/b> de <b>mujer<\/b>, <b>manga corta<\/b> y <b>bolsillo<\/b>.<\/li>\n<li>Confeccionada en tejido popel\u00edn de 210 hilos, mezcla algod\u00f3n con poli\u00e9ster, ligero, resistente y duradero.<\/li>\n<li><b>Bolsillo<\/b> en pecho izquierdo para resaltar el marcaje.<\/li>\n<li>Cierre frontal, de derecha a izquierda, con botones a tono.<\/li>\n<li>Costuras reforzadas en laterales, hombros,  mangas y sisas que aumentan su resistencia.<\/li>\n<li>M\u00e9todos id\u00f3neos de marcaje: serigraf\u00eda, transfer, bordados, cosidos.<\/li>\n<li>Ideal como <b>ropa laboral<\/b>, <b>uniformes corporativos<\/b> y <b>ropa casual<\/b>.<\/li>\n<\/ul><\/div>\n<\/div>\n<div class=\"product-pdf\">\n<p><a href=\"https:\/\/valento.es\/?service=ServeDocuments&amp;function=serve_datasheet&amp;article_ref=CSVASTC\" target=\"_blank\" rel=\"noopener\">Descargar ficha t\u00e9cnica (PDF)<\/a><\/p>\n<\/div>","protected":false},"excerpt":{"rendered":"<p>Camisa de mujer manga corta y bolsillo VALENTO STAR de Valento. Disponible en la categor\u00eda Camisas. Env\u00edo r\u00e1pido 24\/48h.<\/p>","protected":false},"featured_media":297476,"comment_status":"open","ping_status":"closed","template":"","meta":{"_acf_changed":false},"product_brand":[11282],"product_cat":[13938],"product_tag":[],"class_list":{"0":"post-297475","1":"product","2":"type-product","3":"status-publish","4":"has-post-thumbnail","6":"product_brand-valento","7":"product_cat-camisas-corporativas","8":"tm-no-options","10":"first","11":"instock","12":"taxable","13":"shipping-taxable","14":"product-type-variable"},"acf":[],"_links":{"self":[{"href":"https:\/\/grupotextil.es\/en\/wp-json\/wp\/v2\/product\/297475","targetHints":{"allow":["GET"]}}],"collection":[{"href":"https:\/\/grupotextil.es\/en\/wp-json\/wp\/v2\/product"}],"about":[{"href":"https:\/\/grupotextil.es\/en\/wp-json\/wp\/v2\/types\/product"}],"replies":[{"embeddable":true,"href":"https:\/\/grupotextil.es\/en\/wp-json\/wp\/v2\/comments?post=297475"}],"wp:featuredmedia":[{"embeddable":true,"href":"https:\/\/grupotextil.es\/en\/wp-json\/wp\/v2\/media\/297476"}],"wp:attachment":[{"href":"https:\/\/grupotextil.es\/en\/wp-json\/wp\/v2\/media?parent=297475"}],"wp:term":[{"taxonomy":"product_brand","embeddable":true,"href":"https:\/\/grupotextil.es\/en\/wp-json\/wp\/v2\/product_brand?post=297475"},{"taxonomy":"product_cat","embeddable":true,"href":"https:\/\/grupotextil.es\/en\/wp-json\/wp\/v2\/product_cat?post=297475"},{"taxonomy":"product_tag","embeddable":true,"href":"https:\/\/grupotextil.es\/en\/wp-json\/wp\/v2\/product_tag?post=297475"}],"curies":[{"name":"wp","href":"https:\/\/api.w.org\/{rel}","templated":true}]}}

<div class="product-description">
<div class="article_characteristics">
<ul style="margin-block-start: 0;" >
<li><b>Camisa</b> de <b>mujer</b>, <b>manga corta</b> y <b>bolsillo</b>.</li>
<li>Confeccionada en tejido popelín de 210 hilos, mezcla algodón con poliéster, ligero, resistente y duradero.</li>
<li><b>Bolsillo</b> en pecho izquierdo para resaltar el marcaje.</li>
<li>Cierre frontal, de derecha a izquierda, con botones a tono.</li>
<li>Costuras reforzadas en laterales, hombros,  mangas y sisas que aumentan su resistencia.</li>
<li>Métodos idóneos de marcaje: serigrafía, transfer, bordados, cosidos.</li>
<li>Ideal como <b>ropa laboral</b>, <b>uniformes corporativos</b> y <b>ropa casual</b>.</li>
</ul></div>
</div>
<div class="product-pdf">
<p><a href="https://valento.es/?service=ServeDocuments&amp;function=serve_datasheet&amp;article_ref=CSVASTC" target="_blank" rel="noopener">Descargar ficha técnica (PDF)</a></p>
</div>

<p>Camisa de mujer manga corta y bolsillo VALENTO STAR de Valento. Disponible en la categoría Camisas. Envío rápido 24/48h.</p>
