{"id":305488,"date":"2026-03-06T01:32:54","date_gmt":"2026-03-06T01:32:54","guid":{"rendered":"https:\/\/grupotextil.es\/?post_type=product&#038;p=305488"},"modified":"2026-03-06T01:32:54","modified_gmt":"2026-03-06T01:32:54","slug":"pijama-sanitario-ligero-valento-eindhoven","status":"publish","type":"product","link":"https:\/\/grupotextil.es\/en\/product\/pijama-sanitario-ligero-valento-eindhoven\/","title":{"rendered":"Pijama sanitario ligero VALENTO EINDHOVEN"},"content":{"rendered":"<div class=\"product-description\">\n<div class=\"article_characteristics\">\n<ul style=\"margin-block-start: 0;\" >\n<li><b>Conjunto sanitario<\/b> formado por <b>blus\u00f3n de trabajo<\/b> y <b>pantal\u00f3n<\/b>.<\/li>\n<li>Confeccionado en tejido plano y ligero mezcla algod\u00f3n con poli\u00e9ster resistente y duradero.<\/li>\n<li>Blus\u00f3n de manga corta y <b>cuello de pico<\/b> amplio y refrescante, bajo con aberturas laterales reforzadas con cinta interior para mayor durabilidad, dos bolsillos frontales tipo parche y uno en pecho izquierdo para resaltar el marcaje, todos con presillas de seguridad.<\/li>\n<li><b>Pantal\u00f3n<\/b> con cintura de goma el\u00e1stica entera y cord\u00f3n regulador para un mejor ajuste, dos bolsillos en las caderas y uno trasero derecho para tener todo accesible.<\/li>\n<li>M\u00e9todos id\u00f3neos de marcaje: serigraf\u00eda, transfer, vinilo, bordados, cosidos.<\/li>\n<li>Ideal para <b>uniformes sanitarios<\/b>, <b>uniformes de est\u00e9tica<\/b> y <b>ropa laboral<\/b>, se vende \u00fanicamente en conjunto, no por separado.<\/li>\n<\/ul><\/div>\n<\/div>\n<div class=\"product-pdf\">\n<p><a href=\"https:\/\/valento.es\/?service=ServeDocuments&amp;function=serve_datasheet&amp;article_ref=BPVAEIN\" target=\"_blank\" rel=\"noopener\">Descargar ficha t\u00e9cnica (PDF)<\/a><\/p>\n<\/div>","protected":false},"excerpt":{"rendered":"<p>Pijama sanitario ligero VALENTO EINDHOVEN de Valento. Disponible en la categor\u00eda Camisolas Petos Y Conjuntos Sanitarios. Env\u00edo r\u00e1pido 24\/48h.<\/p>","protected":false},"featured_media":305489,"comment_status":"open","ping_status":"closed","template":"","meta":{"_acf_changed":false},"product_brand":[11282],"product_cat":[13936],"product_tag":[],"class_list":{"0":"post-305488","1":"product","2":"type-product","3":"status-publish","4":"has-post-thumbnail","6":"product_brand-valento","7":"product_cat-rl-sanidad-y-estetica","8":"tm-no-options","10":"first","11":"instock","12":"taxable","13":"shipping-taxable","14":"product-type-variable"},"acf":[],"_links":{"self":[{"href":"https:\/\/grupotextil.es\/en\/wp-json\/wp\/v2\/product\/305488","targetHints":{"allow":["GET"]}}],"collection":[{"href":"https:\/\/grupotextil.es\/en\/wp-json\/wp\/v2\/product"}],"about":[{"href":"https:\/\/grupotextil.es\/en\/wp-json\/wp\/v2\/types\/product"}],"replies":[{"embeddable":true,"href":"https:\/\/grupotextil.es\/en\/wp-json\/wp\/v2\/comments?post=305488"}],"wp:featuredmedia":[{"embeddable":true,"href":"https:\/\/grupotextil.es\/en\/wp-json\/wp\/v2\/media\/305489"}],"wp:attachment":[{"href":"https:\/\/grupotextil.es\/en\/wp-json\/wp\/v2\/media?parent=305488"}],"wp:term":[{"taxonomy":"product_brand","embeddable":true,"href":"https:\/\/grupotextil.es\/en\/wp-json\/wp\/v2\/product_brand?post=305488"},{"taxonomy":"product_cat","embeddable":true,"href":"https:\/\/grupotextil.es\/en\/wp-json\/wp\/v2\/product_cat?post=305488"},{"taxonomy":"product_tag","embeddable":true,"href":"https:\/\/grupotextil.es\/en\/wp-json\/wp\/v2\/product_tag?post=305488"}],"curies":[{"name":"wp","href":"https:\/\/api.w.org\/{rel}","templated":true}]}}

<div class="product-description">
<div class="article_characteristics">
<ul style="margin-block-start: 0;" >
<li><b>Conjunto sanitario</b> formado por <b>blusón de trabajo</b> y <b>pantalón</b>.</li>
<li>Confeccionado en tejido plano y ligero mezcla algodón con poliéster resistente y duradero.</li>
<li>Blusón de manga corta y <b>cuello de pico</b> amplio y refrescante, bajo con aberturas laterales reforzadas con cinta interior para mayor durabilidad, dos bolsillos frontales tipo parche y uno en pecho izquierdo para resaltar el marcaje, todos con presillas de seguridad.</li>
<li><b>Pantalón</b> con cintura de goma elástica entera y cordón regulador para un mejor ajuste, dos bolsillos en las caderas y uno trasero derecho para tener todo accesible.</li>
<li>Métodos idóneos de marcaje: serigrafía, transfer, vinilo, bordados, cosidos.</li>
<li>Ideal para <b>uniformes sanitarios</b>, <b>uniformes de estética</b> y <b>ropa laboral</b>, se vende únicamente en conjunto, no por separado.</li>
</ul></div>
</div>
<div class="product-pdf">
<p><a href="https://valento.es/?service=ServeDocuments&amp;function=serve_datasheet&amp;article_ref=BPVAEIN" target="_blank" rel="noopener">Descargar ficha técnica (PDF)</a></p>
</div>

<p>Pijama sanitario ligero VALENTO EINDHOVEN de Valento. Disponible en la categoría Camisolas Petos Y Conjuntos Sanitarios. Envío rápido 24/48h.</p>
