{"id":307723,"date":"2026-03-06T01:33:35","date_gmt":"2026-03-06T01:33:35","guid":{"rendered":"https:\/\/grupotextil.es\/?post_type=product&#038;p=307723"},"modified":"2026-03-06T01:33:35","modified_gmt":"2026-03-06T01:33:35","slug":"parka-impermeable-bicolor-valento-thunder","status":"publish","type":"product","link":"https:\/\/grupotextil.es\/en\/product\/parka-impermeable-bicolor-valento-thunder\/","title":{"rendered":"Parka impermeable bicolor VALENTO THUNDER"},"content":{"rendered":"<div class=\"product-description\">\n<div class=\"article_characteristics\">\n<ul style=\"margin-block-start: 0;\" >\n<li><b>Parka<\/b> de <b>trabajo<\/b> <b>impermeable<\/b> <b>bicolor<\/b> y capucha escamoteable.<\/li>\n<li>Confeccionada en <b>tejido <b>impermeable<\/b><\/b> Canvas en el exterior, forro interior liso y relleno acolchado a rombos que aporta retenci\u00f3n t\u00e9rmica y confort, costuras termo-selladas para evitar filtraciones de agua y mantener el cuerpo seco ante la lluvia.<\/li>\n<li>Cuello alto con <b>polar interior<\/b> y cierre central de <b>cremallera entera<\/b> con tapeta y velcro para mayor calidez y confort, capucha con cord\u00f3n regulador y velcro para un mejor ajuste.<\/li>\n<li>Pu\u00f1os con goma el\u00e1stica ajustables mediante velcro, cintura recta con cord\u00f3n el\u00e1stico y freno para un mejor ajuste y mayor comodidad.<\/li>\n<li>Dos bolsillos oblicuos en cintura con <b>polar interior<\/b> para mayor retenci\u00f3n t\u00e9rmica, un bolsillo vertical en pecho izquierdo para resaltar el marcaje y un bolsillo interior, los cuatro con cremallera, para tener todo accesible.<\/li>\n<li>Incluye cremallera interior trasera para facilitar los diferentes tipos de marcaje: serigraf\u00eda, transfer, escudos, vinilo, bordados, cosidos.<\/li>\n<li>Ideal como <b>ropa laboral<\/b>, <b>uniformes de <b>trabajo<\/b><\/b> y para combinar con el resto de la <b>colecci\u00f3n THUNDER<\/b>: camiseta, pantal\u00f3n, sudadera, chalecos, polos, chaqueta softshell y forro polar.<\/li>\n<\/ul><\/div>\n<\/div>\n<div class=\"product-pdf\">\n<p><a href=\"https:\/\/valento.es\/?service=ServeDocuments&amp;function=serve_datasheet&amp;article_ref=PKVATHU\" target=\"_blank\" rel=\"noopener\">Descargar ficha t\u00e9cnica (PDF)<\/a><\/p>\n<\/div>","protected":false},"excerpt":{"rendered":"<p>Parka impermeable bicolor VALENTO THUNDER de Valento. Disponible en la categor\u00eda Cazadoras Y Parkas. Env\u00edo r\u00e1pido 24\/48h.<\/p>","protected":false},"featured_media":307724,"comment_status":"open","ping_status":"closed","template":"","meta":{"_acf_changed":false},"product_brand":[11282],"product_cat":[13981,13990,13974,13975,13973],"product_tag":[],"class_list":{"0":"post-307723","1":"product","2":"type-product","3":"status-publish","4":"has-post-thumbnail","6":"product_brand-valento","7":"product_cat-h-chaquetas-y-abrigos","8":"product_cat-m-chaquetas-y-abrigos","9":"product_cat-ropa-hombre","10":"product_cat-ropa-mujer","11":"product_cat-ropa","12":"tm-no-options","14":"first","15":"instock","16":"taxable","17":"shipping-taxable","18":"product-type-variable"},"acf":[],"_links":{"self":[{"href":"https:\/\/grupotextil.es\/en\/wp-json\/wp\/v2\/product\/307723","targetHints":{"allow":["GET"]}}],"collection":[{"href":"https:\/\/grupotextil.es\/en\/wp-json\/wp\/v2\/product"}],"about":[{"href":"https:\/\/grupotextil.es\/en\/wp-json\/wp\/v2\/types\/product"}],"replies":[{"embeddable":true,"href":"https:\/\/grupotextil.es\/en\/wp-json\/wp\/v2\/comments?post=307723"}],"wp:featuredmedia":[{"embeddable":true,"href":"https:\/\/grupotextil.es\/en\/wp-json\/wp\/v2\/media\/307724"}],"wp:attachment":[{"href":"https:\/\/grupotextil.es\/en\/wp-json\/wp\/v2\/media?parent=307723"}],"wp:term":[{"taxonomy":"product_brand","embeddable":true,"href":"https:\/\/grupotextil.es\/en\/wp-json\/wp\/v2\/product_brand?post=307723"},{"taxonomy":"product_cat","embeddable":true,"href":"https:\/\/grupotextil.es\/en\/wp-json\/wp\/v2\/product_cat?post=307723"},{"taxonomy":"product_tag","embeddable":true,"href":"https:\/\/grupotextil.es\/en\/wp-json\/wp\/v2\/product_tag?post=307723"}],"curies":[{"name":"wp","href":"https:\/\/api.w.org\/{rel}","templated":true}]}}

<div class="product-description">
<div class="article_characteristics">
<ul style="margin-block-start: 0;" >
<li><b>Parka</b> de <b>trabajo</b> <b>impermeable</b> <b>bicolor</b> y capucha escamoteable.</li>
<li>Confeccionada en <b>tejido <b>impermeable</b></b> Canvas en el exterior, forro interior liso y relleno acolchado a rombos que aporta retención térmica y confort, costuras termo-selladas para evitar filtraciones de agua y mantener el cuerpo seco ante la lluvia.</li>
<li>Cuello alto con <b>polar interior</b> y cierre central de <b>cremallera entera</b> con tapeta y velcro para mayor calidez y confort, capucha con cordón regulador y velcro para un mejor ajuste.</li>
<li>Puños con goma elástica ajustables mediante velcro, cintura recta con cordón elástico y freno para un mejor ajuste y mayor comodidad.</li>
<li>Dos bolsillos oblicuos en cintura con <b>polar interior</b> para mayor retención térmica, un bolsillo vertical en pecho izquierdo para resaltar el marcaje y un bolsillo interior, los cuatro con cremallera, para tener todo accesible.</li>
<li>Incluye cremallera interior trasera para facilitar los diferentes tipos de marcaje: serigrafía, transfer, escudos, vinilo, bordados, cosidos.</li>
<li>Ideal como <b>ropa laboral</b>, <b>uniformes de <b>trabajo</b></b> y para combinar con el resto de la <b>colección THUNDER</b>: camiseta, pantalón, sudadera, chalecos, polos, chaqueta softshell y forro polar.</li>
</ul></div>
</div>
<div class="product-pdf">
<p><a href="https://valento.es/?service=ServeDocuments&amp;function=serve_datasheet&amp;article_ref=PKVATHU" target="_blank" rel="noopener">Descargar ficha técnica (PDF)</a></p>
</div>

<p>Parka impermeable bicolor VALENTO THUNDER de Valento. Disponible en la categoría Cazadoras Y Parkas. Envío rápido 24/48h.</p>
