{"id":310463,"date":"2026-03-06T01:34:30","date_gmt":"2026-03-06T01:34:30","guid":{"rendered":"https:\/\/grupotextil.es\/?post_type=product&#038;p=310463"},"modified":"2026-03-06T01:34:30","modified_gmt":"2026-03-06T01:34:30","slug":"chaleco-termico-en-tejido-loft-valento-frank","status":"publish","type":"product","link":"https:\/\/grupotextil.es\/en\/product\/chaleco-termico-en-tejido-loft-valento-frank\/","title":{"rendered":"Chaleco t\u00e9rmico en tejido Loft VALENTO FRANK"},"content":{"rendered":"<div class=\"product-description\">\n<div class=\"article_characteristics\">\n<ul style=\"margin-block-start: 0;\" >\n<li><b>Chaleco acolchado<\/b> ligero con tres <b>bolsillos<\/b>.<\/li>\n<li>Confeccionado en tejido Loft acolchado con exterior plano hidr\u00f3fugo, forro interior liso y relleno acolchado que aporta retenci\u00f3n t\u00e9rmica mediante canales.<\/li>\n<li>Cuello alto con cierre de <b>cremallera entera<\/b> que incluye protector de barbilla para mayor confort.<\/li>\n<li>Dos <b>bolsillos<\/b> verticales en la cintura con cierre de cremallera y uno interior con cierre de velcro para tener todo accesible.<\/li>\n<li>Incluye cremallera interior trasera para facilitar los diferentes tipos de marcaje: serigraf\u00eda, transfer, vinilo, bordados, cosidos.<\/li>\n<li>Ideal como <b>ropa laboral<\/b>, <b>textil promocional<\/b> y <b>ropa casual<\/b>.<\/li>\n<\/ul><\/div>\n<\/div>\n<div class=\"product-pdf\">\n<p><a href=\"https:\/\/valento.es\/?service=ServeDocuments&amp;function=serve_datasheet&amp;article_ref=CHVAFRA\" target=\"_blank\" rel=\"noopener\">Descargar ficha t\u00e9cnica (PDF)<\/a><\/p>\n<\/div>","protected":false},"excerpt":{"rendered":"<p>Chaleco t\u00e9rmico en tejido Loft VALENTO FRANK de Valento. Disponible en la categor\u00eda Chalecos. Env\u00edo r\u00e1pido 24\/48h.<\/p>","protected":false},"featured_media":310464,"comment_status":"open","ping_status":"closed","template":"","meta":{"_acf_changed":false},"product_brand":[11282],"product_cat":[13982,13991,13974,13975,13973],"product_tag":[],"class_list":{"0":"post-310463","1":"product","2":"type-product","3":"status-publish","4":"has-post-thumbnail","6":"product_brand-valento","7":"product_cat-h-chalecos","8":"product_cat-m-chalecos","9":"product_cat-ropa-hombre","10":"product_cat-ropa-mujer","11":"product_cat-ropa","12":"tm-no-options","14":"first","15":"instock","16":"taxable","17":"shipping-taxable","18":"product-type-variable"},"acf":[],"_links":{"self":[{"href":"https:\/\/grupotextil.es\/en\/wp-json\/wp\/v2\/product\/310463","targetHints":{"allow":["GET"]}}],"collection":[{"href":"https:\/\/grupotextil.es\/en\/wp-json\/wp\/v2\/product"}],"about":[{"href":"https:\/\/grupotextil.es\/en\/wp-json\/wp\/v2\/types\/product"}],"replies":[{"embeddable":true,"href":"https:\/\/grupotextil.es\/en\/wp-json\/wp\/v2\/comments?post=310463"}],"wp:featuredmedia":[{"embeddable":true,"href":"https:\/\/grupotextil.es\/en\/wp-json\/wp\/v2\/media\/310464"}],"wp:attachment":[{"href":"https:\/\/grupotextil.es\/en\/wp-json\/wp\/v2\/media?parent=310463"}],"wp:term":[{"taxonomy":"product_brand","embeddable":true,"href":"https:\/\/grupotextil.es\/en\/wp-json\/wp\/v2\/product_brand?post=310463"},{"taxonomy":"product_cat","embeddable":true,"href":"https:\/\/grupotextil.es\/en\/wp-json\/wp\/v2\/product_cat?post=310463"},{"taxonomy":"product_tag","embeddable":true,"href":"https:\/\/grupotextil.es\/en\/wp-json\/wp\/v2\/product_tag?post=310463"}],"curies":[{"name":"wp","href":"https:\/\/api.w.org\/{rel}","templated":true}]}}

Chaleco térmico en tejido Loft VALENTO FRANK

<div class="product-description">
<div class="article_characteristics">
<ul style="margin-block-start: 0;" >
<li><b>Chaleco acolchado</b> ligero con tres <b>bolsillos</b>.</li>
<li>Confeccionado en tejido Loft acolchado con exterior plano hidrófugo, forro interior liso y relleno acolchado que aporta retención térmica mediante canales.</li>
<li>Cuello alto con cierre de <b>cremallera entera</b> que incluye protector de barbilla para mayor confort.</li>
<li>Dos <b>bolsillos</b> verticales en la cintura con cierre de cremallera y uno interior con cierre de velcro para tener todo accesible.</li>
<li>Incluye cremallera interior trasera para facilitar los diferentes tipos de marcaje: serigrafía, transfer, vinilo, bordados, cosidos.</li>
<li>Ideal como <b>ropa laboral</b>, <b>textil promocional</b> y <b>ropa casual</b>.</li>
</ul></div>
</div>
<div class="product-pdf">
<p><a href="https://valento.es/?service=ServeDocuments&amp;function=serve_datasheet&amp;article_ref=CHVAFRA" target="_blank" rel="noopener">Descargar ficha técnica (PDF)</a></p>
</div>

<p>Chaleco térmico en tejido Loft VALENTO FRANK de Valento. Disponible en la categoría Chalecos. Envío rápido 24/48h.</p>
