{"id":310954,"date":"2026-03-06T01:34:35","date_gmt":"2026-03-06T01:34:35","guid":{"rendered":"https:\/\/grupotextil.es\/?post_type=product&#038;p=310954"},"modified":"2026-03-06T01:34:35","modified_gmt":"2026-03-06T01:34:35","slug":"chaleco-de-trabajo-multibolsillos-valento-printer","status":"publish","type":"product","link":"https:\/\/grupotextil.es\/en\/product\/chaleco-de-trabajo-multibolsillos-valento-printer\/","title":{"rendered":"Chaleco de trabajo multibolsillos VALENTO PRINTER"},"content":{"rendered":"<div class=\"product-description\">\n<div class=\"article_characteristics\">\n<ul style=\"margin-block-start: 0;\" >\n<li><b>Chaleco de trabajo<\/b> <b>multibolsillos<\/b> acolchado.<\/li>\n<li>Confeccionado con tejido exterior de <b>microfibra<\/b>, forro interior liso y relleno acolchado que aporta retenci\u00f3n t\u00e9rmica.<\/li>\n<li>Cuello alto y cierre frontal de <b>cremallera entera<\/b> con tapeta y velcro, que aporta calidez y confort.<\/li>\n<li>Espalda m\u00e1s larga con fald\u00f3n y amplia superficie para marcaje.<\/li>\n<li>Cuatro bolsillos exteriores con tapeta y velcro, dos laterales y uno interior con velcro para tener todo accesible, incluye dos departamentos para bol\u00edgrafos o rotuladores.<\/li>\n<li>M\u00e9todos id\u00f3neos de marcaje: serigraf\u00eda, transfer, vinilo, bordados, cosidos.<\/li>\n<li>Ideal como <b>ropa laboral<\/b> para diversos tipos de industria por su comodidad y funcionalidad.<\/li>\n<\/ul><\/div>\n<\/div>\n<div class=\"product-pdf\">\n<p><a href=\"https:\/\/valento.es\/?service=ServeDocuments&amp;function=serve_datasheet&amp;article_ref=CHVAPRI\" target=\"_blank\" rel=\"noopener\">Descargar ficha t\u00e9cnica (PDF)<\/a><\/p>\n<\/div>","protected":false},"excerpt":{"rendered":"<p>Chaleco de trabajo multibolsillos VALENTO PRINTER de Valento. Disponible en la categor\u00eda Chalecos. Env\u00edo r\u00e1pido 24\/48h.<\/p>","protected":false},"featured_media":310955,"comment_status":"open","ping_status":"closed","template":"","meta":{"_acf_changed":false},"product_brand":[11282],"product_cat":[13982,13991,13974,13975,13973],"product_tag":[],"class_list":{"0":"post-310954","1":"product","2":"type-product","3":"status-publish","4":"has-post-thumbnail","6":"product_brand-valento","7":"product_cat-h-chalecos","8":"product_cat-m-chalecos","9":"product_cat-ropa-hombre","10":"product_cat-ropa-mujer","11":"product_cat-ropa","12":"tm-no-options","14":"first","15":"instock","16":"taxable","17":"shipping-taxable","18":"product-type-variable"},"acf":[],"_links":{"self":[{"href":"https:\/\/grupotextil.es\/en\/wp-json\/wp\/v2\/product\/310954","targetHints":{"allow":["GET"]}}],"collection":[{"href":"https:\/\/grupotextil.es\/en\/wp-json\/wp\/v2\/product"}],"about":[{"href":"https:\/\/grupotextil.es\/en\/wp-json\/wp\/v2\/types\/product"}],"replies":[{"embeddable":true,"href":"https:\/\/grupotextil.es\/en\/wp-json\/wp\/v2\/comments?post=310954"}],"wp:featuredmedia":[{"embeddable":true,"href":"https:\/\/grupotextil.es\/en\/wp-json\/wp\/v2\/media\/310955"}],"wp:attachment":[{"href":"https:\/\/grupotextil.es\/en\/wp-json\/wp\/v2\/media?parent=310954"}],"wp:term":[{"taxonomy":"product_brand","embeddable":true,"href":"https:\/\/grupotextil.es\/en\/wp-json\/wp\/v2\/product_brand?post=310954"},{"taxonomy":"product_cat","embeddable":true,"href":"https:\/\/grupotextil.es\/en\/wp-json\/wp\/v2\/product_cat?post=310954"},{"taxonomy":"product_tag","embeddable":true,"href":"https:\/\/grupotextil.es\/en\/wp-json\/wp\/v2\/product_tag?post=310954"}],"curies":[{"name":"wp","href":"https:\/\/api.w.org\/{rel}","templated":true}]}}

<div class="product-description">
<div class="article_characteristics">
<ul style="margin-block-start: 0;" >
<li><b>Chaleco de trabajo</b> <b>multibolsillos</b> acolchado.</li>
<li>Confeccionado con tejido exterior de <b>microfibra</b>, forro interior liso y relleno acolchado que aporta retención térmica.</li>
<li>Cuello alto y cierre frontal de <b>cremallera entera</b> con tapeta y velcro, que aporta calidez y confort.</li>
<li>Espalda más larga con faldón y amplia superficie para marcaje.</li>
<li>Cuatro bolsillos exteriores con tapeta y velcro, dos laterales y uno interior con velcro para tener todo accesible, incluye dos departamentos para bolígrafos o rotuladores.</li>
<li>Métodos idóneos de marcaje: serigrafía, transfer, vinilo, bordados, cosidos.</li>
<li>Ideal como <b>ropa laboral</b> para diversos tipos de industria por su comodidad y funcionalidad.</li>
</ul></div>
</div>
<div class="product-pdf">
<p><a href="https://valento.es/?service=ServeDocuments&amp;function=serve_datasheet&amp;article_ref=CHVAPRI" target="_blank" rel="noopener">Descargar ficha técnica (PDF)</a></p>
</div>

<p>Chaleco de trabajo multibolsillos VALENTO PRINTER de Valento. Disponible en la categoría Chalecos. Envío rápido 24/48h.</p>
