{"id":311861,"date":"2026-03-06T01:34:51","date_gmt":"2026-03-06T01:34:51","guid":{"rendered":"https:\/\/grupotextil.es\/?post_type=product&#038;p=311861"},"modified":"2026-03-06T01:34:51","modified_gmt":"2026-03-06T01:34:51","slug":"chaleco-con-polar-interior-valento-marwari","status":"publish","type":"product","link":"https:\/\/grupotextil.es\/en\/product\/chaleco-con-polar-interior-valento-marwari\/","title":{"rendered":"Chaleco con polar interior VALENTO MARWARI"},"content":{"rendered":"<div class=\"product-description\">\n<div class=\"article_characteristics\">\n<ul style=\"margin-block-start: 0;\" >\n<li><b>Chaleco<\/b> con <b>polar interior<\/b> y dos <b>bolsillos<\/b>.<\/li>\n<li>Confeccionado con doble tejido: cara exterior, tejido plano hidro-repelente, en la cara interior, tejido micro-polar <b>anti-pilling<\/b> que aporta alta retenci\u00f3n t\u00e9rmica.<\/li>\n<li>Cuello alto de doble capa y cierre de <b>cremallera entera<\/b> para mayor calidez y confort.<\/li>\n<li>Costuras reforzadas cuello, hombros, sisas y bajo que aumentan su resistencia.<\/li>\n<li>Dos <b>bolsillos<\/b> oblicuos en la cintura, con cierre de cremallera con tapeta, para tener todo accesible.<\/li>\n<li>Incluye cremallera interior trasera para facilitar los diferentes tipos de marcaje: serigraf\u00eda, bordados, cosidos.<\/li>\n<li>Ideal como <b>ropa laboral<\/b>, <b>textil promocional<\/b> y actividades f\u00edsicas o tareas en ambientes fr\u00edos.<\/li>\n<\/ul><\/div>\n<\/div>\n<div class=\"product-pdf\">\n<p><a href=\"https:\/\/valento.es\/?service=ServeDocuments&amp;function=serve_datasheet&amp;article_ref=CHVAMAR\" target=\"_blank\" rel=\"noopener\">Descargar ficha t\u00e9cnica (PDF)<\/a><\/p>\n<\/div>","protected":false},"excerpt":{"rendered":"<p>Chaleco con polar interior VALENTO MARWARI de Valento. Disponible en la categor\u00eda Chalecos. Env\u00edo r\u00e1pido 24\/48h.<\/p>","protected":false},"featured_media":311862,"comment_status":"open","ping_status":"closed","template":"","meta":{"_acf_changed":false},"product_brand":[11282],"product_cat":[13982,13991,13974,13975,13973],"product_tag":[],"class_list":{"0":"post-311861","1":"product","2":"type-product","3":"status-publish","4":"has-post-thumbnail","6":"product_brand-valento","7":"product_cat-h-chalecos","8":"product_cat-m-chalecos","9":"product_cat-ropa-hombre","10":"product_cat-ropa-mujer","11":"product_cat-ropa","12":"tm-no-options","14":"first","15":"instock","16":"taxable","17":"shipping-taxable","18":"product-type-variable"},"acf":[],"_links":{"self":[{"href":"https:\/\/grupotextil.es\/en\/wp-json\/wp\/v2\/product\/311861","targetHints":{"allow":["GET"]}}],"collection":[{"href":"https:\/\/grupotextil.es\/en\/wp-json\/wp\/v2\/product"}],"about":[{"href":"https:\/\/grupotextil.es\/en\/wp-json\/wp\/v2\/types\/product"}],"replies":[{"embeddable":true,"href":"https:\/\/grupotextil.es\/en\/wp-json\/wp\/v2\/comments?post=311861"}],"wp:featuredmedia":[{"embeddable":true,"href":"https:\/\/grupotextil.es\/en\/wp-json\/wp\/v2\/media\/311862"}],"wp:attachment":[{"href":"https:\/\/grupotextil.es\/en\/wp-json\/wp\/v2\/media?parent=311861"}],"wp:term":[{"taxonomy":"product_brand","embeddable":true,"href":"https:\/\/grupotextil.es\/en\/wp-json\/wp\/v2\/product_brand?post=311861"},{"taxonomy":"product_cat","embeddable":true,"href":"https:\/\/grupotextil.es\/en\/wp-json\/wp\/v2\/product_cat?post=311861"},{"taxonomy":"product_tag","embeddable":true,"href":"https:\/\/grupotextil.es\/en\/wp-json\/wp\/v2\/product_tag?post=311861"}],"curies":[{"name":"wp","href":"https:\/\/api.w.org\/{rel}","templated":true}]}}

<div class="product-description">
<div class="article_characteristics">
<ul style="margin-block-start: 0;" >
<li><b>Chaleco</b> con <b>polar interior</b> y dos <b>bolsillos</b>.</li>
<li>Confeccionado con doble tejido: cara exterior, tejido plano hidro-repelente, en la cara interior, tejido micro-polar <b>anti-pilling</b> que aporta alta retención térmica.</li>
<li>Cuello alto de doble capa y cierre de <b>cremallera entera</b> para mayor calidez y confort.</li>
<li>Costuras reforzadas cuello, hombros, sisas y bajo que aumentan su resistencia.</li>
<li>Dos <b>bolsillos</b> oblicuos en la cintura, con cierre de cremallera con tapeta, para tener todo accesible.</li>
<li>Incluye cremallera interior trasera para facilitar los diferentes tipos de marcaje: serigrafía, bordados, cosidos.</li>
<li>Ideal como <b>ropa laboral</b>, <b>textil promocional</b> y actividades físicas o tareas en ambientes fríos.</li>
</ul></div>
</div>
<div class="product-pdf">
<p><a href="https://valento.es/?service=ServeDocuments&amp;function=serve_datasheet&amp;article_ref=CHVAMAR" target="_blank" rel="noopener">Descargar ficha técnica (PDF)</a></p>
</div>

<p>Chaleco con polar interior VALENTO MARWARI de Valento. Disponible en la categoría Chalecos. Envío rápido 24/48h.</p>
